{"id":2848,"date":"2019-04-18T13:18:57","date_gmt":"2019-04-18T13:18:57","guid":{"rendered":"http:\/\/veda.polac.cz\/?page_id=2848"},"modified":"2019-04-18T13:28:06","modified_gmt":"2019-04-18T13:28:06","slug":"12-2","status":"publish","type":"page","link":"https:\/\/veda.polac.cz\/?page_id=2848","title":{"rendered":""},"content":{"rendered":"<p style=\"text-align: center;\">Resum\u00e9 \u010dl\u00e1nku<\/p>\n<p style=\"font-weight: 400;\"><strong>\u010ceskoslovensk\u00e1 leteck\u00e1 legislativa v obdob\u00ed mezi sv\u011btov\u00fdmi v\u00e1lkami<br \/>\n<\/strong><em>JUDr. Michal Dlouh\u00fd<\/em><\/p>\n<p style=\"font-weight: 400;\">V\u00a0sou\u010dasn\u00e9 dob\u011b, kter\u00e1 je, mimo jin\u00e9, charakterizov\u00e1na hrozbou leteck\u00e9ho terorizmu, nen\u00ed bez zaj\u00edmavosti poohl\u00e9dnout se do pr\u00e1vn\u00ed historie na to, jak samostatn\u00fd \u010deskoslovensk\u00fd st\u00e1t \u0159e\u0161il \u00fapravu civiln\u00edho letectv\u00ed. Autor se v\u00a0\u010dl\u00e1nku zab\u00fdv\u00e1 jednotliv\u00fdmi pr\u00e1vn\u00edmi p\u0159edpisy vztahuj\u00edc\u00edmi se k letectv\u00ed ve sledovan\u00e9m obdob\u00ed. P\u0159ibli\u017euje t\u00edm i postup sjednocov\u00e1n\u00ed pr\u00e1vn\u00ed \u00fapravy letectv\u00ed na mezin\u00e1rodn\u00ed \u00farovni a jej\u00ed prom\u00edt\u00e1n\u00ed do vnitrost\u00e1tn\u00edho pr\u00e1vn\u00edho \u0159\u00e1du \u010deskoslovensk\u00e9 republiky.<\/p>\n<p style=\"font-weight: 400;\">Kl\u00ed\u010dov\u00e1 slova: legislativa, historie, letectv\u00ed.<\/p>\n<hr \/>\n<p><a href=\"https:\/\/veda.polac.cz\/?page_id=1662\">Zp\u011bt<\/a><\/p>\n","protected":false},"excerpt":{"rendered":"<p>Resum\u00e9 \u010dl\u00e1nku \u010ceskoslovensk\u00e1 leteck\u00e1 legislativa v obdob\u00ed mezi sv\u011btov\u00fdmi v\u00e1lkami JUDr. Michal Dlouh\u00fd V\u00a0sou\u010dasn\u00e9 dob\u011b, kter\u00e1 je, mimo jin\u00e9, charakterizov\u00e1na hrozbou leteck\u00e9ho terorizmu, nen\u00ed bez zaj\u00edmavosti poohl\u00e9dnout se do pr\u00e1vn\u00ed historie na to, jak samostatn\u00fd \u010deskoslovensk\u00fd st\u00e1t \u0159e\u0161il \u00fapravu civiln\u00edho letectv\u00ed. Autor se v\u00a0\u010dl\u00e1nku zab\u00fdv\u00e1 jednotliv\u00fdmi pr\u00e1vn\u00edmi p\u0159edpisy vztahuj\u00edc\u00edmi se k letectv\u00ed ve sledovan\u00e9m obdob\u00ed. [&hellip;]<\/p>\n","protected":false},"author":2,"featured_media":0,"parent":1662,"menu_order":0,"comment_status":"closed","ping_status":"closed","template":"","meta":{"footnotes":""},"class_list":["post-2848","page","type-page","status-publish","hentry"],"_links":{"self":[{"href":"https:\/\/veda.polac.cz\/index.php?rest_route=\/wp\/v2\/pages\/2848","targetHints":{"allow":["GET"]}}],"collection":[{"href":"https:\/\/veda.polac.cz\/index.php?rest_route=\/wp\/v2\/pages"}],"about":[{"href":"https:\/\/veda.polac.cz\/index.php?rest_route=\/wp\/v2\/types\/page"}],"author":[{"embeddable":true,"href":"https:\/\/veda.polac.cz\/index.php?rest_route=\/wp\/v2\/users\/2"}],"replies":[{"embeddable":true,"href":"https:\/\/veda.polac.cz\/index.php?rest_route=%2Fwp%2Fv2%2Fcomments&post=2848"}],"version-history":[{"count":2,"href":"https:\/\/veda.polac.cz\/index.php?rest_route=\/wp\/v2\/pages\/2848\/revisions"}],"predecessor-version":[{"id":2866,"href":"https:\/\/veda.polac.cz\/index.php?rest_route=\/wp\/v2\/pages\/2848\/revisions\/2866"}],"up":[{"embeddable":true,"href":"https:\/\/veda.polac.cz\/index.php?rest_route=\/wp\/v2\/pages\/1662"}],"wp:attachment":[{"href":"https:\/\/veda.polac.cz\/index.php?rest_route=%2Fwp%2Fv2%2Fmedia&parent=2848"}],"curies":[{"name":"wp","href":"https:\/\/api.w.org\/{rel}","templated":true}]}}