{"id":2846,"date":"2019-04-18T13:17:56","date_gmt":"2019-04-18T13:17:56","guid":{"rendered":"http:\/\/veda.polac.cz\/?page_id=2846"},"modified":"2019-04-18T13:28:04","modified_gmt":"2019-04-18T13:28:04","slug":"11-2","status":"publish","type":"page","link":"https:\/\/veda.polac.cz\/?page_id=2846","title":{"rendered":""},"content":{"rendered":"<p style=\"text-align: center;\">Resum\u00e9 \u010dl\u00e1nku<\/p>\n<p style=\"font-weight: 400;\"><strong>Dobrovolnick\u00e1 slu\u017eba a mo\u017enosti jej\u00edho vyu\u017eit\u00ed p\u0159i zaji\u0161\u0165ov\u00e1n\u00ed vnit\u0159n\u00ed bezpe\u010dnosti<br \/>\n<\/strong><em>pplk. JUDr. Martin Bohman<\/em><\/p>\n<p style=\"font-weight: 400;\">Autor se ve stati zam\u00fd\u0161l\u00ed nad problematikou zm\u011bn\u00a0konceptu vnit\u0159n\u00ed bezpe\u010dnosti, jejich\u017e d\u016fsledkem je nezbytn\u00e1 reforma policejn\u00edch a bezpe\u010dnostn\u00edch org\u00e1n\u016f st\u00e1tu a zapojen\u00ed dal\u0161\u00edch nest\u00e1tn\u00edch \u010di priv\u00e1tn\u00edch subjekt\u016f do tohoto procesu. Tyto projevy jsou v\u00a0\u010cesk\u00e9 republice reflektov\u00e1ny v\u00a0podob\u011b odborn\u00fdch diskus\u00ed ohledn\u011b p\u0159ipravovan\u00e9ho z\u00e1kona \u201eo vnit\u0159n\u00ed bezpe\u010dnosti\u201c. Zvl\u00e1\u0161tn\u00ed pozornost je pak ve stati v\u011bnov\u00e1na institutu dobrovolnick\u00e9 slu\u017eby, zejm\u00e9na pak nad mo\u017enostmi vyu\u017eit\u00ed dobrovolnick\u00fdch organizac\u00ed jako preventivn\u011b bezpe\u010dnostn\u00edch \u010dinitel\u016f. Jsou zde nazna\u010deny hlavn\u00ed atributy takov\u00fdchto organizac\u00ed (dobrovolnost, odbornost a\u00a0profe-sionalita, spole\u010densk\u00fd, resp. ve\u0159ejn\u00fd z\u00e1jem) a z\u00a0toho vypl\u00fdvaj\u00edc\u00ed funkce (rozvoj bezpe\u010dnostn\u00edho v\u011bdom\u00ed, mo\u017enost bezprost\u0159edn\u00edho zapojen\u00ed ob\u010dan\u016f do problematiky lok\u00e1ln\u00ed bezpe\u010dnosti, informa\u010dn\u00ed tok). D\u00e1le autor popisuje aktu\u00e1ln\u00ed legislativn\u00ed r\u00e1mec dobrovolnick\u00e9 \u010dinnosti v\u00a0\u010cesk\u00e9 republice a nazna\u010duje jeho nedostatky a mo\u017enosti zm\u011bn a optimalizace. Z\u00e1v\u011bre\u010dn\u00e1 \u010d\u00e1st je v\u011bnov\u00e1na program\u016fm a organizac\u00edm dobrovoln\u00edk\u016f v\u00a0zahrani\u010d\u00ed (v USA, Velk\u00e9 Brit\u00e1nii a Izraeli).<\/p>\n<p style=\"font-weight: 400;\">Kl\u00ed\u010dov\u00e1 slova: dobrovoln\u00edci, dobrovolnick\u00e1 slu\u017eba, vnit\u0159n\u00ed bezpe\u010dnost, nevl\u00e1dn\u00ed organizace, ob\u010dansk\u00e9 hl\u00eddky.<\/p>\n<hr \/>\n<p><a href=\"https:\/\/veda.polac.cz\/?page_id=1662\">Zp\u011bt<\/a><\/p>\n","protected":false},"excerpt":{"rendered":"<p>Resum\u00e9 \u010dl\u00e1nku Dobrovolnick\u00e1 slu\u017eba a mo\u017enosti jej\u00edho vyu\u017eit\u00ed p\u0159i zaji\u0161\u0165ov\u00e1n\u00ed vnit\u0159n\u00ed bezpe\u010dnosti pplk. JUDr. Martin Bohman Autor se ve stati zam\u00fd\u0161l\u00ed nad problematikou zm\u011bn\u00a0konceptu vnit\u0159n\u00ed bezpe\u010dnosti, jejich\u017e d\u016fsledkem je nezbytn\u00e1 reforma policejn\u00edch a bezpe\u010dnostn\u00edch org\u00e1n\u016f st\u00e1tu a zapojen\u00ed dal\u0161\u00edch nest\u00e1tn\u00edch \u010di priv\u00e1tn\u00edch subjekt\u016f do tohoto procesu. Tyto projevy jsou v\u00a0\u010cesk\u00e9 republice reflektov\u00e1ny v\u00a0podob\u011b odborn\u00fdch diskus\u00ed [&hellip;]<\/p>\n","protected":false},"author":2,"featured_media":0,"parent":1662,"menu_order":0,"comment_status":"closed","ping_status":"closed","template":"","meta":{"footnotes":""},"class_list":["post-2846","page","type-page","status-publish","hentry"],"_links":{"self":[{"href":"https:\/\/veda.polac.cz\/index.php?rest_route=\/wp\/v2\/pages\/2846","targetHints":{"allow":["GET"]}}],"collection":[{"href":"https:\/\/veda.polac.cz\/index.php?rest_route=\/wp\/v2\/pages"}],"about":[{"href":"https:\/\/veda.polac.cz\/index.php?rest_route=\/wp\/v2\/types\/page"}],"author":[{"embeddable":true,"href":"https:\/\/veda.polac.cz\/index.php?rest_route=\/wp\/v2\/users\/2"}],"replies":[{"embeddable":true,"href":"https:\/\/veda.polac.cz\/index.php?rest_route=%2Fwp%2Fv2%2Fcomments&post=2846"}],"version-history":[{"count":2,"href":"https:\/\/veda.polac.cz\/index.php?rest_route=\/wp\/v2\/pages\/2846\/revisions"}],"predecessor-version":[{"id":2865,"href":"https:\/\/veda.polac.cz\/index.php?rest_route=\/wp\/v2\/pages\/2846\/revisions\/2865"}],"up":[{"embeddable":true,"href":"https:\/\/veda.polac.cz\/index.php?rest_route=\/wp\/v2\/pages\/1662"}],"wp:attachment":[{"href":"https:\/\/veda.polac.cz\/index.php?rest_route=%2Fwp%2Fv2%2Fmedia&parent=2846"}],"curies":[{"name":"wp","href":"https:\/\/api.w.org\/{rel}","templated":true}]}}