{"id":2820,"date":"2019-04-18T13:03:14","date_gmt":"2019-04-18T13:03:14","guid":{"rendered":"http:\/\/veda.polac.cz\/?page_id=2820"},"modified":"2019-04-18T13:27:58","modified_gmt":"2019-04-18T13:27:58","slug":"1-2","status":"publish","type":"page","link":"https:\/\/veda.polac.cz\/?page_id=2820","title":{"rendered":""},"content":{"rendered":"<p style=\"text-align: center;\">Resum\u00e9 \u010dl\u00e1nku<\/p>\n<p style=\"font-weight: 400;\"><strong>St\u00e1tn\u00ed slu\u017eba -\u2013 historie a sou\u010dasnost<br \/>\n<\/strong><em>plk. JUDr. Mgr. Jan Br\u00e1zda, Ph.D.<\/em><\/p>\n<p style=\"font-weight: 400;\">St\u00e1tn\u00ed slu\u017eba je institutem, kter\u00fd proch\u00e1z\u00ed permanentn\u00edm v\u00fdvojem. Sou\u010dasn\u00fd stav je v\u00fdsledkem historick\u00e9ho v\u00fdvoje s\u00a0aplikac\u00ed na sou\u010dasn\u00e9 podm\u00ednky v\u00fdkonu st\u00e1tn\u00ed spr\u00e1vy v\u00a0\u010cR. P\u0159i tvorb\u011b nov\u00e9ho legislativn\u00edho r\u00e1mce z\u00e1kona o st\u00e1tn\u00ed slu\u017eb\u011b se vych\u00e1zelo z\u00a0historick\u00fdch podm\u00ednek. \u010cl\u00e1nek p\u0159ibli\u017euje stru\u010dn\u011b historick\u00fd v\u00fdvoj legislativy v\u00a0oblast\u00ed st\u00e1tn\u00ed slu\u017eby po\u010d\u00ednaje rokem 1918.<\/p>\n<p style=\"font-weight: 400;\">Kl\u00ed\u010dov\u00e1 slova: st\u00e1tn\u00ed slu\u017eba, historie, v\u00fdvoj, pr\u00e1vn\u00ed \u00faprava.<\/p>\n<hr \/>\n<p><a href=\"https:\/\/veda.polac.cz\/?page_id=1662\">Zp\u011bt<\/a><\/p>\n","protected":false},"excerpt":{"rendered":"<p>Resum\u00e9 \u010dl\u00e1nku St\u00e1tn\u00ed slu\u017eba -\u2013 historie a sou\u010dasnost plk. JUDr. Mgr. Jan Br\u00e1zda, Ph.D. St\u00e1tn\u00ed slu\u017eba je institutem, kter\u00fd proch\u00e1z\u00ed permanentn\u00edm v\u00fdvojem. Sou\u010dasn\u00fd stav je v\u00fdsledkem historick\u00e9ho v\u00fdvoje s\u00a0aplikac\u00ed na sou\u010dasn\u00e9 podm\u00ednky v\u00fdkonu st\u00e1tn\u00ed spr\u00e1vy v\u00a0\u010cR. P\u0159i tvorb\u011b nov\u00e9ho legislativn\u00edho r\u00e1mce z\u00e1kona o st\u00e1tn\u00ed slu\u017eb\u011b se vych\u00e1zelo z\u00a0historick\u00fdch podm\u00ednek. \u010cl\u00e1nek p\u0159ibli\u017euje stru\u010dn\u011b historick\u00fd v\u00fdvoj legislativy [&hellip;]<\/p>\n","protected":false},"author":2,"featured_media":0,"parent":1662,"menu_order":0,"comment_status":"closed","ping_status":"closed","template":"","meta":{"footnotes":""},"class_list":["post-2820","page","type-page","status-publish","hentry"],"_links":{"self":[{"href":"https:\/\/veda.polac.cz\/index.php?rest_route=\/wp\/v2\/pages\/2820","targetHints":{"allow":["GET"]}}],"collection":[{"href":"https:\/\/veda.polac.cz\/index.php?rest_route=\/wp\/v2\/pages"}],"about":[{"href":"https:\/\/veda.polac.cz\/index.php?rest_route=\/wp\/v2\/types\/page"}],"author":[{"embeddable":true,"href":"https:\/\/veda.polac.cz\/index.php?rest_route=\/wp\/v2\/users\/2"}],"replies":[{"embeddable":true,"href":"https:\/\/veda.polac.cz\/index.php?rest_route=%2Fwp%2Fv2%2Fcomments&post=2820"}],"version-history":[{"count":2,"href":"https:\/\/veda.polac.cz\/index.php?rest_route=\/wp\/v2\/pages\/2820\/revisions"}],"predecessor-version":[{"id":2863,"href":"https:\/\/veda.polac.cz\/index.php?rest_route=\/wp\/v2\/pages\/2820\/revisions\/2863"}],"up":[{"embeddable":true,"href":"https:\/\/veda.polac.cz\/index.php?rest_route=\/wp\/v2\/pages\/1662"}],"wp:attachment":[{"href":"https:\/\/veda.polac.cz\/index.php?rest_route=%2Fwp%2Fv2%2Fmedia&parent=2820"}],"curies":[{"name":"wp","href":"https:\/\/api.w.org\/{rel}","templated":true}]}}