{"id":2782,"date":"2019-04-18T12:44:46","date_gmt":"2019-04-18T12:44:46","guid":{"rendered":"http:\/\/veda.polac.cz\/?page_id=2782"},"modified":"2019-04-18T12:56:26","modified_gmt":"2019-04-18T12:56:26","slug":"14-2","status":"publish","type":"page","link":"https:\/\/veda.polac.cz\/?page_id=2782","title":{"rendered":""},"content":{"rendered":"<p style=\"text-align: center;\">Resum\u00e9 \u010dl\u00e1nku<\/p>\n<p><b>Z\u00a0historie vy\u0161et\u0159ov\u00e1n\u00ed dopravn\u00edch nehod<\/b><b><br \/>\n<\/b><i>plk. JUDr. Mgr. Jan Br\u00e1zda Ph.D.<br \/>\n<\/i><\/p>\n<p>Doprava a z\u00a0n\u00ed vypl\u00fdvaj\u00edc\u00ed dopravn\u00ed nehody je jedno nejdiskutovan\u011bj\u0161\u00edch t\u00e9mat spole\u010dnosti, nebo\u0165 n\u00e1sledky t\u011bchto nehod jsou st\u00e1le hroziv\u011bj\u0161\u00ed. Slo\u017eit\u00e9 je i jejich vy\u0161et\u0159ov\u00e1n\u00ed, kter\u00e9 velmi zat\u011b\u017euje policii a ministerstvo vnitra st\u00e1le hled\u00e1 nejlep\u0161\u00ed model, jak odleh\u010dit dopravn\u00ed slu\u017eb\u011b a zajistit \u0159\u00e1dn\u00e9 vy\u0161et\u0159en\u00ed dopravn\u00edch nehod. Autor ve sv\u00e9m \u010dl\u00e1nku nab\u00edz\u00ed retrospektivu vy\u0161et\u0159ov\u00e1n\u00ed dopravn\u00edch nehod \u010detnictvem ve t\u0159ic\u00e1t\u00fdch l\u00e9tech minul\u00e9ho stolet\u00ed.<br \/>\nKl\u00ed\u010dov\u00e1 slova: dopravn\u00ed nehoda, vy\u0161et\u0159ov\u00e1n\u00ed, \u010detnictvo.<\/p>\n<hr \/>\n<p><a href=\"https:\/\/veda.polac.cz\/?page_id=1657\">Zp\u011bt<\/a><\/p>\n","protected":false},"excerpt":{"rendered":"<p>Resum\u00e9 \u010dl\u00e1nku Z\u00a0historie vy\u0161et\u0159ov\u00e1n\u00ed dopravn\u00edch nehod plk. JUDr. Mgr. Jan Br\u00e1zda Ph.D. Doprava a z\u00a0n\u00ed vypl\u00fdvaj\u00edc\u00ed dopravn\u00ed nehody je jedno nejdiskutovan\u011bj\u0161\u00edch t\u00e9mat spole\u010dnosti, nebo\u0165 n\u00e1sledky t\u011bchto nehod jsou st\u00e1le hroziv\u011bj\u0161\u00ed. Slo\u017eit\u00e9 je i jejich vy\u0161et\u0159ov\u00e1n\u00ed, kter\u00e9 velmi zat\u011b\u017euje policii a ministerstvo vnitra st\u00e1le hled\u00e1 nejlep\u0161\u00ed model, jak odleh\u010dit dopravn\u00ed slu\u017eb\u011b a zajistit \u0159\u00e1dn\u00e9 vy\u0161et\u0159en\u00ed dopravn\u00edch [&hellip;]<\/p>\n","protected":false},"author":2,"featured_media":0,"parent":1657,"menu_order":0,"comment_status":"closed","ping_status":"closed","template":"","meta":{"footnotes":""},"class_list":["post-2782","page","type-page","status-publish","hentry"],"_links":{"self":[{"href":"https:\/\/veda.polac.cz\/index.php?rest_route=\/wp\/v2\/pages\/2782","targetHints":{"allow":["GET"]}}],"collection":[{"href":"https:\/\/veda.polac.cz\/index.php?rest_route=\/wp\/v2\/pages"}],"about":[{"href":"https:\/\/veda.polac.cz\/index.php?rest_route=\/wp\/v2\/types\/page"}],"author":[{"embeddable":true,"href":"https:\/\/veda.polac.cz\/index.php?rest_route=\/wp\/v2\/users\/2"}],"replies":[{"embeddable":true,"href":"https:\/\/veda.polac.cz\/index.php?rest_route=%2Fwp%2Fv2%2Fcomments&post=2782"}],"version-history":[{"count":2,"href":"https:\/\/veda.polac.cz\/index.php?rest_route=\/wp\/v2\/pages\/2782\/revisions"}],"predecessor-version":[{"id":2811,"href":"https:\/\/veda.polac.cz\/index.php?rest_route=\/wp\/v2\/pages\/2782\/revisions\/2811"}],"up":[{"embeddable":true,"href":"https:\/\/veda.polac.cz\/index.php?rest_route=\/wp\/v2\/pages\/1657"}],"wp:attachment":[{"href":"https:\/\/veda.polac.cz\/index.php?rest_route=%2Fwp%2Fv2%2Fmedia&parent=2782"}],"curies":[{"name":"wp","href":"https:\/\/api.w.org\/{rel}","templated":true}]}}