{"id":2746,"date":"2019-04-18T12:26:50","date_gmt":"2019-04-18T12:26:50","guid":{"rendered":"http:\/\/veda.polac.cz\/?page_id=2746"},"modified":"2019-04-18T12:54:44","modified_gmt":"2019-04-18T12:54:44","slug":"5-2","status":"publish","type":"page","link":"https:\/\/veda.polac.cz\/?page_id=2746","title":{"rendered":""},"content":{"rendered":"<p style=\"text-align: center;\">Resum\u00e9 \u010dl\u00e1nku<\/p>\n<p><b>Bezpe\u010dnostn\u00ed studie \u2013 jednozna\u010dn\u00fd a formalizovan\u00fd postup n\u00e1vrhu opat\u0159en\u00ed situa\u010dn\u00ed prevence kriminality<\/b><b><br \/>\n<\/b><i>Mgr. Zden\u011bk \u0160t\u011bp\u00e1nek<br \/>\n<\/i><\/p>\n<p>Programy prevence kriminality (nap\u0159. program Partnerstv\u00ed) a modern\u00ed trendy v\u00a0bezpe\u010dnostn\u00ed oblasti vy\u017eaduj\u00ed, aby p\u0159ed realizac\u00ed konkr\u00e9tn\u00edch bezpe\u010dnostn\u00edch opat\u0159en\u00ed byla zpracov\u00e1na studie bezpe\u010dnosti v\u00a0dan\u00e9 lokalit\u011b. Bezpe\u010dnostn\u00ed studie mus\u00ed spl\u0148ovat ur\u010dit\u00e1 krit\u00e9ria. \u010cl\u00e1nek se zab\u00fdv\u00e1 problematikou zpracov\u00e1n\u00ed bezpe\u010dnostn\u00ed studie a zejm\u00e9na pak stanoven\u00edm po\u017eadavk\u016f, kter\u00e9 by m\u011bly b\u00fdt spln\u011bny, aby mohla b\u00fdt pova\u017eov\u00e1na za jednozna\u010dn\u00fd a formalizovan\u00fd postup k\u00a0n\u00e1vrhu bezpe\u010dnostn\u00edch opat\u0159en\u00ed situa\u010dn\u00ed prevence kriminality. \u010cl\u00e1nek tak\u00e9 popisuje a navrhuje spr\u00e1vn\u00fd postup zpracov\u00e1n\u00ed bezpe\u010dnostn\u00ed studie.<br \/>\nKl\u00ed\u010dov\u00e1 slova: prevence kriminality, bezpe\u010dnostn\u00ed studie, opat\u0159en\u00ed.<\/p>\n<hr \/>\n<p><a href=\"https:\/\/veda.polac.cz\/?page_id=1657\">Zp\u011bt<\/a><\/p>\n","protected":false},"excerpt":{"rendered":"<p>Resum\u00e9 \u010dl\u00e1nku Bezpe\u010dnostn\u00ed studie \u2013 jednozna\u010dn\u00fd a formalizovan\u00fd postup n\u00e1vrhu opat\u0159en\u00ed situa\u010dn\u00ed prevence kriminality Mgr. Zden\u011bk \u0160t\u011bp\u00e1nek Programy prevence kriminality (nap\u0159. program Partnerstv\u00ed) a modern\u00ed trendy v\u00a0bezpe\u010dnostn\u00ed oblasti vy\u017eaduj\u00ed, aby p\u0159ed realizac\u00ed konkr\u00e9tn\u00edch bezpe\u010dnostn\u00edch opat\u0159en\u00ed byla zpracov\u00e1na studie bezpe\u010dnosti v\u00a0dan\u00e9 lokalit\u011b. Bezpe\u010dnostn\u00ed studie mus\u00ed spl\u0148ovat ur\u010dit\u00e1 krit\u00e9ria. \u010cl\u00e1nek se zab\u00fdv\u00e1 problematikou zpracov\u00e1n\u00ed bezpe\u010dnostn\u00ed studie a [&hellip;]<\/p>\n","protected":false},"author":2,"featured_media":0,"parent":94,"menu_order":0,"comment_status":"closed","ping_status":"closed","template":"","meta":{"footnotes":""},"class_list":["post-2746","page","type-page","status-publish","hentry"],"_links":{"self":[{"href":"https:\/\/veda.polac.cz\/index.php?rest_route=\/wp\/v2\/pages\/2746","targetHints":{"allow":["GET"]}}],"collection":[{"href":"https:\/\/veda.polac.cz\/index.php?rest_route=\/wp\/v2\/pages"}],"about":[{"href":"https:\/\/veda.polac.cz\/index.php?rest_route=\/wp\/v2\/types\/page"}],"author":[{"embeddable":true,"href":"https:\/\/veda.polac.cz\/index.php?rest_route=\/wp\/v2\/users\/2"}],"replies":[{"embeddable":true,"href":"https:\/\/veda.polac.cz\/index.php?rest_route=%2Fwp%2Fv2%2Fcomments&post=2746"}],"version-history":[{"count":2,"href":"https:\/\/veda.polac.cz\/index.php?rest_route=\/wp\/v2\/pages\/2746\/revisions"}],"predecessor-version":[{"id":2806,"href":"https:\/\/veda.polac.cz\/index.php?rest_route=\/wp\/v2\/pages\/2746\/revisions\/2806"}],"up":[{"embeddable":true,"href":"https:\/\/veda.polac.cz\/index.php?rest_route=\/wp\/v2\/pages\/94"}],"wp:attachment":[{"href":"https:\/\/veda.polac.cz\/index.php?rest_route=%2Fwp%2Fv2%2Fmedia&parent=2746"}],"curies":[{"name":"wp","href":"https:\/\/api.w.org\/{rel}","templated":true}]}}