{"id":2677,"date":"2019-04-18T11:24:10","date_gmt":"2019-04-18T11:24:10","guid":{"rendered":"http:\/\/veda.polac.cz\/?page_id=2677"},"modified":"2019-04-18T11:46:23","modified_gmt":"2019-04-18T11:46:23","slug":"12-2","status":"publish","type":"page","link":"https:\/\/veda.polac.cz\/?page_id=2677","title":{"rendered":""},"content":{"rendered":"<p style=\"text-align: center;\">Resum\u00e9 \u010dl\u00e1nku<\/p>\n<p><b>Orienta\u010dn\u00ed dechov\u00e1 zkou\u0161ka a\u00a0mo\u017enost jej\u00edho vynucen\u00ed<br \/>\n<\/b><i>JUDr. Petr Nov\u00e1k<br \/>\n<\/i><i><\/i><\/p>\n<p>\u010cl\u00e1nek se zab\u00fdv\u00e1 problematikou orienta\u010dn\u00ed dechov\u00e9 zkou\u0161ky a jej\u00edho prov\u00e1d\u011bn\u00ed proti v\u016fli osoby, po kter\u00e9 je vy\u017eadov\u00e1na. Autor po rozboru p\u0159\u00edslu\u0161n\u00e9ho ustanoven\u00ed trestn\u00edho \u0159\u00e1du a judikatury Evropsk\u00e9ho soudu pro lidsk\u00e1 pr\u00e1va dosp\u00edv\u00e1 k\u00a0n\u00e1zoru, \u017ee orienta\u010dn\u00ed dechovou zkou\u0161ku vynutit lze. N\u00e1sledn\u011b je navrhov\u00e1no konkr\u00e9tn\u00ed \u0159e\u0161en\u00ed mo\u017enosti vynucen\u00ed takov\u00e9ho \u00fakonu.<br \/>\nKl\u00ed\u010dov\u00e1 slova: kriminalistika, orienta\u010dn\u00ed dechov\u00e1 zkou\u0161ka, donucov\u00e1n\u00ed k\u00a0\u00fakon\u016fm trestn\u00edho \u0159\u00edzen\u00ed.<\/p>\n<hr \/>\n<p><a href=\"https:\/\/veda.polac.cz\/?page_id=1660\">Zp\u011bt<\/a><\/p>\n","protected":false},"excerpt":{"rendered":"<p>Resum\u00e9 \u010dl\u00e1nku Orienta\u010dn\u00ed dechov\u00e1 zkou\u0161ka a\u00a0mo\u017enost jej\u00edho vynucen\u00ed JUDr. Petr Nov\u00e1k \u010cl\u00e1nek se zab\u00fdv\u00e1 problematikou orienta\u010dn\u00ed dechov\u00e9 zkou\u0161ky a jej\u00edho prov\u00e1d\u011bn\u00ed proti v\u016fli osoby, po kter\u00e9 je vy\u017eadov\u00e1na. Autor po rozboru p\u0159\u00edslu\u0161n\u00e9ho ustanoven\u00ed trestn\u00edho \u0159\u00e1du a judikatury Evropsk\u00e9ho soudu pro lidsk\u00e1 pr\u00e1va dosp\u00edv\u00e1 k\u00a0n\u00e1zoru, \u017ee orienta\u010dn\u00ed dechovou zkou\u0161ku vynutit lze. N\u00e1sledn\u011b je navrhov\u00e1no konkr\u00e9tn\u00ed \u0159e\u0161en\u00ed [&hellip;]<\/p>\n","protected":false},"author":2,"featured_media":0,"parent":1660,"menu_order":0,"comment_status":"closed","ping_status":"closed","template":"","meta":{"footnotes":""},"class_list":["post-2677","page","type-page","status-publish","hentry"],"_links":{"self":[{"href":"https:\/\/veda.polac.cz\/index.php?rest_route=\/wp\/v2\/pages\/2677","targetHints":{"allow":["GET"]}}],"collection":[{"href":"https:\/\/veda.polac.cz\/index.php?rest_route=\/wp\/v2\/pages"}],"about":[{"href":"https:\/\/veda.polac.cz\/index.php?rest_route=\/wp\/v2\/types\/page"}],"author":[{"embeddable":true,"href":"https:\/\/veda.polac.cz\/index.php?rest_route=\/wp\/v2\/users\/2"}],"replies":[{"embeddable":true,"href":"https:\/\/veda.polac.cz\/index.php?rest_route=%2Fwp%2Fv2%2Fcomments&post=2677"}],"version-history":[{"count":2,"href":"https:\/\/veda.polac.cz\/index.php?rest_route=\/wp\/v2\/pages\/2677\/revisions"}],"predecessor-version":[{"id":2719,"href":"https:\/\/veda.polac.cz\/index.php?rest_route=\/wp\/v2\/pages\/2677\/revisions\/2719"}],"up":[{"embeddable":true,"href":"https:\/\/veda.polac.cz\/index.php?rest_route=\/wp\/v2\/pages\/1660"}],"wp:attachment":[{"href":"https:\/\/veda.polac.cz\/index.php?rest_route=%2Fwp%2Fv2%2Fmedia&parent=2677"}],"curies":[{"name":"wp","href":"https:\/\/api.w.org\/{rel}","templated":true}]}}