{"id":2424,"date":"2019-04-17T11:41:35","date_gmt":"2019-04-17T11:41:35","guid":{"rendered":"http:\/\/veda.polac.cz\/?page_id=2424"},"modified":"2019-04-17T16:52:10","modified_gmt":"2019-04-17T16:52:10","slug":"14-2","status":"publish","type":"page","link":"https:\/\/veda.polac.cz\/?page_id=2424","title":{"rendered":""},"content":{"rendered":"<p style=\"text-align: center;\">Resum\u00e9 \u010dl\u00e1nku<\/p>\n<p><strong>Pr\u00e1vn\u00ed r\u00e1mec pou\u017e\u00edv\u00e1n\u00ed nesmrt\u00edc\u00edch technologi\u00ed u vybran\u00fdch evropsk\u00fdch bezpe\u010dnostn\u00edch sbor\u016f<\/strong><br \/>\n<i>Mgr. Marek Radosta, Policejn\u00ed akademie \u010cR v Praze<br \/>\nFakulta bezpe\u010dnostn\u011b pr\u00e1vn\u00ed, katedra krimin\u00e1ln\u00ed policie<\/i><\/p>\n<p><i><\/i>Tento \u010dl\u00e1nek analyzuje a porovn\u00e1v\u00e1 sou\u010dasn\u00fd stav legislativy t\u00fdkaj\u00edc\u00ed se ozbrojen\u00fdch a bezpe\u010dnostn\u00edch sbor\u016f vybran\u00fdch evropsk\u00fdch zem\u00ed, kter\u00e9 leg\u00e1ln\u011b pou\u017e\u00edvaj\u00ed nesmrt\u00edc\u00ed zbran\u011b a prost\u0159edky. \u010cl\u00e1nek se zam\u011b\u0159uje v\u00fdhradn\u011b na ustanoven\u00ed z\u00e1kon\u016f t\u00fdkaj\u00edc\u00edch se v\u00fd\u010dtu, opr\u00e1vn\u011bn\u00ed a zp\u016fsobu pou\u017eit\u00ed t\u011bchto technologi\u00ed. Zji\u0161t\u011bn\u00e9 nesmrt\u00edc\u00ed technologie zapracov\u00e1ny do p\u0159ehledn\u00fdch tabulek s ohledem i na spr\u00e1vn\u00e9 za\u0159azen\u00ed k zn\u011bn\u00edm paragraf\u016f dot\u010den\u00fdch z\u00e1kon\u016f.<br \/>\n<strong>Kl\u00ed\u010dov\u00e1 slova:<\/strong>\u00a0bezpe\u010dnostn\u00ed sbor, nesmrt\u00edc\u00ed zbran\u011b, distan\u010dn\u00ed elektrick\u00fd paralyz\u00e9r, vrhac\u00ed prost\u0159edek, z\u00e1sahov\u00e1 v\u00fdbu\u0161ka.<br \/>\n<i><\/i><\/p>\n<hr \/>\n<p><a href=\"https:\/\/veda.polac.cz\/?page_id=2321\">Zp\u011bt<\/a><\/p>\n","protected":false},"excerpt":{"rendered":"<p>Resum\u00e9 \u010dl\u00e1nku Pr\u00e1vn\u00ed r\u00e1mec pou\u017e\u00edv\u00e1n\u00ed nesmrt\u00edc\u00edch technologi\u00ed u vybran\u00fdch evropsk\u00fdch bezpe\u010dnostn\u00edch sbor\u016f Mgr. Marek Radosta, Policejn\u00ed akademie \u010cR v Praze Fakulta bezpe\u010dnostn\u011b pr\u00e1vn\u00ed, katedra krimin\u00e1ln\u00ed policie Tento \u010dl\u00e1nek analyzuje a porovn\u00e1v\u00e1 sou\u010dasn\u00fd stav legislativy t\u00fdkaj\u00edc\u00ed se ozbrojen\u00fdch a bezpe\u010dnostn\u00edch sbor\u016f vybran\u00fdch evropsk\u00fdch zem\u00ed, kter\u00e9 leg\u00e1ln\u011b pou\u017e\u00edvaj\u00ed nesmrt\u00edc\u00ed zbran\u011b a prost\u0159edky. \u010cl\u00e1nek se zam\u011b\u0159uje v\u00fdhradn\u011b na [&hellip;]<\/p>\n","protected":false},"author":2,"featured_media":0,"parent":2321,"menu_order":0,"comment_status":"closed","ping_status":"closed","template":"","meta":{"footnotes":""},"class_list":["post-2424","page","type-page","status-publish","hentry"],"_links":{"self":[{"href":"https:\/\/veda.polac.cz\/index.php?rest_route=\/wp\/v2\/pages\/2424","targetHints":{"allow":["GET"]}}],"collection":[{"href":"https:\/\/veda.polac.cz\/index.php?rest_route=\/wp\/v2\/pages"}],"about":[{"href":"https:\/\/veda.polac.cz\/index.php?rest_route=\/wp\/v2\/types\/page"}],"author":[{"embeddable":true,"href":"https:\/\/veda.polac.cz\/index.php?rest_route=\/wp\/v2\/users\/2"}],"replies":[{"embeddable":true,"href":"https:\/\/veda.polac.cz\/index.php?rest_route=%2Fwp%2Fv2%2Fcomments&post=2424"}],"version-history":[{"count":3,"href":"https:\/\/veda.polac.cz\/index.php?rest_route=\/wp\/v2\/pages\/2424\/revisions"}],"predecessor-version":[{"id":2503,"href":"https:\/\/veda.polac.cz\/index.php?rest_route=\/wp\/v2\/pages\/2424\/revisions\/2503"}],"up":[{"embeddable":true,"href":"https:\/\/veda.polac.cz\/index.php?rest_route=\/wp\/v2\/pages\/2321"}],"wp:attachment":[{"href":"https:\/\/veda.polac.cz\/index.php?rest_route=%2Fwp%2Fv2%2Fmedia&parent=2424"}],"curies":[{"name":"wp","href":"https:\/\/api.w.org\/{rel}","templated":true}]}}