{"id":2414,"date":"2019-04-17T11:35:55","date_gmt":"2019-04-17T11:35:55","guid":{"rendered":"http:\/\/veda.polac.cz\/?page_id=2414"},"modified":"2019-04-17T17:04:54","modified_gmt":"2019-04-17T17:04:54","slug":"9-2","status":"publish","type":"page","link":"https:\/\/veda.polac.cz\/?page_id=2414","title":{"rendered":""},"content":{"rendered":"<p style=\"text-align: center;\">Resum\u00e9 \u010dl\u00e1nku<\/p>\n<p><strong>Dispozice obyvatelstva pro p\u0159e\u017eit\u00ed v krizov\u00fdch situac\u00edch<\/strong><br \/>\n<i>Ing. Bc. Eva Luk\u00e1\u0161kov\u00e1, Ph.D., Ing. Jan Kysel\u00e1k, Ph.D., prof. Ing. Du\u0161an Vi\u010dar, CSc.<br \/>\nUniverzita Tom\u00e1\u0161e Bati ve Zl\u00edn\u011b, Fakulta logistiky a krizov\u00e9ho \u0159\u00edzen\u00ed, \u00dastav ochrany obyvatelstva<\/i><\/p>\n<p>P\u0159\u00edsp\u011bvek se zaob\u00edr\u00e1 dispozicemi vybran\u00e9ho vzorku obyvatelstva pro p\u0159e\u017eit\u00ed p\u0159i vzniku krizov\u00fdch situac\u00ed. Hodnot\u00ed jeho schopnost vyrovnat se s p\u0159eru\u0161en\u00edm dod\u00e1vek potravin, pitn\u00e9 vody a energi\u00ed. Odpov\u00edd\u00e1 nap\u0159. na ot\u00e1zky: &#8222;Jak\u00e9 aktu\u00e1ln\u00ed z\u00e1soby potravin a pitn\u00e9 vody obyvatelstvo ve sv\u00fdch dom\u00e1cnostech m\u00e1 nebo jak\u00fdmi n\u00e1hradn\u00edmi zdroji energi\u00ed obyvatelstvo disponuje pro p\u0159\u00edpravu stravy?&#8220;<br \/>\n<strong>Kl\u00ed\u010dov\u00e1 slova:<\/strong>\u00a0Dispozice, energie, krizov\u00e1 situace, n\u00e1hradn\u00ed zdroje, otop, pitn\u00e1 voda, potraviny.<\/p>\n<hr \/>\n<p><a href=\"https:\/\/veda.polac.cz\/?page_id=2321\">Zp\u011bt<\/a><\/p>\n","protected":false},"excerpt":{"rendered":"<p>Resum\u00e9 \u010dl\u00e1nku Dispozice obyvatelstva pro p\u0159e\u017eit\u00ed v krizov\u00fdch situac\u00edch Ing. Bc. Eva Luk\u00e1\u0161kov\u00e1, Ph.D., Ing. Jan Kysel\u00e1k, Ph.D., prof. Ing. Du\u0161an Vi\u010dar, CSc. Univerzita Tom\u00e1\u0161e Bati ve Zl\u00edn\u011b, Fakulta logistiky a krizov\u00e9ho \u0159\u00edzen\u00ed, \u00dastav ochrany obyvatelstva P\u0159\u00edsp\u011bvek se zaob\u00edr\u00e1 dispozicemi vybran\u00e9ho vzorku obyvatelstva pro p\u0159e\u017eit\u00ed p\u0159i vzniku krizov\u00fdch situac\u00ed. Hodnot\u00ed jeho schopnost vyrovnat se s [&hellip;]<\/p>\n","protected":false},"author":2,"featured_media":0,"parent":2321,"menu_order":0,"comment_status":"closed","ping_status":"closed","template":"","meta":{"footnotes":""},"class_list":["post-2414","page","type-page","status-publish","hentry"],"_links":{"self":[{"href":"https:\/\/veda.polac.cz\/index.php?rest_route=\/wp\/v2\/pages\/2414","targetHints":{"allow":["GET"]}}],"collection":[{"href":"https:\/\/veda.polac.cz\/index.php?rest_route=\/wp\/v2\/pages"}],"about":[{"href":"https:\/\/veda.polac.cz\/index.php?rest_route=\/wp\/v2\/types\/page"}],"author":[{"embeddable":true,"href":"https:\/\/veda.polac.cz\/index.php?rest_route=\/wp\/v2\/users\/2"}],"replies":[{"embeddable":true,"href":"https:\/\/veda.polac.cz\/index.php?rest_route=%2Fwp%2Fv2%2Fcomments&post=2414"}],"version-history":[{"count":4,"href":"https:\/\/veda.polac.cz\/index.php?rest_route=\/wp\/v2\/pages\/2414\/revisions"}],"predecessor-version":[{"id":2525,"href":"https:\/\/veda.polac.cz\/index.php?rest_route=\/wp\/v2\/pages\/2414\/revisions\/2525"}],"up":[{"embeddable":true,"href":"https:\/\/veda.polac.cz\/index.php?rest_route=\/wp\/v2\/pages\/2321"}],"wp:attachment":[{"href":"https:\/\/veda.polac.cz\/index.php?rest_route=%2Fwp%2Fv2%2Fmedia&parent=2414"}],"curies":[{"name":"wp","href":"https:\/\/api.w.org\/{rel}","templated":true}]}}