{"id":2328,"date":"2019-04-15T18:59:02","date_gmt":"2019-04-15T18:59:02","guid":{"rendered":"http:\/\/veda.polac.cz\/?page_id=2328"},"modified":"2019-04-15T19:00:08","modified_gmt":"2019-04-15T19:00:08","slug":"2328-2","status":"publish","type":"page","link":"https:\/\/veda.polac.cz\/?page_id=2328","title":{"rendered":""},"content":{"rendered":"\n<p style=\"text-align:center\">Resum\u00e9 \u010dl\u00e1nku<\/p>\n\n\n\n<p><strong>Zku\u0161enosti ob\u010dan\u016f \u010cR s u\u017eivateli n\u00e1vykov\u00fdch l\u00e1tek<\/strong><br><em>PaedDr. Petr P\u0159ececht\u011bl, doc. JUDr. Ivana Zoubkov\u00e1, CSc., Mgr. Tom\u00e1\u0161 Najman, Policejn\u00ed akademie \u010cR v Praze, Fakulta bezpe\u010dnostn\u011b pr\u00e1vn\u00ed, katedra kriminologie<br><br><\/em>C\u00edlem p\u0159\u00edsp\u011bvku je poskytnout aktu\u00e1ln\u00ed informace o zku\u0161enostech ob\u010dan\u016f \u010cR s u\u017eivateli n\u00e1vykov\u00fdch l\u00e1tek, resp. pouk\u00e1zat na vztah mezi u\u017e\u00edv\u00e1n\u00edm n\u00e1vykov\u00fdch l\u00e1tek a kriminalitou. Jde o sekund\u00e1rn\u00ed drogovou kriminalitu, tedy trestnou \u010dinnosti, kterou osoby v r\u016fzn\u00e9 \u00farovni drogov\u00e9 z\u00e1vislosti p\u00e1chaj\u00ed pod farmakologick\u00fdm vlivem t\u011bchto l\u00e1tek (nebo v d\u016fsledku abstinen\u010dn\u00edho stavu) a za \u00fa\u010delem z\u00edsk\u00e1n\u00ed prost\u0159edk\u016f na jejich obstar\u00e1v\u00e1n\u00ed (opat\u0159ovac\u00ed kriminalita). P\u0159\u00edsp\u011bvek se op\u00edr\u00e1 o poznatky reprezentativn\u00edho sociologick\u00e9ho \u0161et\u0159en\u00ed realizovan\u00e9ho koncem roku 2017. Dotazov\u00e1no bylo 1807 ob\u010dan\u016f \u010cR star\u0161\u00edch 15 let. U obou druh\u016f sekund\u00e1rn\u00ed drogov\u00e9 se prok\u00e1zalo propojen\u00ed u\u017e\u00edv\u00e1n\u00ed drog, p\u0159edev\u0161\u00edm konopn\u00fdch l\u00e1tek, alkoholu a pervitinu s v\u00fdskytem kriminality, a to p\u0159edev\u0161\u00edm u kr\u00e1de\u017e\u00ed (nej\u010dast\u011bji v rodin\u011b, n\u00e1sledn\u011b i mimo rodinu), \u0159\u00edzen\u00ed pod vlivem drog, v\u00fdtr\u017enictv\u00ed, po\u0161kozen\u00ed ciz\u00ed v\u011bci, rva\u010dky a ubl\u00ed\u017een\u00ed na zdrav\u00ed.<br><em><strong>Kl\u00ed\u010dov\u00e1 slova:<\/strong>&nbsp;sekund\u00e1rn\u00ed drogov\u00e1 kriminalita; motivy kriminality; kriminalita pod vlivem drog; farmakologick\u00fd vliv drog; kriminalita opat\u0159ovac\u00ed; kriminalita majetkov\u00e1.<\/em><\/p>\n\n\n\n<p><a href=\"https:\/\/veda.polac.cz\/?page_id=2321\">Zp\u011bt<\/a><br><\/p>\n","protected":false},"excerpt":{"rendered":"<p>Resum\u00e9 \u010dl\u00e1nku Zku\u0161enosti ob\u010dan\u016f \u010cR s u\u017eivateli n\u00e1vykov\u00fdch l\u00e1tekPaedDr. Petr P\u0159ececht\u011bl, doc. JUDr. Ivana Zoubkov\u00e1, CSc., Mgr. Tom\u00e1\u0161 Najman, Policejn\u00ed akademie \u010cR v Praze, Fakulta bezpe\u010dnostn\u011b pr\u00e1vn\u00ed, katedra kriminologie C\u00edlem p\u0159\u00edsp\u011bvku je poskytnout aktu\u00e1ln\u00ed informace o zku\u0161enostech ob\u010dan\u016f \u010cR s u\u017eivateli n\u00e1vykov\u00fdch l\u00e1tek, resp. pouk\u00e1zat na vztah mezi u\u017e\u00edv\u00e1n\u00edm n\u00e1vykov\u00fdch l\u00e1tek a kriminalitou. Jde o [&hellip;]<\/p>\n","protected":false},"author":2,"featured_media":0,"parent":2321,"menu_order":0,"comment_status":"closed","ping_status":"closed","template":"","meta":{"footnotes":""},"class_list":["post-2328","page","type-page","status-publish","hentry"],"_links":{"self":[{"href":"https:\/\/veda.polac.cz\/index.php?rest_route=\/wp\/v2\/pages\/2328","targetHints":{"allow":["GET"]}}],"collection":[{"href":"https:\/\/veda.polac.cz\/index.php?rest_route=\/wp\/v2\/pages"}],"about":[{"href":"https:\/\/veda.polac.cz\/index.php?rest_route=\/wp\/v2\/types\/page"}],"author":[{"embeddable":true,"href":"https:\/\/veda.polac.cz\/index.php?rest_route=\/wp\/v2\/users\/2"}],"replies":[{"embeddable":true,"href":"https:\/\/veda.polac.cz\/index.php?rest_route=%2Fwp%2Fv2%2Fcomments&post=2328"}],"version-history":[{"count":2,"href":"https:\/\/veda.polac.cz\/index.php?rest_route=\/wp\/v2\/pages\/2328\/revisions"}],"predecessor-version":[{"id":2330,"href":"https:\/\/veda.polac.cz\/index.php?rest_route=\/wp\/v2\/pages\/2328\/revisions\/2330"}],"up":[{"embeddable":true,"href":"https:\/\/veda.polac.cz\/index.php?rest_route=\/wp\/v2\/pages\/2321"}],"wp:attachment":[{"href":"https:\/\/veda.polac.cz\/index.php?rest_route=%2Fwp%2Fv2%2Fmedia&parent=2328"}],"curies":[{"name":"wp","href":"https:\/\/api.w.org\/{rel}","templated":true}]}}