{"id":2272,"date":"2018-11-04T11:15:19","date_gmt":"2018-11-04T11:15:19","guid":{"rendered":"http:\/\/veda.polac.cz\/?page_id=2272"},"modified":"2019-04-24T05:34:29","modified_gmt":"2019-04-24T05:34:29","slug":"01-2005","status":"publish","type":"page","link":"https:\/\/veda.polac.cz\/?page_id=2272&lang=en","title":{"rendered":"01\/2005"},"content":{"rendered":"<p><strong>Teaching European Law and Ensuing Europeization Measures at the Police Academy of the Czech Republic<\/strong><br \/>\ndoc. JUDr. Bohumil Pikna, CSc.<\/p>\n<hr \/>\n<p><strong>Crime Prevention in the Capital City of Prague<\/strong><br \/>\nPavel Hul\u00ednsk\u00fd<\/p>\n<hr \/>\n<p><strong>Act on Justice System in Youth Cases \u2013 Basic Principles<\/strong><br \/>\nJUDr. Josef Sou\u010dek, CSc., JUDr. Milan \u0160ubrt<\/p>\n<hr \/>\n<p><strong>Diversions of Summary Pre-trial Proceedings<\/strong><br \/>\nJUDr. Franti\u0161ek Voleveck\u00fd<\/p>\n<hr \/>\n<p><strong>The Injured in Criminal Proceedings \u2013 Legislative Present and Prospects<\/strong><br \/>\nDoc. JUDr. Vladim\u00edr \u010ce\u010dot, CSc.<\/p>\n<hr \/>\n<p><strong>Criminalistic Traces in Relation with Inner Construction Attributes or Inner Structure of an Object<\/strong><br \/>\nIng. Jaroslav Such\u00e1nek, CSc., prof. JUDr. Ing. Viktor Porada, DrSc.,<br \/>\nprof. PhDr. Ji\u0159\u00ed Straus, DrSc.<\/p>\n<hr \/>\n<p><strong>Searching for and Preserving Criminalistic Traces<\/strong><br \/>\nProf. PhDr. Ji\u0159\u00ed\u00a0Straus, DrSc., Ing. Jaroslav Such\u00e1nek, CSc.,<br \/>\nprof. JUDr. Ing. Viktor Porada, DrSc<\/p>\n<hr \/>\n<p><strong>Characteristic and Specific Features of Digital Traces<\/strong><br \/>\ndoc. RNDr. Roman Rak, Ph.D, prof. JUDr. Ing. Viktor Porada, DrSc.<\/p>\n<hr \/>\n<p><strong>Criminalistic Traces \u2013 Notion and Classification, Hypothesis<\/strong><br \/>\nJUDr. Nikolaj Hrib<\/p>\n<hr \/>\n<p><strong>Dynamic Aspects of Biomechanics of Impact<\/strong><br \/>\nprof. PhDr. Ji\u0159\u00ed Straus, DrSc.<\/p>\n<hr \/>\n<p><strong>Information Security in an Organization<\/strong><br \/>\nRNDr. Josef Po\u017e\u00e1r, CSc.<\/p>\n<hr \/>\n<p><strong>Perpectives\u00a0 Development of Dataminingu v\u00a0Police Activities.<\/strong><br \/>\nBc. Josef Prchal<\/p>\n<hr \/>\n<p><strong>New Stimulation for PSS Management<\/strong><br \/>\nBc. Martin Bohman, PaedDr. Franti\u0161ek Nov\u00e1k<\/p>\n<hr \/>\n<p><strong>Elaborating the Electric Security System Project<\/strong><br \/>\nJUDr. Jan Uhl\u00e1\u0159<\/p>\n<hr \/>\n<p><strong>World Conference on Disaster Impact Reduction<\/strong><br \/>\nRNDr. Dana Proch\u00e1zkov\u00e1, DrSc., Prof. Ing. Bed\u0159ich \u0160est\u00e1k, DrSc<\/p>\n<hr \/>\n<p><strong>Analysis Impact Disasters on the World Economy<\/strong><br \/>\nDoc. Ing. Jaroslav Slepeck\u00fd, Ph.D.<\/p>\n<hr \/>\n<p><strong>Aggressive Expressions of Mass Behaviour in Police Practice<\/strong><br \/>\nJUDr. et Mgr. Jo\u017ea Spurn\u00fd, Ph.D.<\/p>\n<hr \/>\n<p><strong>Comparison\u00a0 of Entrance and Final Knowledge of English between Police and Civil Students of Full Time Study<\/strong><br \/>\nMgr. Alena Luk\u00e1\u010dov\u00e1<\/p>\n<hr \/>\n<p><strong>Information on holding the International Branch Workshop\u00a0<\/strong><br \/>\n<strong>\u201eThe Use of Operational Means of Searching in Acquiring Evidence for Criminal Proceedings\u201c<\/strong><br \/>\nDoc. JUDr. \u0160tefan Hund\u00e1k, CSc.<\/p>\n<hr \/>\n<p><strong>The Issues of Commercial Sexual Child Abuse at Czech Borderland Recension and Reactionn on the publication Cathrin Schauer &#8211; Kinder auf dem Strich.<\/strong><br \/>\nMgr. Luk\u00e1\u0161 Benda<\/p>\n<hr \/>\n<p><strong>Recension of the Publication:<\/strong><br \/>\n<strong>\u201ePublic Administration and Public Sector Control systems\u201c<\/strong><br \/>\nIng. Milan Kn\u00fd, CSc.<\/p>\n<hr \/>\n<p><strong>Recension of the Publication:<\/strong><br \/>\n<strong>Franti\u0161ek Ochrana \u201ePublic Sector and Efficient Decision-Making\u201c<\/strong><br \/>\nIng. Milan Kn\u00fd, CSc.<\/p>\n<hr \/>\n<p><a href=\"https:\/\/veda.polac.cz\/?page_id=1987&amp;lang=en\">Back<\/a><\/p>\n","protected":false},"excerpt":{"rendered":"<p>Teaching European Law and Ensuing Europeization Measures at the Police Academy of the Czech Republic doc. JUDr. Bohumil Pikna, CSc. Crime Prevention in the Capital City of Prague Pavel Hul\u00ednsk\u00fd Act on Justice System in Youth Cases \u2013 Basic Principles JUDr. Josef Sou\u010dek, CSc., JUDr. Milan \u0160ubrt Diversions of Summary Pre-trial Proceedings JUDr. Franti\u0161ek Voleveck\u00fd [&hellip;]<\/p>\n","protected":false},"author":2,"featured_media":0,"parent":1987,"menu_order":69,"comment_status":"closed","ping_status":"closed","template":"","meta":{"footnotes":""},"class_list":["post-2272","page","type-page","status-publish","hentry"],"_links":{"self":[{"href":"https:\/\/veda.polac.cz\/index.php?rest_route=\/wp\/v2\/pages\/2272","targetHints":{"allow":["GET"]}}],"collection":[{"href":"https:\/\/veda.polac.cz\/index.php?rest_route=\/wp\/v2\/pages"}],"about":[{"href":"https:\/\/veda.polac.cz\/index.php?rest_route=\/wp\/v2\/types\/page"}],"author":[{"embeddable":true,"href":"https:\/\/veda.polac.cz\/index.php?rest_route=\/wp\/v2\/users\/2"}],"replies":[{"embeddable":true,"href":"https:\/\/veda.polac.cz\/index.php?rest_route=%2Fwp%2Fv2%2Fcomments&post=2272"}],"version-history":[{"count":2,"href":"https:\/\/veda.polac.cz\/index.php?rest_route=\/wp\/v2\/pages\/2272\/revisions"}],"predecessor-version":[{"id":4509,"href":"https:\/\/veda.polac.cz\/index.php?rest_route=\/wp\/v2\/pages\/2272\/revisions\/4509"}],"up":[{"embeddable":true,"href":"https:\/\/veda.polac.cz\/index.php?rest_route=\/wp\/v2\/pages\/1987"}],"wp:attachment":[{"href":"https:\/\/veda.polac.cz\/index.php?rest_route=%2Fwp%2Fv2%2Fmedia&parent=2272"}],"curies":[{"name":"wp","href":"https:\/\/api.w.org\/{rel}","templated":true}]}}