{"id":2263,"date":"2018-11-04T10:54:24","date_gmt":"2018-11-04T10:54:24","guid":{"rendered":"http:\/\/veda.polac.cz\/?page_id=2263"},"modified":"2019-04-24T05:35:28","modified_gmt":"2019-04-24T05:35:28","slug":"01-2006","status":"publish","type":"page","link":"https:\/\/veda.polac.cz\/?page_id=2263&lang=en","title":{"rendered":"01\/2006"},"content":{"rendered":"<p><strong>Customs Cooperation in the Sphere of Security as Organic Part of the Third Pillar of the EU<\/strong><br \/>\ndoc. JUDr. Bohumil Pikna, CSc.<\/p>\n<hr \/>\n<p><strong>Security and Sustainable Development<\/strong><br \/>\nRNDr. Dana Proch\u00e1zkov\u00e1, DrSc., prof. Ing. Bed\u0159ich \u0160est\u00e1k, DrSc.<\/p>\n<hr \/>\n<p><strong>Analysis of Socialgenic Emergencies for Needs of the Czech Republic Police<\/strong><br \/>\nRNDr. Ivan Veverka, CSc.<\/p>\n<hr \/>\n<p><strong>Theory of Police Psychology (presentation research task 1\/3)<\/strong><br \/>\ndoc. PhDr. Ludmila \u010c\u00edrtkov\u00e1, CSc.<\/p>\n<hr \/>\n<p><strong>Aggressive Expressions of Collective Behaviour in Policing<\/strong><br \/>\nJUDr. Mgr. Jo\u017ea Spurn\u00fd, Ph.D.<\/p>\n<hr \/>\n<p><strong>Topical Issues of Global Security. Some Commentary on 1\/5 Research Project<\/strong><br \/>\ndoc. JUDr. Vladim\u00edr Zoubek, CSc.<\/p>\n<hr \/>\n<p><strong>Dynamic Aspects of the Biomechanics of Strike<\/strong><br \/>\nplk. prof. PhDr. Ji\u0159\u00ed Straus, DrSc.<\/p>\n<hr \/>\n<p><strong>Hans Gross\u00a0 \u201cFather of World Criminalistics\u201d<\/strong><br \/>\nplk. prof. PhDr. Ji\u0159\u00ed Straus, DrSc., JUDr. Franti\u0161ek Vavera<\/p>\n<hr \/>\n<p><strong>Present State of Explosives X-ray Detection<\/strong><br \/>\nmjr. doc. RNDr. Jaroslav Ture\u010dek, Ph.D.<\/p>\n<hr \/>\n<p><strong>Methodology of Investigation of Individual Crimes \u2013 a Part of Criminalistic Science?<\/strong><br \/>\ndoc. JUDr. Zden\u011bk Konr\u00e1d, CSc.<\/p>\n<hr \/>\n<p><strong>Criminal Liability and Youth Protection<\/strong><br \/>\nJUDr. Milan \u0160ubrt<\/p>\n<hr \/>\n<p><strong>Notes to the Assessment of the Credibility of Recognition Results<\/strong><br \/>\nJUDr. Ji\u0159\u00ed K\u0159epelka<\/p>\n<hr \/>\n<p><strong>Practical Contribution of the Computer Analysis of Multidimensional Tasks from Police Practice<\/strong><br \/>\nDr. Zden\u011bk Kova\u0159\u00edk, CSc.<\/p>\n<hr \/>\n<p><strong>Graduates of the Police Academy of the Czech Republic\u00a0 (studying full-time) in Professional Life\u201d. (Academic year 2000\/01)<\/strong><br \/>\ndoc. PhDr. Zden\u011bk Rozum, CSc.<\/p>\n<hr \/>\n<p><a href=\"https:\/\/veda.polac.cz\/?page_id=1987&amp;lang=en\">Back<\/a><\/p>\n","protected":false},"excerpt":{"rendered":"<p>Customs Cooperation in the Sphere of Security as Organic Part of the Third Pillar of the EU doc. JUDr. Bohumil Pikna, CSc. Security and Sustainable Development RNDr. Dana Proch\u00e1zkov\u00e1, DrSc., prof. Ing. Bed\u0159ich \u0160est\u00e1k, DrSc. Analysis of Socialgenic Emergencies for Needs of the Czech Republic Police RNDr. Ivan Veverka, CSc. Theory of Police Psychology (presentation [&hellip;]<\/p>\n","protected":false},"author":2,"featured_media":0,"parent":1987,"menu_order":65,"comment_status":"closed","ping_status":"closed","template":"","meta":{"footnotes":""},"class_list":["post-2263","page","type-page","status-publish","hentry"],"_links":{"self":[{"href":"https:\/\/veda.polac.cz\/index.php?rest_route=\/wp\/v2\/pages\/2263","targetHints":{"allow":["GET"]}}],"collection":[{"href":"https:\/\/veda.polac.cz\/index.php?rest_route=\/wp\/v2\/pages"}],"about":[{"href":"https:\/\/veda.polac.cz\/index.php?rest_route=\/wp\/v2\/types\/page"}],"author":[{"embeddable":true,"href":"https:\/\/veda.polac.cz\/index.php?rest_route=\/wp\/v2\/users\/2"}],"replies":[{"embeddable":true,"href":"https:\/\/veda.polac.cz\/index.php?rest_route=%2Fwp%2Fv2%2Fcomments&post=2263"}],"version-history":[{"count":2,"href":"https:\/\/veda.polac.cz\/index.php?rest_route=\/wp\/v2\/pages\/2263\/revisions"}],"predecessor-version":[{"id":4510,"href":"https:\/\/veda.polac.cz\/index.php?rest_route=\/wp\/v2\/pages\/2263\/revisions\/4510"}],"up":[{"embeddable":true,"href":"https:\/\/veda.polac.cz\/index.php?rest_route=\/wp\/v2\/pages\/1987"}],"wp:attachment":[{"href":"https:\/\/veda.polac.cz\/index.php?rest_route=%2Fwp%2Fv2%2Fmedia&parent=2263"}],"curies":[{"name":"wp","href":"https:\/\/api.w.org\/{rel}","templated":true}]}}