{"id":2230,"date":"2018-11-03T01:00:05","date_gmt":"2018-11-03T01:00:05","guid":{"rendered":"http:\/\/veda.polac.cz\/?page_id=2230"},"modified":"2019-04-24T10:03:32","modified_gmt":"2019-04-24T10:03:32","slug":"03-2009","status":"publish","type":"page","link":"https:\/\/veda.polac.cz\/?page_id=2230&lang=en","title":{"rendered":"03\/2009"},"content":{"rendered":"<p><strong>Czech woman and Czech man in Cyberspace part I<\/strong><br \/>\nAbridgement of the Report of the Research Team of Sociology and Psychology in the Security Research Project &#8222;Problems of Cyber Threats in Terms of Security Interests of the Czech Republic&#8220;<br \/>\nPetr Soukup a kolektiv<\/p>\n<hr \/>\n<p><strong>Reasons and Conditions of Criminal Gang Activities in Slovakia<\/strong><br \/>\nIng. Pavol August\u00edn, CSc.<\/p>\n<hr \/>\n<p><strong>Detecting Crimes Committed in Economy<\/strong><br \/>\nIng. Pavol August\u00edn, CSc., doc. Ing. Miroslav Liso\u0148, PhD.<\/p>\n<hr \/>\n<p><strong>A Few Ideas on Corruption Detection<\/strong><br \/>\ndoc. Ing. Miroslav Liso\u0148, PhD.<\/p>\n<hr \/>\n<p><strong>Some Remarks on Evidence in Criminal Proceedings<\/strong><br \/>\ndoc. JUDr. Mgr. Jana Viktoryov\u00e1, PhD., Mgr. Lubo\u0161 Turek<\/p>\n<hr \/>\n<p><strong>Some Legal Institute of Employment in Terms of Dutch Law<\/strong><br \/>\nJUDr. Michal Kuril, PhD.<\/p>\n<hr \/>\n<p><strong>Seizure of Criminal Activity Proceeds from the Perspective of State Authority, Prosecutor and Judge<\/strong><br \/>\nDr. J\u00e1n \u0160ug\u00e1r, CSc.<\/p>\n<hr \/>\n<p><strong>Suicide Attack: History, Present and Future Developments<\/strong><br \/>\npplk. Ing. Bc. Lud\u011bk Mich\u00e1lek<\/p>\n<hr \/>\n<p><strong>Application of Theoretical Model of Ensuring Security of the Organization in Crime Prevention Programmes<\/strong><br \/>\nMgr. Zden\u011bk \u0160t\u011bp\u00e1nek<\/p>\n<hr \/>\n<p><strong>Development of Police Density in Chosen European States between 1993-2008<\/strong><br \/>\npplk. JUDr. Martin Bohman<\/p>\n<hr \/>\n<p><strong>Service Evaluation as an Efficient Tool of Carrier Development of Policemen in the Czech Republic<\/strong><br \/>\nPhDr. Petr Jedin\u00e1k, Ph.D.<\/p>\n<hr \/>\n<p><strong>Reforms of Police Forces with Territorially Specified Spheres of Activity<\/strong><br \/>\nMgr. Zden\u011bk Chmela, JUDr. Jan Daleck\u00fd<\/p>\n<hr \/>\n<p><strong>Integration of Police Operational Centres in the Czech Republic<\/strong><br \/>\nMgr. Zden\u011bk Chmela<\/p>\n<hr \/>\n<p><strong>Information on Holding an International Conference of PhD. Students &#8222;Junior Forensic Science Brno\u00b409&#8220;\u00a0<\/strong><br \/>\nprof. PhDr. Ji\u0159\u00ed Straus, DrSc.<\/p>\n<hr \/>\n<p><strong>Publication Reviews Management. Foundations of Modern Management Approaches, Performance and Prosperity.\u00a0<\/strong><br \/>\nprof. PhDr. Ing. Bohuslav Mina\u0159\u00edk, CSc.<\/p>\n<hr \/>\n<p><a href=\"https:\/\/veda.polac.cz\/?page_id=1987&amp;lang=en\">Back<\/a><\/p>\n","protected":false},"excerpt":{"rendered":"<p>Czech woman and Czech man in Cyberspace part I Abridgement of the Report of the Research Team of Sociology and Psychology in the Security Research Project &#8222;Problems of Cyber Threats in Terms of Security Interests of the Czech Republic&#8220; Petr Soukup a kolektiv Reasons and Conditions of Criminal Gang Activities in Slovakia Ing. Pavol August\u00edn, [&hellip;]<\/p>\n","protected":false},"author":2,"featured_media":0,"parent":1987,"menu_order":48,"comment_status":"closed","ping_status":"closed","template":"","meta":{"footnotes":""},"class_list":["post-2230","page","type-page","status-publish","hentry"],"_links":{"self":[{"href":"https:\/\/veda.polac.cz\/index.php?rest_route=\/wp\/v2\/pages\/2230","targetHints":{"allow":["GET"]}}],"collection":[{"href":"https:\/\/veda.polac.cz\/index.php?rest_route=\/wp\/v2\/pages"}],"about":[{"href":"https:\/\/veda.polac.cz\/index.php?rest_route=\/wp\/v2\/types\/page"}],"author":[{"embeddable":true,"href":"https:\/\/veda.polac.cz\/index.php?rest_route=\/wp\/v2\/users\/2"}],"replies":[{"embeddable":true,"href":"https:\/\/veda.polac.cz\/index.php?rest_route=%2Fwp%2Fv2%2Fcomments&post=2230"}],"version-history":[{"count":2,"href":"https:\/\/veda.polac.cz\/index.php?rest_route=\/wp\/v2\/pages\/2230\/revisions"}],"predecessor-version":[{"id":4911,"href":"https:\/\/veda.polac.cz\/index.php?rest_route=\/wp\/v2\/pages\/2230\/revisions\/4911"}],"up":[{"embeddable":true,"href":"https:\/\/veda.polac.cz\/index.php?rest_route=\/wp\/v2\/pages\/1987"}],"wp:attachment":[{"href":"https:\/\/veda.polac.cz\/index.php?rest_route=%2Fwp%2Fv2%2Fmedia&parent=2230"}],"curies":[{"name":"wp","href":"https:\/\/api.w.org\/{rel}","templated":true}]}}