{"id":2087,"date":"2018-11-01T00:29:59","date_gmt":"2018-11-01T00:29:59","guid":{"rendered":"http:\/\/veda.polac.cz\/?page_id=2087"},"modified":"2019-04-25T00:36:49","modified_gmt":"2019-04-25T00:36:49","slug":"01-2010","status":"publish","type":"page","link":"https:\/\/veda.polac.cz\/?page_id=2087&lang=en","title":{"rendered":"01\/2010"},"content":{"rendered":"<p><a href=\"https:\/\/veda.polac.cz\/?page_id=5127&amp;lang=en\"><strong>Factual Ideas on the Origin of State and Methods of Governing in a State Respecting the Rule of Law<\/strong><\/a><br \/>\ndoc. JUDr. Vladim\u00edr Zoubek, CSc.<\/p>\n<hr \/>\n<p><a href=\"https:\/\/veda.polac.cz\/?page_id=5129&amp;lang=en\"><strong>Transfer of Knowledge in Different Organizational Structures<\/strong><\/a><br \/>\ndoc. Ing. Roman Zuz\u00e1k, Ph.D., Ing. Martina K\u00f6nigov\u00e1, Ph.D., Ing. Hana Urbancov\u00e1,Ing. Michal Ba\u010dovsk\u00fd<\/p>\n<hr \/>\n<p><a href=\"https:\/\/veda.polac.cz\/?page_id=5131&amp;lang=en\"><strong>Paramilitarism as a Security Threat for the Czech Republic<\/strong><\/a><br \/>\ndoc. JUDr. PhDr. Miroslav Mare\u0161, PhD.<\/p>\n<hr \/>\n<p><a href=\"https:\/\/veda.polac.cz\/?page_id=5133&amp;lang=en\"><strong>Discrimination in Labour Relations (Several Notes on Possibilities of Legal Protection in the Slovak Republic)<\/strong><\/a><br \/>\nJUDr. Michal Kuril, PhD.<\/p>\n<hr \/>\n<p><a href=\"https:\/\/veda.polac.cz\/?page_id=5135&amp;lang=en\"><strong>The Comparison of Personal Data Protection in Slovak and Worldwide online Social Network<\/strong><\/a><br \/>\nIng. Karol Depta<\/p>\n<hr \/>\n<p><a href=\"https:\/\/veda.polac.cz\/?page_id=5137&amp;lang=en\"><strong>What are the Premises we Construct our Public Space on?\u00a0<\/strong><\/a><br \/>\nPhDr. Petr Nesvadba, CSc.<\/p>\n<hr \/>\n<p><a href=\"https:\/\/veda.polac.cz\/?page_id=5139&amp;lang=en\"><strong>Volunteering in the Security Field: an Example from Estonia<\/strong><\/a><br \/>\nMgr. Old\u0159ich Krul\u00edk, Ph.D.<\/p>\n<hr \/>\n<p><a href=\"https:\/\/veda.polac.cz\/?page_id=5141&amp;lang=en\"><strong>Retribution Decrees<\/strong><\/a><br \/>\nMgr. Ale\u0161 Zp\u011bv\u00e1k, Mgr. Anna Pleierov\u00e1<\/p>\n<hr \/>\n<p><a href=\"https:\/\/veda.polac.cz\/?page_id=5143&amp;lang=en\"><strong>Multiculturalism and Police of the Czech Republic<\/strong><\/a><br \/>\nMgr. et Bc. Jan Daleck\u00fd, Mgr. Zden\u011bk Chmela<\/p>\n<hr \/>\n<p><a href=\"https:\/\/veda.polac.cz\/?page_id=5147&amp;lang=en\"><strong>Evidence Proceedings in Giving a Free and Informed Consent in the Connection of Providing Health Care Services<\/strong><\/a><br \/>\nJUDr. Nikolaj Hrib, Ph.D.<\/p>\n<hr \/>\n<p><a href=\"https:\/\/veda.polac.cz\/?page_id=5145&amp;lang=en\"><strong>Corruption in our Society<\/strong><\/a><br \/>\nJUDr. Franti\u0161ek Novotn\u00fd<\/p>\n<hr \/>\n<p><a href=\"https:\/\/veda.polac.cz\/?page_id=5149&amp;lang=en\"><strong>Novelisation of the Public Assembly Act from the Perspective of Democracy Protection: Ban on Disguising<\/strong><\/a><br \/>\nBc. V\u00e1clav Walach<\/p>\n<hr \/>\n<p><strong>Review of the Monograph &#8222;Masterly Management of Human Resources<\/strong><br \/>\nMgr. Anton\u00edn Slab\u00fd<\/p>\n<hr \/>\n<p><strong>Information on the 97the \u017dof\u00edn Forum &#8222;Where is the Czech Republic\u00b4s Slump Bottom in the Corruption Ladder?<\/strong><br \/>\nPhDr. Petr Jedin\u00e1k, Ph.D.<\/p>\n<hr \/>\n<p><a href=\"https:\/\/veda.polac.cz\/?page_id=1987&amp;lang=en\">Back<\/a><\/p>\n","protected":false},"excerpt":{"rendered":"<p>Factual Ideas on the Origin of State and Methods of Governing in a State Respecting the Rule of Law doc. JUDr. Vladim\u00edr Zoubek, CSc. Transfer of Knowledge in Different Organizational Structures doc. Ing. Roman Zuz\u00e1k, Ph.D., Ing. Martina K\u00f6nigov\u00e1, Ph.D., Ing. Hana Urbancov\u00e1,Ing. Michal Ba\u010dovsk\u00fd Paramilitarism as a Security Threat for the Czech Republic doc. [&hellip;]<\/p>\n","protected":false},"author":2,"featured_media":0,"parent":1987,"menu_order":45,"comment_status":"closed","ping_status":"closed","template":"","meta":{"footnotes":""},"class_list":["post-2087","page","type-page","status-publish","hentry"],"_links":{"self":[{"href":"https:\/\/veda.polac.cz\/index.php?rest_route=\/wp\/v2\/pages\/2087","targetHints":{"allow":["GET"]}}],"collection":[{"href":"https:\/\/veda.polac.cz\/index.php?rest_route=\/wp\/v2\/pages"}],"about":[{"href":"https:\/\/veda.polac.cz\/index.php?rest_route=\/wp\/v2\/types\/page"}],"author":[{"embeddable":true,"href":"https:\/\/veda.polac.cz\/index.php?rest_route=\/wp\/v2\/users\/2"}],"replies":[{"embeddable":true,"href":"https:\/\/veda.polac.cz\/index.php?rest_route=%2Fwp%2Fv2%2Fcomments&post=2087"}],"version-history":[{"count":3,"href":"https:\/\/veda.polac.cz\/index.php?rest_route=\/wp\/v2\/pages\/2087\/revisions"}],"predecessor-version":[{"id":5153,"href":"https:\/\/veda.polac.cz\/index.php?rest_route=\/wp\/v2\/pages\/2087\/revisions\/5153"}],"up":[{"embeddable":true,"href":"https:\/\/veda.polac.cz\/index.php?rest_route=\/wp\/v2\/pages\/1987"}],"wp:attachment":[{"href":"https:\/\/veda.polac.cz\/index.php?rest_route=%2Fwp%2Fv2%2Fmedia&parent=2087"}],"curies":[{"name":"wp","href":"https:\/\/api.w.org\/{rel}","templated":true}]}}