{"id":2057,"date":"2018-10-31T23:13:14","date_gmt":"2018-10-31T23:13:14","guid":{"rendered":"http:\/\/veda.polac.cz\/?page_id=2057"},"modified":"2019-04-24T07:15:14","modified_gmt":"2019-04-24T07:15:14","slug":"special-issue-2013","status":"publish","type":"page","link":"https:\/\/veda.polac.cz\/?page_id=2057&lang=en","title":{"rendered":"Special issue 2013"},"content":{"rendered":"<p><strong>Selectivity of Detection Devices Intended for Ethylalcohol Detection in Exhaled Human Breath<\/strong><br \/>\ndoc. Ing. Jaroslav Such\u00e1nek, CSc.<\/p>\n<hr \/>\n<p><strong>Phenomenology of Victimisation<\/strong><br \/>\ndoc. PhDr. Ludmila \u010c\u00edrtkov\u00e1, CSc.<\/p>\n<hr \/>\n<p><strong>Punishment Acceptance and the Values of the Persons Serving a Prison Sentence<\/strong><br \/>\nPhDr. Marcela Moulisov\u00e1, Ph.D.<\/p>\n<hr \/>\n<p><strong>Research of Offenders Convicted of Negligence<\/strong><br \/>\ndoc. JUDr. Ivana Zoubkov\u00e1, CSc.<\/p>\n<hr \/>\n<p><strong>Traditional Methods of Explosive Trace Particles Detection at Security Screening<\/strong><br \/>\nplk. doc. RNDr. Jaroslav Ture\u010dek, Ph.D.<\/p>\n<hr \/>\n<p><strong>Less Lethal Ammunition and Cartridges<\/strong><br \/>\npplk. Mgr. Tom\u00e1\u0161 Novotn\u00fd<\/p>\n<hr \/>\n<p><strong>3D Digitalization of a Crime Scene as a New Documentation Metod of Investigation<\/strong><br \/>\nMgr. Zden\u011bk Marek<\/p>\n<hr \/>\n<p><strong>Juvenile Delinquency Risk Factors &#8211; Analysis of Their Frequency<\/strong><br \/>\nrada pplk. PhDr. JUDr. Jana Firstov\u00e1, Ph.D.<\/p>\n<hr \/>\n<p><strong>Integrity Tests &#8211; an Instrument of Prevention of Offences?<\/strong><br \/>\npplk. JUDr. Josef Hrudka, Ph.D.<\/p>\n<hr \/>\n<p><strong>(Different) Roles of Intelligence Services and the Police and Their Attitudes Towards Investigating and Detecting Specific Spheres of Crime<\/strong><br \/>\nJUDr. Ladislav Pokorn\u00fd, Ph.D.<\/p>\n<hr \/>\n<p><strong>Methodology of Criminal Extremism Detection and Investigation<\/strong><br \/>\nprof. JUDr. Mgr. Jana Viktoryov\u00e1, PhD., JUDr. Jaroslav Blatnick\u00fd, PhD.<\/p>\n<hr \/>\n<p><strong>Propaganda Methods of Extremist Scene in the Czech Republic and the Current Trends<\/strong><br \/>\npplk. Mgr. Barbora Vegrichtov\u00e1, MBA<\/p>\n<hr \/>\n<p><strong>The Use of Non-Lethal Weapons in Policing<\/strong><br \/>\npplk. Ing. Ale\u0161 Blahut, kpt. Mgr. Miroslav Rou\u010d<\/p>\n<hr \/>\n<p><strong>Gross Negligence and Traffic Criminal Offences on Roads<\/strong><br \/>\nJUDr. Miroslav Polcar, Ph.D.<\/p>\n<hr \/>\n<p><strong>Possibilities of Modelling Tools Application in Security and Safety Systems of the Czech Republic<\/strong><br \/>\nJUDr. Vladim\u00edr Sou\u010dek, Mgr. Old\u0159ich Krul\u00edk, Ph.D., prof. Ing. Bed\u0159ich \u0160est\u00e1k, DrSc.<\/p>\n<hr \/>\n<p><strong>Communication with the Public in Emergency Situations Focusing on Socigenic Emergency Incidents: Regional Information Sources on Recommended Approach to Deal with Situations of Profound Disruption of Public Order and Security<\/strong><br \/>\nMgr. Old\u0159ich Krul\u00edk, Ph.D.<\/p>\n<hr \/>\n<p><strong>Oil Security and Education From the Perspective of Regional Offices<\/strong><br \/>\nMgr. Luk\u00e1\u0161 Harazin, Mgr. Old\u0159ich Lu\u017ea<\/p>\n<hr \/>\n<p><strong>The Mutual Relation Between the Occurrence of Threats and Their Perception in Terms of Negative Social Phenomena<\/strong><br \/>\nDr. Bc. J\u00e1n \u0160ug\u00e1r, CSc., Mgr. Lenka Jakubcov\u00e1<\/p>\n<hr \/>\n<p><strong>On Selected Issues of Peace Operations in the Post-Modern Era<\/strong><br \/>\nJUDr. Pavel Li\u0161ka<\/p>\n<hr \/>\n<p><strong>Political Extremism and Semantic Differential<\/strong><br \/>\nDr. Zden\u011bk Kova\u0159\u00edk, CSc., Jozef B. Ftorek, M. A.<\/p>\n<hr \/>\n<p><strong>Anti-Extremism Consensus in the Theory and Practice of Democratic State<\/strong><br \/>\ndoc. Ing. Dr. \u0160tefan Danics, Ph.D.<\/p>\n<hr \/>\n<p><strong>Far Right Extremist\/Populist Political Parties in the Selected Europe Union\u00b4s States<\/strong><br \/>\nPhDr. Ladislava Tejchmanov\u00e1, Ph.D., doc. Ing. Dr. \u0160tefan Danics, Ph.D.<\/p>\n<hr \/>\n<p><strong>The Interpreted Results of the Research Carried Out for the Evaluation of Police Officers<\/strong><br \/>\nPhDr. Petr Jedin\u00e1k, Ph.D., Ing. Marek \u010cand\u00edk, PhD., Dr. Zden\u011bk Kova\u0159\u00edk, CSc.<\/p>\n<hr \/>\n<p><strong>The Selected Aspects of Cyber Crime Trends<\/strong><br \/>\ndoc. RNDr. Josef Po\u017e\u00e1r, CSc., Mgr. Old\u0159ich Krul\u00edk, Ph.D.<\/p>\n<hr \/>\n<p><strong>Responsibility for Some Mixed Administrative Offences Under the Act on Radio and Television Broadcasting<\/strong><br \/>\ndoc. JUDr. Eva Horzinkov\u00e1, Ph.D.<\/p>\n<hr \/>\n<p><strong>General Considerations of the Administrative Punishment in Relation to Offences<\/strong><br \/>\ndoc. JUDr. Eva Horzinkov\u00e1, Ph.D.<\/p>\n<hr \/>\n<p><strong>The Concept of Administrative Offences<\/strong><br \/>\nJUDr. Zden\u011bk Fiala, Ph.D.<\/p>\n<hr \/>\n<p><strong>Internet Assistance of Education at the Police Academy of the Czech Republic in Prague<\/strong><br \/>\nJUDr. \u0160t\u011bp\u00e1n Kalam\u00e1r, Ph.D., Ing. Bc. Marek \u010cand\u00edk, PhD.<\/p>\n<hr \/>\n<p><strong>Child Cyber Crime<\/strong><br \/>\nMgr. Luk\u00e1\u0161 Habich, JUDr. \u0160t\u011bp\u00e1n Kalam\u00e1r, Ph.D.<\/p>\n<hr \/>\n<p><a href=\"https:\/\/veda.polac.cz\/?page_id=4702&amp;lang=en\">Resume of special issue<\/a><\/p>\n<p><a href=\"https:\/\/veda.polac.cz\/?page_id=1987&amp;lang=en\">Back<\/a><\/p>\n","protected":false},"excerpt":{"rendered":"<p>Selectivity of Detection Devices Intended for Ethylalcohol Detection in Exhaled Human Breath doc. Ing. Jaroslav Such\u00e1nek, CSc. Phenomenology of Victimisation doc. PhDr. Ludmila \u010c\u00edrtkov\u00e1, CSc. Punishment Acceptance and the Values of the Persons Serving a Prison Sentence PhDr. Marcela Moulisov\u00e1, Ph.D. Research of Offenders Convicted of Negligence doc. JUDr. Ivana Zoubkov\u00e1, CSc. Traditional Methods of [&hellip;]<\/p>\n","protected":false},"author":2,"featured_media":0,"parent":1987,"menu_order":32,"comment_status":"closed","ping_status":"closed","template":"","meta":{"footnotes":""},"class_list":["post-2057","page","type-page","status-publish","hentry"],"_links":{"self":[{"href":"https:\/\/veda.polac.cz\/index.php?rest_route=\/wp\/v2\/pages\/2057","targetHints":{"allow":["GET"]}}],"collection":[{"href":"https:\/\/veda.polac.cz\/index.php?rest_route=\/wp\/v2\/pages"}],"about":[{"href":"https:\/\/veda.polac.cz\/index.php?rest_route=\/wp\/v2\/types\/page"}],"author":[{"embeddable":true,"href":"https:\/\/veda.polac.cz\/index.php?rest_route=\/wp\/v2\/users\/2"}],"replies":[{"embeddable":true,"href":"https:\/\/veda.polac.cz\/index.php?rest_route=%2Fwp%2Fv2%2Fcomments&post=2057"}],"version-history":[{"count":2,"href":"https:\/\/veda.polac.cz\/index.php?rest_route=\/wp\/v2\/pages\/2057\/revisions"}],"predecessor-version":[{"id":4710,"href":"https:\/\/veda.polac.cz\/index.php?rest_route=\/wp\/v2\/pages\/2057\/revisions\/4710"}],"up":[{"embeddable":true,"href":"https:\/\/veda.polac.cz\/index.php?rest_route=\/wp\/v2\/pages\/1987"}],"wp:attachment":[{"href":"https:\/\/veda.polac.cz\/index.php?rest_route=%2Fwp%2Fv2%2Fmedia&parent=2057"}],"curies":[{"name":"wp","href":"https:\/\/api.w.org\/{rel}","templated":true}]}}