{"id":1894,"date":"2018-10-07T12:02:54","date_gmt":"2018-10-07T12:02:54","guid":{"rendered":"http:\/\/veda.polac.cz\/?page_id=1894"},"modified":"2018-10-27T19:00:58","modified_gmt":"2018-10-27T19:00:58","slug":"8-2-11","status":"publish","type":"page","link":"https:\/\/veda.polac.cz\/?page_id=1894","title":{"rendered":""},"content":{"rendered":"<p style=\"text-align: center;\">Resum\u00e9 \u010dl\u00e1nku<\/p>\n<p style=\"font-weight: 400;\"><b><strong>Obecn\u00e9 a civiln\u011b spr\u00e1vn\u00ed informa\u010dn\u00ed syst\u00e9my vyu\u017e\u00edvan\u00e9 v\u00a0policejn\u011b bezpe\u010dnostn\u00ed \u010dinnosti<\/strong><\/b><b>\u00a0<\/b><b><br \/>\n<\/b><i>doc. RNDr. Josef Po\u017e\u00e1r, CSc., JUDr. \u0160t\u011bp\u00e1n Kalam\u00e1r<\/i><\/p>\n<p style=\"font-weight: 400;\">\u010cl\u00e1nek se zab\u00fdv\u00e1 vybran\u00fdmi informa\u010dn\u00edmi syst\u00e9my, kter\u00e9 mohou vyu\u017e\u00edvat poli-cejn\u011b bezpe\u010dnostn\u00ed org\u00e1ny p\u0159i odhalov\u00e1n\u00ed a vy\u0161et\u0159ov\u00e1n\u00ed trestn\u00e9 \u010dinnosti. Popisuje ci-viln\u011b spr\u00e1vn\u00ed informa\u010dn\u00ed syst\u00e9my a poukazuje na dal\u0161\u00ed rozvoj informatizace ve ve-\u0159ejn\u00e9 spr\u00e1v\u011b a samospr\u00e1v\u011b. Pojedn\u00e1v\u00e1 tak\u00e9 o mo\u017enostech n\u00e1vrhu z\u00e1kona o e-Go-vernmentu, kter\u00fd umo\u017en\u00ed zrychlit a zefektivnit n\u011bkter\u00e9 procesn\u00ed \u00fakony v\u00a0oblasti spr\u00e1v-n\u00ed \u010dinnosti odpov\u011bdn\u00fdch org\u00e1n\u016f a organizac\u00ed.<br \/>\nKl\u00ed\u010dov\u00e1 slova:\u00a0Informa\u010dn\u00ed syst\u00e9m, civiln\u011b spr\u00e1vn\u00ed informa\u010dn\u00ed syst\u00e9m, Informa\u010dn\u00ed syst\u00e9m radnice VERA, e-Government.<\/p>\n<p><a href=\"https:\/\/veda.polac.cz\/?page_id=1666\">01\/2007<\/a><\/p>\n","protected":false},"excerpt":{"rendered":"<p>Resum\u00e9 \u010dl\u00e1nku Obecn\u00e9 a civiln\u011b spr\u00e1vn\u00ed informa\u010dn\u00ed syst\u00e9my vyu\u017e\u00edvan\u00e9 v\u00a0policejn\u011b bezpe\u010dnostn\u00ed \u010dinnosti\u00a0 doc. RNDr. Josef Po\u017e\u00e1r, CSc., JUDr. \u0160t\u011bp\u00e1n Kalam\u00e1r \u010cl\u00e1nek se zab\u00fdv\u00e1 vybran\u00fdmi informa\u010dn\u00edmi syst\u00e9my, kter\u00e9 mohou vyu\u017e\u00edvat poli-cejn\u011b bezpe\u010dnostn\u00ed org\u00e1ny p\u0159i odhalov\u00e1n\u00ed a vy\u0161et\u0159ov\u00e1n\u00ed trestn\u00e9 \u010dinnosti. Popisuje ci-viln\u011b spr\u00e1vn\u00ed informa\u010dn\u00ed syst\u00e9my a poukazuje na dal\u0161\u00ed rozvoj informatizace ve ve-\u0159ejn\u00e9 spr\u00e1v\u011b a samospr\u00e1v\u011b. Pojedn\u00e1v\u00e1 [&hellip;]<\/p>\n","protected":false},"author":2,"featured_media":0,"parent":0,"menu_order":8,"comment_status":"closed","ping_status":"closed","template":"","meta":{"footnotes":""},"class_list":["post-1894","page","type-page","status-publish","hentry"],"_links":{"self":[{"href":"https:\/\/veda.polac.cz\/index.php?rest_route=\/wp\/v2\/pages\/1894","targetHints":{"allow":["GET"]}}],"collection":[{"href":"https:\/\/veda.polac.cz\/index.php?rest_route=\/wp\/v2\/pages"}],"about":[{"href":"https:\/\/veda.polac.cz\/index.php?rest_route=\/wp\/v2\/types\/page"}],"author":[{"embeddable":true,"href":"https:\/\/veda.polac.cz\/index.php?rest_route=\/wp\/v2\/users\/2"}],"replies":[{"embeddable":true,"href":"https:\/\/veda.polac.cz\/index.php?rest_route=%2Fwp%2Fv2%2Fcomments&post=1894"}],"version-history":[{"count":2,"href":"https:\/\/veda.polac.cz\/index.php?rest_route=\/wp\/v2\/pages\/1894\/revisions"}],"predecessor-version":[{"id":1914,"href":"https:\/\/veda.polac.cz\/index.php?rest_route=\/wp\/v2\/pages\/1894\/revisions\/1914"}],"wp:attachment":[{"href":"https:\/\/veda.polac.cz\/index.php?rest_route=%2Fwp%2Fv2%2Fmedia&parent=1894"}],"curies":[{"name":"wp","href":"https:\/\/api.w.org\/{rel}","templated":true}]}}