{"id":1892,"date":"2018-10-07T12:00:57","date_gmt":"2018-10-07T12:00:57","guid":{"rendered":"http:\/\/veda.polac.cz\/?page_id=1892"},"modified":"2018-10-27T19:00:58","modified_gmt":"2018-10-27T19:00:58","slug":"7-2-15","status":"publish","type":"page","link":"https:\/\/veda.polac.cz\/?page_id=1892","title":{"rendered":""},"content":{"rendered":"<p style=\"text-align: center;\">Resum\u00e9 \u010dl\u00e1nku<\/p>\n<p style=\"font-weight: 400;\"><strong>Pozn\u00e1mky k\u00a0formulaci \u00falohy, probl\u00e9mu a situace v\u00a0policejn\u011b bezpe\u010dnostn\u00ed \u010dinnosti<\/strong><br \/>\n<em>doc. RNDr. Josef Po\u017e\u00e1r, CSc.<\/em><\/p>\n<p style=\"font-weight: 400;\">\u010cl\u00e1nek se zab\u00fdv\u00e1 obecn\u00fdmi teoretick\u00fdmi aspekty stanoven\u00ed \u010di definice \u00falohy, probl\u00e9mu a situace v\u00a0policejn\u011b bezpe\u010dnostn\u00ed \u010dinnosti. Poukazuje na pon\u011bkud forma-lizovan\u00e9 vymezen\u00ed pojet\u00ed tohoto fenom\u00e9nu na z\u00e1klad\u011b kanonick\u00e9 formulace \u00falohy, probl\u00e9mu a situace. Pojedn\u00e1v\u00e1 tak\u00e9 o vlastnostech neur\u010ditosti v\u00a0\u0159e\u0161en\u00ed \u00falohy v\u00a0souvislosti se\u00a0zaveden\u00fdmi oper\u00e1tory a heuristick\u00fdmi \u010di stochastick\u00fdmi algoritmy \u0159e\u0161en\u00ed procedur.<br \/>\nKl\u00ed\u010dov\u00e1 slova:\u00a0\u00faloha, probl\u00e9m, situace, probl\u00e9mov\u00e1 situace, policejn\u011b bezpe\u010dnostn\u00ed situace.<\/p>\n<p><a href=\"https:\/\/veda.polac.cz\/?page_id=1666\">01\/2007<\/a><\/p>\n","protected":false},"excerpt":{"rendered":"<p>Resum\u00e9 \u010dl\u00e1nku Pozn\u00e1mky k\u00a0formulaci \u00falohy, probl\u00e9mu a situace v\u00a0policejn\u011b bezpe\u010dnostn\u00ed \u010dinnosti doc. RNDr. Josef Po\u017e\u00e1r, CSc. \u010cl\u00e1nek se zab\u00fdv\u00e1 obecn\u00fdmi teoretick\u00fdmi aspekty stanoven\u00ed \u010di definice \u00falohy, probl\u00e9mu a situace v\u00a0policejn\u011b bezpe\u010dnostn\u00ed \u010dinnosti. Poukazuje na pon\u011bkud forma-lizovan\u00e9 vymezen\u00ed pojet\u00ed tohoto fenom\u00e9nu na z\u00e1klad\u011b kanonick\u00e9 formulace \u00falohy, probl\u00e9mu a situace. Pojedn\u00e1v\u00e1 tak\u00e9 o vlastnostech neur\u010ditosti v\u00a0\u0159e\u0161en\u00ed \u00falohy [&hellip;]<\/p>\n","protected":false},"author":2,"featured_media":0,"parent":0,"menu_order":7,"comment_status":"closed","ping_status":"closed","template":"","meta":{"footnotes":""},"class_list":["post-1892","page","type-page","status-publish","hentry"],"_links":{"self":[{"href":"https:\/\/veda.polac.cz\/index.php?rest_route=\/wp\/v2\/pages\/1892","targetHints":{"allow":["GET"]}}],"collection":[{"href":"https:\/\/veda.polac.cz\/index.php?rest_route=\/wp\/v2\/pages"}],"about":[{"href":"https:\/\/veda.polac.cz\/index.php?rest_route=\/wp\/v2\/types\/page"}],"author":[{"embeddable":true,"href":"https:\/\/veda.polac.cz\/index.php?rest_route=\/wp\/v2\/users\/2"}],"replies":[{"embeddable":true,"href":"https:\/\/veda.polac.cz\/index.php?rest_route=%2Fwp%2Fv2%2Fcomments&post=1892"}],"version-history":[{"count":2,"href":"https:\/\/veda.polac.cz\/index.php?rest_route=\/wp\/v2\/pages\/1892\/revisions"}],"predecessor-version":[{"id":1913,"href":"https:\/\/veda.polac.cz\/index.php?rest_route=\/wp\/v2\/pages\/1892\/revisions\/1913"}],"wp:attachment":[{"href":"https:\/\/veda.polac.cz\/index.php?rest_route=%2Fwp%2Fv2%2Fmedia&parent=1892"}],"curies":[{"name":"wp","href":"https:\/\/api.w.org\/{rel}","templated":true}]}}