{"id":1860,"date":"2018-10-07T00:51:51","date_gmt":"2018-10-07T00:51:51","guid":{"rendered":"http:\/\/veda.polac.cz\/?page_id=1860"},"modified":"2018-10-27T19:01:42","modified_gmt":"2018-10-27T19:01:42","slug":"15-2-2","status":"publish","type":"page","link":"https:\/\/veda.polac.cz\/?page_id=1860","title":{"rendered":""},"content":{"rendered":"<p style=\"text-align: center;\">Resum\u00e9 \u010dl\u00e1nku<\/p>\n<p><strong>Bari\u00e9ry komunikace st\u0159edo\u0161kolsk\u00e9 ml\u00e1de\u017ee a\u00a0mo\u017enost sd\u00edlen\u00ed spole\u010dn\u00e9ho sv\u011bta\u00a0<\/strong><br \/>\n<em>PhDr. David Kr\u00e1msk\u00fd, Ph.D.<\/em><\/p>\n<p>Smyslem textu je stru\u010dn\u011b informovat o pr\u016fb\u011bhu a zp\u016fsobu \u0159e\u0161en\u00ed v\u00fdzkumn\u00e9ho integrovan\u00e9ho \u00fakolu 4\/6 Bariery komunikace a konfrontovat jej s\u00a0odbornou ve\u0159ejnost\u00ed. Autor se v\u00a0\u010dl\u00e1nku pokus\u00ed artikulovat obecn\u00e1 v\u00fdchodiska projektu.<br \/>\nKl\u00ed\u010dov\u00e1 slova: v\u00fdzkum, projekt, v\u00fdchova, ml\u00e1de\u017e, etika<\/p>\n<p><a href=\"https:\/\/veda.polac.cz\/?page_id=1668\">04\/2006<\/a><\/p>\n","protected":false},"excerpt":{"rendered":"<p>Resum\u00e9 \u010dl\u00e1nku Bari\u00e9ry komunikace st\u0159edo\u0161kolsk\u00e9 ml\u00e1de\u017ee a\u00a0mo\u017enost sd\u00edlen\u00ed spole\u010dn\u00e9ho sv\u011bta\u00a0 PhDr. David Kr\u00e1msk\u00fd, Ph.D. Smyslem textu je stru\u010dn\u011b informovat o pr\u016fb\u011bhu a zp\u016fsobu \u0159e\u0161en\u00ed v\u00fdzkumn\u00e9ho integrovan\u00e9ho \u00fakolu 4\/6 Bariery komunikace a konfrontovat jej s\u00a0odbornou ve\u0159ejnost\u00ed. Autor se v\u00a0\u010dl\u00e1nku pokus\u00ed artikulovat obecn\u00e1 v\u00fdchodiska projektu. Kl\u00ed\u010dov\u00e1 slova: v\u00fdzkum, projekt, v\u00fdchova, ml\u00e1de\u017e, etika 04\/2006<\/p>\n","protected":false},"author":2,"featured_media":0,"parent":0,"menu_order":15,"comment_status":"closed","ping_status":"closed","template":"","meta":{"footnotes":""},"class_list":["post-1860","page","type-page","status-publish","hentry"],"_links":{"self":[{"href":"https:\/\/veda.polac.cz\/index.php?rest_route=\/wp\/v2\/pages\/1860","targetHints":{"allow":["GET"]}}],"collection":[{"href":"https:\/\/veda.polac.cz\/index.php?rest_route=\/wp\/v2\/pages"}],"about":[{"href":"https:\/\/veda.polac.cz\/index.php?rest_route=\/wp\/v2\/types\/page"}],"author":[{"embeddable":true,"href":"https:\/\/veda.polac.cz\/index.php?rest_route=\/wp\/v2\/users\/2"}],"replies":[{"embeddable":true,"href":"https:\/\/veda.polac.cz\/index.php?rest_route=%2Fwp%2Fv2%2Fcomments&post=1860"}],"version-history":[{"count":2,"href":"https:\/\/veda.polac.cz\/index.php?rest_route=\/wp\/v2\/pages\/1860\/revisions"}],"predecessor-version":[{"id":1879,"href":"https:\/\/veda.polac.cz\/index.php?rest_route=\/wp\/v2\/pages\/1860\/revisions\/1879"}],"wp:attachment":[{"href":"https:\/\/veda.polac.cz\/index.php?rest_route=%2Fwp%2Fv2%2Fmedia&parent=1860"}],"curies":[{"name":"wp","href":"https:\/\/api.w.org\/{rel}","templated":true}]}}