{"id":1846,"date":"2018-10-07T00:40:47","date_gmt":"2018-10-07T00:40:47","guid":{"rendered":"http:\/\/veda.polac.cz\/?page_id=1846"},"modified":"2018-10-27T19:01:42","modified_gmt":"2018-10-27T19:01:42","slug":"8-2-16","status":"publish","type":"page","link":"https:\/\/veda.polac.cz\/?page_id=1846","title":{"rendered":""},"content":{"rendered":"<p style=\"text-align: center;\">Resum\u00e9 \u010dl\u00e1nku<\/p>\n<p style=\"font-weight: 400;\"><strong>Limitativn\u00ed faktory syst\u00e9mu priv\u00e1tn\u00edch bezpe\u010dnostn\u00edch slu\u017eeb<br \/>\n<\/strong><em>PaedDr. Franti\u0161ek Nov\u00e1k<\/em><\/p>\n<p style=\"font-weight: 400;\">Rozporupln\u00e9 z\u00e1jmy z\u00e1kazn\u00edka, zam\u011bstnavatele a v\u00fdkonn\u00e9ho zam\u011bstnance soukrom\u00fdch bezpe\u010dnostn\u00edch slu\u017eeb i sou\u010dasn\u00e1 pr\u00e1vn\u00ed \u00faprava \u010din\u00ed ze z\u00e1kroku na ochranu opr\u00e1vn\u011bn\u00fdch z\u00e1jm\u016f z\u00e1kazn\u00edka bezpe\u010dnostn\u00edch slu\u017eeb pro v\u00fdkonn\u00e9ho bezpe\u010dnostn\u00edch zam\u011bstnance velmi riskantn\u00ed \u010dinnost. Dal\u0161\u00edm, jen st\u011b\u017e\u00ed \u0159e\u0161iteln\u00fdm rozporem, je snaha z\u00e1kazn\u00edka z\u00edskat \u201ebezpe\u010dnost\u201c za nejni\u017e\u0161\u00ed cenu. Pr\u016fvodn\u00edm jevem je nedostate\u010dn\u00e1 kvalifikace zam\u011bstnanc\u016f v\u00a0p\u0159\u00edm\u00e9m v\u00fdkonu a pro manage-menty bezpe\u010dnostn\u00edch slu\u017eeb jejich pom\u011brn\u011b snadn\u00e1 nahraditelnost. To prohlubuje \u0161kodliv\u00e9 d\u016fsledky fluktuace i slab\u00e9 soci\u00e1ln\u00ed a spole\u010densk\u00e9 postaven\u00ed bezpe\u010dnostn\u00edch zam\u011bstnanc\u016f v\u00a0r\u00e1mci syst\u00e9mu SBS. Z\u00e1kazn\u00edk\u016fm bezpe\u010dnostn\u00edch slu\u017eeb se dostane kvalitn\u00edch slu\u017eeb a\u017e za p\u0159edpokladu, \u017ee se ztoto\u017en\u00ed se z\u00e1v\u011brem: \u201eKvalitn\u00ed bezpe\u010d-nostn\u00ed slu\u017eby maj\u00ed svoji cenu a jsou n\u00e1kladem, kter\u00fd se v\u00a0kone\u010dn\u00e9m d\u016fsledku vyplat\u00ed\u201c.<br \/>\nOdborn\u00e1 ve\u0159ejnost je p\u0159ipravena hlavn\u00ed mo\u017enosti n\u00e1pravy hledat uvnit\u0159 firem \u2013 subjekt\u016f bezpe\u010dnostn\u00edch slu\u017eeb. Nesta\u010d\u00ed pouze dosavadn\u00ed n\u00e1stupn\u00ed rekvalifikace zam\u011bstnanc\u016f, prosadit se mus\u00ed pravideln\u00e1 dal\u0161\u00ed zdokonalovac\u00ed \u0161kolen\u00ed, permanentn\u00ed kontrola kvality a anal\u00fdza poskytovan\u00fdch slu\u017eeb. V\u00a0oblasti person\u00e1ln\u00edch vztah\u016f je nutno zlep\u0161it prakticky projevovanou solidaritu zam\u011bstnavatel\u016f se sv\u00fdmi zam\u011bst-nanci. Jednotn\u00e9 standardy kvalifikace by vedly nejen ke zkvalitn\u011bn\u00ed slu\u017eeb, ale i\u00a0k\u00a0lep\u0161\u00edmu soci\u00e1ln\u00edmu postaven\u00ed v\u00fdkonn\u00fdch zam\u011bstnanc\u016f. S\u00a0ohledem na v\u00fdznam bezpe\u010dnostn\u00edch slu\u017eeb jsou nezbytn\u00e9 konkr\u00e9tn\u00ed kroky ke sjednocov\u00e1n\u00ed profesn\u00edho vzd\u011bl\u00e1n\u00ed, kter\u00e9 zakon\u010d\u00ed pom\u011brn\u011b n\u00e1ro\u010dn\u00e1 z\u00e1v\u011bre\u010dn\u00e1 kvalifika\u010dn\u00ed zkou\u0161ka.<br \/>\nKl\u00ed\u010dov\u00e1 slova: Soukrom\u00e9 bezpe\u010dnostn\u00ed slu\u017eby, komerce, poskytovatel bezpe\u010dnostn\u00ed slu\u017eby, pracovn\u011b pr\u00e1vn\u00ed d\u016fsledky, hospod\u00e1\u0159sk\u00fd a konkuren\u010dn\u00ed tlak, lidsk\u00fd faktor, pr\u00e1vo kohokoliv, kvalifikovan\u00fd bezpe\u010dnostn\u00ed person\u00e1l, kvalifika\u010dn\u00ed standardy.<\/p>\n<p><a href=\"https:\/\/veda.polac.cz\/?page_id=1668\">04\/2006<\/a><\/p>\n","protected":false},"excerpt":{"rendered":"<p>Resum\u00e9 \u010dl\u00e1nku Limitativn\u00ed faktory syst\u00e9mu priv\u00e1tn\u00edch bezpe\u010dnostn\u00edch slu\u017eeb PaedDr. Franti\u0161ek Nov\u00e1k Rozporupln\u00e9 z\u00e1jmy z\u00e1kazn\u00edka, zam\u011bstnavatele a v\u00fdkonn\u00e9ho zam\u011bstnance soukrom\u00fdch bezpe\u010dnostn\u00edch slu\u017eeb i sou\u010dasn\u00e1 pr\u00e1vn\u00ed \u00faprava \u010din\u00ed ze z\u00e1kroku na ochranu opr\u00e1vn\u011bn\u00fdch z\u00e1jm\u016f z\u00e1kazn\u00edka bezpe\u010dnostn\u00edch slu\u017eeb pro v\u00fdkonn\u00e9ho bezpe\u010dnostn\u00edch zam\u011bstnance velmi riskantn\u00ed \u010dinnost. Dal\u0161\u00edm, jen st\u011b\u017e\u00ed \u0159e\u0161iteln\u00fdm rozporem, je snaha z\u00e1kazn\u00edka z\u00edskat \u201ebezpe\u010dnost\u201c za nejni\u017e\u0161\u00ed cenu. [&hellip;]<\/p>\n","protected":false},"author":2,"featured_media":0,"parent":0,"menu_order":8,"comment_status":"closed","ping_status":"closed","template":"","meta":{"footnotes":""},"class_list":["post-1846","page","type-page","status-publish","hentry"],"_links":{"self":[{"href":"https:\/\/veda.polac.cz\/index.php?rest_route=\/wp\/v2\/pages\/1846","targetHints":{"allow":["GET"]}}],"collection":[{"href":"https:\/\/veda.polac.cz\/index.php?rest_route=\/wp\/v2\/pages"}],"about":[{"href":"https:\/\/veda.polac.cz\/index.php?rest_route=\/wp\/v2\/types\/page"}],"author":[{"embeddable":true,"href":"https:\/\/veda.polac.cz\/index.php?rest_route=\/wp\/v2\/users\/2"}],"replies":[{"embeddable":true,"href":"https:\/\/veda.polac.cz\/index.php?rest_route=%2Fwp%2Fv2%2Fcomments&post=1846"}],"version-history":[{"count":2,"href":"https:\/\/veda.polac.cz\/index.php?rest_route=\/wp\/v2\/pages\/1846\/revisions"}],"predecessor-version":[{"id":1871,"href":"https:\/\/veda.polac.cz\/index.php?rest_route=\/wp\/v2\/pages\/1846\/revisions\/1871"}],"wp:attachment":[{"href":"https:\/\/veda.polac.cz\/index.php?rest_route=%2Fwp%2Fv2%2Fmedia&parent=1846"}],"curies":[{"name":"wp","href":"https:\/\/api.w.org\/{rel}","templated":true}]}}