{"id":1844,"date":"2018-10-07T00:39:21","date_gmt":"2018-10-07T00:39:21","guid":{"rendered":"http:\/\/veda.polac.cz\/?page_id=1844"},"modified":"2018-10-27T19:00:39","modified_gmt":"2018-10-27T19:00:39","slug":"7-2-14","status":"publish","type":"page","link":"https:\/\/veda.polac.cz\/?page_id=1844","title":{"rendered":""},"content":{"rendered":"<p style=\"text-align: center;\">Resum\u00e9 \u010dl\u00e1nku<\/p>\n<p style=\"font-weight: 400;\"><strong>Soukrom\u00e9 bezpe\u010dnostn\u00ed slu\u017eby u n\u00e1s a v\u00a0n\u011bkter\u00fdch dal\u0161\u00edch zem\u00edch<br \/>\n<\/strong><em>doc. JUDr. Eva Horzinkov\u00e1, CSc.<\/em><\/p>\n<p style=\"font-weight: 400;\">Soukrom\u00e9 bezpe\u010dnostn\u00ed slu\u017eby jsou ned\u00edlnou sou\u010d\u00e1st\u00ed ka\u017ed\u00e9ho st\u00e1tu s\u00a0rozvinu-tou tr\u017en\u00ed ekonomikou. V\u00a0ka\u017ed\u00e9 zemi by t\u00e9to podnikatelsk\u00e9 \u010dinnosti m\u011bla b\u00fdt v\u011bnov\u00e1-na ur\u010dit\u00e1 pozornost a m\u011bla by b\u00fdt dostate\u010dn\u011b legislativn\u011b upravena. Dosavadn\u00ed stav provozov\u00e1n\u00ed soukrom\u00fdch bezpe\u010dnostn\u00edch \u010dinnost\u00ed z\u00a0hlediska jejich ve\u0159ejnopr\u00e1vn\u00ed \u00fapravy je nedostate\u010dn\u00fd a nerespektuje jejich specifick\u00e9 rysy a neodpov\u00edd\u00e1 sou\u010das-n\u00fdm pot\u0159eb\u00e1m. Inspiraci lze hledat v\u00a0nov\u00e9 pr\u00e1vn\u00ed \u00faprav\u011b t\u00e9to oblasti Slovensk\u00e9 republiky. V\u00a0\u010dl\u00e1nku jsou zm\u00edn\u011bny z\u00e1kladn\u00ed probl\u00e9my, jim\u017e by se p\u0159i tvorb\u011b nov\u00e9 legislativn\u00ed \u00fapravy m\u011bla v\u011bnovat pozornost. Pat\u0159\u00ed k\u00a0nim zejm\u00e9na proces rozhodov\u00e1n\u00ed o ud\u011blen\u00ed licence a posuzov\u00e1n\u00ed zp\u016fsobilosti a spolehlivosti \u017eadatele.<br \/>\nKl\u00ed\u010dov\u00e1 slova: soukrom\u00e9 bezpe\u010dnostn\u00ed slu\u017eby, legislativa<\/p>\n<p><a href=\"https:\/\/veda.polac.cz\/?page_id=1668\">04\/2006<\/a><\/p>\n","protected":false},"excerpt":{"rendered":"<p>Resum\u00e9 \u010dl\u00e1nku Soukrom\u00e9 bezpe\u010dnostn\u00ed slu\u017eby u n\u00e1s a v\u00a0n\u011bkter\u00fdch dal\u0161\u00edch zem\u00edch doc. JUDr. Eva Horzinkov\u00e1, CSc. Soukrom\u00e9 bezpe\u010dnostn\u00ed slu\u017eby jsou ned\u00edlnou sou\u010d\u00e1st\u00ed ka\u017ed\u00e9ho st\u00e1tu s\u00a0rozvinu-tou tr\u017en\u00ed ekonomikou. V\u00a0ka\u017ed\u00e9 zemi by t\u00e9to podnikatelsk\u00e9 \u010dinnosti m\u011bla b\u00fdt v\u011bnov\u00e1-na ur\u010dit\u00e1 pozornost a m\u011bla by b\u00fdt dostate\u010dn\u011b legislativn\u011b upravena. Dosavadn\u00ed stav provozov\u00e1n\u00ed soukrom\u00fdch bezpe\u010dnostn\u00edch \u010dinnost\u00ed z\u00a0hlediska jejich ve\u0159ejnopr\u00e1vn\u00ed \u00fapravy [&hellip;]<\/p>\n","protected":false},"author":2,"featured_media":0,"parent":0,"menu_order":7,"comment_status":"closed","ping_status":"closed","template":"","meta":{"footnotes":""},"class_list":["post-1844","page","type-page","status-publish","hentry"],"_links":{"self":[{"href":"https:\/\/veda.polac.cz\/index.php?rest_route=\/wp\/v2\/pages\/1844","targetHints":{"allow":["GET"]}}],"collection":[{"href":"https:\/\/veda.polac.cz\/index.php?rest_route=\/wp\/v2\/pages"}],"about":[{"href":"https:\/\/veda.polac.cz\/index.php?rest_route=\/wp\/v2\/types\/page"}],"author":[{"embeddable":true,"href":"https:\/\/veda.polac.cz\/index.php?rest_route=\/wp\/v2\/users\/2"}],"replies":[{"embeddable":true,"href":"https:\/\/veda.polac.cz\/index.php?rest_route=%2Fwp%2Fv2%2Fcomments&post=1844"}],"version-history":[{"count":2,"href":"https:\/\/veda.polac.cz\/index.php?rest_route=\/wp\/v2\/pages\/1844\/revisions"}],"predecessor-version":[{"id":1870,"href":"https:\/\/veda.polac.cz\/index.php?rest_route=\/wp\/v2\/pages\/1844\/revisions\/1870"}],"wp:attachment":[{"href":"https:\/\/veda.polac.cz\/index.php?rest_route=%2Fwp%2Fv2%2Fmedia&parent=1844"}],"curies":[{"name":"wp","href":"https:\/\/api.w.org\/{rel}","templated":true}]}}