{"id":1819,"date":"2018-10-07T00:27:58","date_gmt":"2018-10-07T00:27:58","guid":{"rendered":"http:\/\/veda.polac.cz\/?page_id=1819"},"modified":"2018-11-02T22:15:59","modified_gmt":"2018-11-02T22:15:59","slug":"1-2-16","status":"publish","type":"page","link":"https:\/\/veda.polac.cz\/?page_id=1819","title":{"rendered":""},"content":{"rendered":"<p style=\"text-align: center;\">Resum\u00e9 \u010dl\u00e1nku<\/p>\n<p style=\"font-weight: 400;\"><strong>K probl\u00e9mu geneze a v\u00fdvoje politick\u00e9ho isl\u00e1mu: Modernizace, migrace, urbanizace, loajalita<br \/>\n<\/strong><em>Mgr. Leo\u0161 Tu\u010dek<\/em><\/p>\n<p style=\"font-weight: 400;\">Hlavn\u00edm c\u00edlem p\u0159edlo\u017een\u00e9ho textu byla kontextualizace pojm\u016f politick\u00e9ho a\u00a0glo-b\u00e1ln\u00edho isl\u00e1mu zp\u016fsobem, kter\u00fd se pokou\u0161\u00ed reinterpretovat pojem modernizace. Ten-to zp\u016fsob pravd\u011bpodobn\u011b adekv\u00e1tn\u011bji popisuje politick\u00fd isl\u00e1m jako produkt formy modern\u00edho z\u00e1pasu o isl\u00e1msk\u00fd st\u00e1t. Uveden\u00e9mu pojmu nekoresponduje pojem glob\u00e1l-n\u00edho isl\u00e1mu, jen\u017e odpov\u00edd\u00e1 slo\u017eit\u00e9mu v\u00fdvoji muslimsk\u00e9 spole\u010dnosti a je v\u00fdrazem snah o transformaci muslimsk\u00e9 spole\u010dnosti ve spole\u010dnost isl\u00e1mskou v\u00a0podm\u00ednk\u00e1ch globalizace. Zat\u00edmco pokus vytvo\u0159it isl\u00e1msk\u00fd st\u00e1t m\u016f\u017ee b\u00fdt vykl\u00e1d\u00e1n jako extr\u00e9mn\u00ed reakce konkr\u00e9tn\u00ed politick\u00e9 opozice na pot\u00ed\u017ee d\u00edl\u010d\u00edho moderniza\u010dn\u00edho projektu (migra-ce, urbanizace\u2026), pokus o vytvo\u0159en\u00ed isl\u00e1msk\u00e9 spole\u010dnosti lze pova\u017eovat za mor\u00e1ln\u00ed utopii, je\u017e nalezla \u017eivnou p\u016fdu ve\u00a0vyko\u0159en\u011bn\u00e9 modernizovan\u00e9 muslimsk\u00e9 spole\u010dnosti anebo za pokus o islamizaci modernity v\u00a0podm\u00ednk\u00e1ch glob\u00e1ln\u00edch proces\u016f, je\u017e ohro-\u017euj\u00ed modernizovan\u00e9 muslimsk\u00e9 spole\u010dnosti dekulturac\u00ed.<br \/>\nKl\u00ed\u010dov\u00e1 slova: isl\u00e1m, islamismus, \u0161ar\u00edja, panislamismus, n\u00e1bo\u017eenstv\u00ed, globalizace, migrace<\/p>\n<p><a href=\"https:\/\/veda.polac.cz\/?page_id=1668\">04\/2006<\/a><\/p>\n","protected":false},"excerpt":{"rendered":"<p>Resum\u00e9 \u010dl\u00e1nku K probl\u00e9mu geneze a v\u00fdvoje politick\u00e9ho isl\u00e1mu: Modernizace, migrace, urbanizace, loajalita Mgr. Leo\u0161 Tu\u010dek Hlavn\u00edm c\u00edlem p\u0159edlo\u017een\u00e9ho textu byla kontextualizace pojm\u016f politick\u00e9ho a\u00a0glo-b\u00e1ln\u00edho isl\u00e1mu zp\u016fsobem, kter\u00fd se pokou\u0161\u00ed reinterpretovat pojem modernizace. Ten-to zp\u016fsob pravd\u011bpodobn\u011b adekv\u00e1tn\u011bji popisuje politick\u00fd isl\u00e1m jako produkt formy modern\u00edho z\u00e1pasu o isl\u00e1msk\u00fd st\u00e1t. Uveden\u00e9mu pojmu nekoresponduje pojem glob\u00e1l-n\u00edho isl\u00e1mu, jen\u017e [&hellip;]<\/p>\n","protected":false},"author":2,"featured_media":0,"parent":1668,"menu_order":1,"comment_status":"closed","ping_status":"closed","template":"","meta":{"footnotes":""},"class_list":["post-1819","page","type-page","status-publish","hentry"],"_links":{"self":[{"href":"https:\/\/veda.polac.cz\/index.php?rest_route=\/wp\/v2\/pages\/1819","targetHints":{"allow":["GET"]}}],"collection":[{"href":"https:\/\/veda.polac.cz\/index.php?rest_route=\/wp\/v2\/pages"}],"about":[{"href":"https:\/\/veda.polac.cz\/index.php?rest_route=\/wp\/v2\/types\/page"}],"author":[{"embeddable":true,"href":"https:\/\/veda.polac.cz\/index.php?rest_route=\/wp\/v2\/users\/2"}],"replies":[{"embeddable":true,"href":"https:\/\/veda.polac.cz\/index.php?rest_route=%2Fwp%2Fv2%2Fcomments&post=1819"}],"version-history":[{"count":2,"href":"https:\/\/veda.polac.cz\/index.php?rest_route=\/wp\/v2\/pages\/1819\/revisions"}],"predecessor-version":[{"id":1864,"href":"https:\/\/veda.polac.cz\/index.php?rest_route=\/wp\/v2\/pages\/1819\/revisions\/1864"}],"up":[{"embeddable":true,"href":"https:\/\/veda.polac.cz\/index.php?rest_route=\/wp\/v2\/pages\/1668"}],"wp:attachment":[{"href":"https:\/\/veda.polac.cz\/index.php?rest_route=%2Fwp%2Fv2%2Fmedia&parent=1819"}],"curies":[{"name":"wp","href":"https:\/\/api.w.org\/{rel}","templated":true}]}}