{"id":1807,"date":"2018-10-07T00:16:01","date_gmt":"2018-10-07T00:16:01","guid":{"rendered":"http:\/\/veda.polac.cz\/?page_id=1807"},"modified":"2018-10-27T19:00:38","modified_gmt":"2018-10-27T19:00:38","slug":"9-2-10","status":"publish","type":"page","link":"https:\/\/veda.polac.cz\/?page_id=1807","title":{"rendered":""},"content":{"rendered":"<p style=\"text-align: center;\">Resum\u00e9 \u010dl\u00e1nku<\/p>\n<p style=\"font-weight: 400;\"><strong>\u00davaha k v\u011bd\u011b o bezpe\u010dnosti<br \/>\n<\/strong><em>RNDr. Dana Proch\u00e1zkov\u00e1, DrSc., prof. Ing. Bed\u0159ich \u0160est\u00e1k, DrSc.<\/em><\/p>\n<p style=\"font-weight: 400;\">\u010cl\u00e1nek se zab\u00fdv\u00e1 definicemi z\u00e1kladn\u00edch pojm\u016f sou\u010dasn\u00e9ho managementu jako jsou bezpe\u010dnost, risk management a bezpe\u010dnostn\u00ed management. Auto\u0159i navrhuj\u00ed nov\u00e9\u00a0\u00a0definice t\u011bchto pojm\u016f.\u00a0\u00a0Ze syst\u00e9mov\u00e9ho hlediska je bezpe\u010dnostn\u00ed v\u011bda teori\u00ed chov\u00e1n\u00ed, stability a rozvoje lidsk\u00e9ho syst\u00e9mu.<br \/>\nKl\u00ed\u010dov\u00e1 slova: bezpe\u010dnost, bezpe\u010dnostn\u00ed v\u011bda, bezpe\u010dnostn\u00ed management.<\/p>\n<p><a href=\"https:\/\/veda.polac.cz\/?page_id=1671\">03\/2006<\/a><\/p>\n","protected":false},"excerpt":{"rendered":"<p>Resum\u00e9 \u010dl\u00e1nku \u00davaha k v\u011bd\u011b o bezpe\u010dnosti RNDr. Dana Proch\u00e1zkov\u00e1, DrSc., prof. Ing. Bed\u0159ich \u0160est\u00e1k, DrSc. \u010cl\u00e1nek se zab\u00fdv\u00e1 definicemi z\u00e1kladn\u00edch pojm\u016f sou\u010dasn\u00e9ho managementu jako jsou bezpe\u010dnost, risk management a bezpe\u010dnostn\u00ed management. Auto\u0159i navrhuj\u00ed nov\u00e9\u00a0\u00a0definice t\u011bchto pojm\u016f.\u00a0\u00a0Ze syst\u00e9mov\u00e9ho hlediska je bezpe\u010dnostn\u00ed v\u011bda teori\u00ed chov\u00e1n\u00ed, stability a rozvoje lidsk\u00e9ho syst\u00e9mu. Kl\u00ed\u010dov\u00e1 slova: bezpe\u010dnost, bezpe\u010dnostn\u00ed v\u011bda, bezpe\u010dnostn\u00ed [&hellip;]<\/p>\n","protected":false},"author":2,"featured_media":0,"parent":0,"menu_order":9,"comment_status":"closed","ping_status":"closed","template":"","meta":{"footnotes":""},"class_list":["post-1807","page","type-page","status-publish","hentry"],"_links":{"self":[{"href":"https:\/\/veda.polac.cz\/index.php?rest_route=\/wp\/v2\/pages\/1807","targetHints":{"allow":["GET"]}}],"collection":[{"href":"https:\/\/veda.polac.cz\/index.php?rest_route=\/wp\/v2\/pages"}],"about":[{"href":"https:\/\/veda.polac.cz\/index.php?rest_route=\/wp\/v2\/types\/page"}],"author":[{"embeddable":true,"href":"https:\/\/veda.polac.cz\/index.php?rest_route=\/wp\/v2\/users\/2"}],"replies":[{"embeddable":true,"href":"https:\/\/veda.polac.cz\/index.php?rest_route=%2Fwp%2Fv2%2Fcomments&post=1807"}],"version-history":[{"count":2,"href":"https:\/\/veda.polac.cz\/index.php?rest_route=\/wp\/v2\/pages\/1807\/revisions"}],"predecessor-version":[{"id":1827,"href":"https:\/\/veda.polac.cz\/index.php?rest_route=\/wp\/v2\/pages\/1807\/revisions\/1827"}],"wp:attachment":[{"href":"https:\/\/veda.polac.cz\/index.php?rest_route=%2Fwp%2Fv2%2Fmedia&parent=1807"}],"curies":[{"name":"wp","href":"https:\/\/api.w.org\/{rel}","templated":true}]}}