{"id":1762,"date":"2018-10-06T23:45:00","date_gmt":"2018-10-06T23:45:00","guid":{"rendered":"http:\/\/veda.polac.cz\/?page_id=1762"},"modified":"2018-10-27T19:00:22","modified_gmt":"2018-10-27T19:00:22","slug":"7-2-12","status":"publish","type":"page","link":"https:\/\/veda.polac.cz\/?page_id=1762","title":{"rendered":""},"content":{"rendered":"<p style=\"text-align: center;\">Resum\u00e9 \u010dl\u00e1nku<\/p>\n<p style=\"font-weight: 400;\"><strong>Geografick\u00e9 informa\u010dn\u00ed syst\u00e9my a mo\u017enosti jejich vyu\u017eit\u00ed<br \/>\n<\/strong><em>Ing. Ivan Fo\u0159t<\/em><\/p>\n<p style=\"font-weight: 400;\">\u010cl\u00e1nek charakterizuje geografick\u00e9 informa\u010dn\u00ed syst\u00e9my a jejich jednotliv\u00e9 sou\u010d\u00e1sti. Jsou zde porovn\u00e1v\u00e1ny mo\u017enosti klasick\u00fdch pap\u00edrov\u00fdch map s mo\u017enostmi GIS\u016f. Pojedn\u00e1v\u00e1 se o datov\u00fdch modelech a datov\u00fdch struktur\u00e1ch, o ulo\u017een\u00ed r\u016fzn\u00fdch objekt\u016f ve vrstv\u00e1ch a o uspo\u0159\u00e1d\u00e1n\u00ed t\u00e9matick\u00fdch slo\u017eek ulo\u017een\u00fdch objekt\u016f v r\u016fzn\u00fdch typech datab\u00e1z\u00ed. V z\u00e1v\u011bru je uveden pohled na postup p\u0159i zav\u00e1d\u011bn\u00ed GIS a na mo\u017enosti jeho uplatn\u011bn\u00ed p\u0159i vyhodnocov\u00e1n\u00ed v\u00fdskytu kriminality.<\/p>\n<p><a href=\"https:\/\/veda.polac.cz\/?page_id=1674\">02\/2006<\/a><\/p>\n","protected":false},"excerpt":{"rendered":"<p>Resum\u00e9 \u010dl\u00e1nku Geografick\u00e9 informa\u010dn\u00ed syst\u00e9my a mo\u017enosti jejich vyu\u017eit\u00ed Ing. Ivan Fo\u0159t \u010cl\u00e1nek charakterizuje geografick\u00e9 informa\u010dn\u00ed syst\u00e9my a jejich jednotliv\u00e9 sou\u010d\u00e1sti. Jsou zde porovn\u00e1v\u00e1ny mo\u017enosti klasick\u00fdch pap\u00edrov\u00fdch map s mo\u017enostmi GIS\u016f. Pojedn\u00e1v\u00e1 se o datov\u00fdch modelech a datov\u00fdch struktur\u00e1ch, o ulo\u017een\u00ed r\u016fzn\u00fdch objekt\u016f ve vrstv\u00e1ch a o uspo\u0159\u00e1d\u00e1n\u00ed t\u00e9matick\u00fdch slo\u017eek ulo\u017een\u00fdch objekt\u016f v r\u016fzn\u00fdch typech [&hellip;]<\/p>\n","protected":false},"author":2,"featured_media":0,"parent":0,"menu_order":7,"comment_status":"closed","ping_status":"closed","template":"","meta":{"footnotes":""},"class_list":["post-1762","page","type-page","status-publish","hentry"],"_links":{"self":[{"href":"https:\/\/veda.polac.cz\/index.php?rest_route=\/wp\/v2\/pages\/1762","targetHints":{"allow":["GET"]}}],"collection":[{"href":"https:\/\/veda.polac.cz\/index.php?rest_route=\/wp\/v2\/pages"}],"about":[{"href":"https:\/\/veda.polac.cz\/index.php?rest_route=\/wp\/v2\/types\/page"}],"author":[{"embeddable":true,"href":"https:\/\/veda.polac.cz\/index.php?rest_route=\/wp\/v2\/users\/2"}],"replies":[{"embeddable":true,"href":"https:\/\/veda.polac.cz\/index.php?rest_route=%2Fwp%2Fv2%2Fcomments&post=1762"}],"version-history":[{"count":2,"href":"https:\/\/veda.polac.cz\/index.php?rest_route=\/wp\/v2\/pages\/1762\/revisions"}],"predecessor-version":[{"id":1785,"href":"https:\/\/veda.polac.cz\/index.php?rest_route=\/wp\/v2\/pages\/1762\/revisions\/1785"}],"wp:attachment":[{"href":"https:\/\/veda.polac.cz\/index.php?rest_route=%2Fwp%2Fv2%2Fmedia&parent=1762"}],"curies":[{"name":"wp","href":"https:\/\/api.w.org\/{rel}","templated":true}]}}