{"id":1760,"date":"2018-10-06T23:42:38","date_gmt":"2018-10-06T23:42:38","guid":{"rendered":"http:\/\/veda.polac.cz\/?page_id=1760"},"modified":"2018-10-27T19:00:22","modified_gmt":"2018-10-27T19:00:22","slug":"6-2-13","status":"publish","type":"page","link":"https:\/\/veda.polac.cz\/?page_id=1760","title":{"rendered":""},"content":{"rendered":"<p style=\"text-align: center;\">Resum\u00e9 \u010dl\u00e1nku<\/p>\n<p style=\"font-weight: 400;\"><strong>Zpravodajstv\u00ed jako informa\u010dn\u00ed prvek krizov\u00e9ho \u0159\u00edzen\u00ed<br \/>\n<\/strong><em>pplk. doc. PhDr. Marian Brzybohat\u00fd, Ph.D.<\/em><\/p>\n<p style=\"font-weight: 400;\">\u010cl\u00e1nek je jedn\u00edm z v\u00fdstup\u016f v\u00fdzkumn\u00e9ho \u00fakolu 2\/1, \u0159e\u0161en\u00e9ho na kated\u0159e krizov\u00e9ho \u0159\u00edzen\u00ed, zam\u011b\u0159en\u00e9ho na \u0159e\u0161en\u00ed problematiky identifikace a systemizace sociogenn\u00edch mimo\u0159\u00e1dn\u00fdch ud\u00e1lost\u00ed. Je zam\u011b\u0159en na informa\u010dn\u00ed podporu procesu krizov\u00e9ho \u0159\u00edzen\u00ed a analyzuje a hodnot\u00ed mo\u017enosti vyu\u017eit\u00ed zpravodajsk\u00e9 \u010dinnosti p\u0159i \u0159e\u0161en\u00ed kriz\u00ed. P\u0159edlo\u017een\u00e1 teoretick\u00e1 sta\u0165 p\u0159edstavuje d\u00edl\u010d\u00ed aspekty krizov\u00e9ho \u0159\u00edzen\u00ed, kter\u00e9 nejsou v\u00a0\u010cesk\u00e9 republice p\u0159\u00edli\u0161 vyu\u017e\u00edv\u00e1ny, p\u0159esto\u017ee maj\u00ed p\u0159i \u0159e\u0161en\u00ed p\u0159\u00edpravy strategi\u00ed z\u00e1sahu Policie \u010cR p\u0159i sociogenn\u00edch mimo\u0159\u00e1dn\u00fdch ud\u00e1lostech z\u00e1sadn\u00ed praktick\u00fd v\u00fdznam.<\/p>\n<p><a href=\"https:\/\/veda.polac.cz\/?page_id=1674\">02\/2006<\/a><\/p>\n","protected":false},"excerpt":{"rendered":"<p>Resum\u00e9 \u010dl\u00e1nku Zpravodajstv\u00ed jako informa\u010dn\u00ed prvek krizov\u00e9ho \u0159\u00edzen\u00ed pplk. doc. PhDr. Marian Brzybohat\u00fd, Ph.D. \u010cl\u00e1nek je jedn\u00edm z v\u00fdstup\u016f v\u00fdzkumn\u00e9ho \u00fakolu 2\/1, \u0159e\u0161en\u00e9ho na kated\u0159e krizov\u00e9ho \u0159\u00edzen\u00ed, zam\u011b\u0159en\u00e9ho na \u0159e\u0161en\u00ed problematiky identifikace a systemizace sociogenn\u00edch mimo\u0159\u00e1dn\u00fdch ud\u00e1lost\u00ed. Je zam\u011b\u0159en na informa\u010dn\u00ed podporu procesu krizov\u00e9ho \u0159\u00edzen\u00ed a analyzuje a hodnot\u00ed mo\u017enosti vyu\u017eit\u00ed zpravodajsk\u00e9 \u010dinnosti p\u0159i \u0159e\u0161en\u00ed [&hellip;]<\/p>\n","protected":false},"author":2,"featured_media":0,"parent":0,"menu_order":6,"comment_status":"closed","ping_status":"closed","template":"","meta":{"footnotes":""},"class_list":["post-1760","page","type-page","status-publish","hentry"],"_links":{"self":[{"href":"https:\/\/veda.polac.cz\/index.php?rest_route=\/wp\/v2\/pages\/1760","targetHints":{"allow":["GET"]}}],"collection":[{"href":"https:\/\/veda.polac.cz\/index.php?rest_route=\/wp\/v2\/pages"}],"about":[{"href":"https:\/\/veda.polac.cz\/index.php?rest_route=\/wp\/v2\/types\/page"}],"author":[{"embeddable":true,"href":"https:\/\/veda.polac.cz\/index.php?rest_route=\/wp\/v2\/users\/2"}],"replies":[{"embeddable":true,"href":"https:\/\/veda.polac.cz\/index.php?rest_route=%2Fwp%2Fv2%2Fcomments&post=1760"}],"version-history":[{"count":2,"href":"https:\/\/veda.polac.cz\/index.php?rest_route=\/wp\/v2\/pages\/1760\/revisions"}],"predecessor-version":[{"id":1784,"href":"https:\/\/veda.polac.cz\/index.php?rest_route=\/wp\/v2\/pages\/1760\/revisions\/1784"}],"wp:attachment":[{"href":"https:\/\/veda.polac.cz\/index.php?rest_route=%2Fwp%2Fv2%2Fmedia&parent=1760"}],"curies":[{"name":"wp","href":"https:\/\/api.w.org\/{rel}","templated":true}]}}