{"id":1700,"date":"2018-09-16T09:17:18","date_gmt":"2018-09-16T09:17:18","guid":{"rendered":"http:\/\/veda.polac.cz\/?page_id=1700"},"modified":"2019-04-18T07:36:37","modified_gmt":"2019-04-18T07:36:37","slug":"01-2003","status":"publish","type":"page","link":"https:\/\/veda.polac.cz\/?page_id=1700","title":{"rendered":"01\/2003"},"content":{"rendered":"<p><strong>Implementace modelu EFQM v\u00a0teorii a praxi \u0159\u00edzen\u00ed<\/strong><br \/>\ndoc. Ing. Hana Barto\u0161ov\u00e1, CSc.<\/p>\n<hr \/>\n<p><strong>Vybran\u00e9 aspekty informa\u010dn\u00edho procesu ve vztahu k\u00a0transferu v\u011bdeck\u00fdch poznatk\u016f do\u00a0bezpe\u010dnostn\u00ed praxe<\/strong><br \/>\ndoc. Ing. Roman Rak, Ph.D.,\u00a0 prof. JUDr. Ing. Viktor Porada, DrSc.<\/p>\n<hr \/>\n<p><strong>Postaven\u00ed policie v\u00a0modern\u00ed spole\u010dnosti<\/strong><br \/>\ndoc. Dr. \u0160tefan Danics, Ph.D.<\/p>\n<hr \/>\n<p><strong>Pozn\u00e1mky o propagand\u011b<\/strong><br \/>\nPhDr. Miroslav Blahout PhDr.<\/p>\n<hr \/>\n<p><strong>Zam\u011b\u0159en\u00ed bakal\u00e1\u0159sk\u00e9ho studijn\u00edho programu \u201eVe\u0159ejn\u00e1 spr\u00e1va\u201c a\u00a0studijn\u00edho oboru \u201eKrizov\u00fd management ve\u00a0st\u00e1tn\u00ed spr\u00e1v\u011b a \u00fazemn\u00ed samospr\u00e1v\u011b\u201c<\/strong><br \/>\nprof. Ing. Bed\u0159ich \u0160est\u00e1k, DrSc., doc. PhDr. Ji\u0159\u00ed V\u00ed\u0161ek, CSc.<br \/>\nPaedDr. Ing. Jan Zelinka<\/p>\n<hr \/>\n<p><strong>Evaluace a autoevaluace v\u00a0podm\u00ednk\u00e1ch Policejn\u00ed akademie \u010cR<\/strong><br \/>\ndoc. PhDr. Ji\u0159\u00ed V\u00ed\u0161ek, CSc.<\/p>\n<hr \/>\n<p><strong>Mo\u017enosti vyu\u017eit\u00ed shlukov\u00e9 anal\u00fdzy ve v\u00fdzkumu policejn\u00ed praxe<\/strong><br \/>\nDr. Zden\u011bk Kova\u0159\u00edk, CSc.<\/p>\n<hr \/>\n<p><strong>Neodkladn\u00e9 \u00fakony po novele trestn\u00edho \u0159\u00e1du z\u00e1konem \u010d. 265\/2001 Sb.<\/strong><br \/>\nJUDr. Franti\u0161ek Voleveck\u00fd<\/p>\n<hr \/>\n<p><strong>Kriminalistick\u00e1 stopa \u2013 n\u00e1stin diskuse k pojmu a\u00a0klasifikaci z\u00a0pohledu \u010desk\u00e9 kriminalistiky<\/strong><br \/>\nprof. PhDr. Ji\u0159\u00ed Straus, DrSc. prof. JUDr. Ing. Viktor Porada, DrSc.<\/p>\n<hr \/>\n<p><strong>Vybran\u00e9 ot\u00e1zky spolupr\u00e1ce slu\u017eby po\u0159\u00e1dkov\u00e9 policie s\u00a0jin\u00fdmi org\u00e1ny, organizacemi a ob\u010dany<\/strong><br \/>\nJUDr. Anton\u00edn Fil\u00e1k,CSc., Mgr. Zden\u011bk Chmela<\/p>\n<hr \/>\n<p><strong>Kriminalita po roce 1990 a jej\u00ed progn\u00f3zy<\/strong><br \/>\ndoc. JUDr. Ivana Zoubkov\u00e1, CSc.<\/p>\n<hr \/>\n<p><strong>Sebevra\u017edy policist\u016f<\/strong><br \/>\nDoc. PhDr. Ludmila \u010c\u00edrtkov\u00e1, CSc.<\/p>\n<hr \/>\n<p><strong>Mo\u017enosti u\u017eit\u00ed informace a dezinformace<\/strong><br \/>\nRNDr. Josef Po\u017e\u00e1r, CSc.<\/p>\n<hr \/>\n<p><strong>E-learning na Policejn\u00ed akademii \u010cR<\/strong><br \/>\nIng. Ivan Fo\u0159t<\/p>\n<hr \/>\n<p><a href=\"https:\/\/veda.polac.cz\/?page_id=235\">Zp\u011bt<\/a><\/p>\n","protected":false},"excerpt":{"rendered":"<p>Implementace modelu EFQM v\u00a0teorii a praxi \u0159\u00edzen\u00ed doc. Ing. Hana Barto\u0161ov\u00e1, CSc. Vybran\u00e9 aspekty informa\u010dn\u00edho procesu ve vztahu k\u00a0transferu v\u011bdeck\u00fdch poznatk\u016f do\u00a0bezpe\u010dnostn\u00ed praxe doc. Ing. Roman Rak, Ph.D.,\u00a0 prof. JUDr. Ing. Viktor Porada, DrSc. Postaven\u00ed policie v\u00a0modern\u00ed spole\u010dnosti doc. Dr. \u0160tefan Danics, Ph.D. Pozn\u00e1mky o propagand\u011b PhDr. Miroslav Blahout PhDr. Zam\u011b\u0159en\u00ed bakal\u00e1\u0159sk\u00e9ho studijn\u00edho programu \u201eVe\u0159ejn\u00e1 [&hellip;]<\/p>\n","protected":false},"author":2,"featured_media":0,"parent":235,"menu_order":57,"comment_status":"closed","ping_status":"closed","template":"","meta":{"footnotes":""},"class_list":["post-1700","page","type-page","status-publish","hentry"],"_links":{"self":[{"href":"https:\/\/veda.polac.cz\/index.php?rest_route=\/wp\/v2\/pages\/1700","targetHints":{"allow":["GET"]}}],"collection":[{"href":"https:\/\/veda.polac.cz\/index.php?rest_route=\/wp\/v2\/pages"}],"about":[{"href":"https:\/\/veda.polac.cz\/index.php?rest_route=\/wp\/v2\/types\/page"}],"author":[{"embeddable":true,"href":"https:\/\/veda.polac.cz\/index.php?rest_route=\/wp\/v2\/users\/2"}],"replies":[{"embeddable":true,"href":"https:\/\/veda.polac.cz\/index.php?rest_route=%2Fwp%2Fv2%2Fcomments&post=1700"}],"version-history":[{"count":2,"href":"https:\/\/veda.polac.cz\/index.php?rest_route=\/wp\/v2\/pages\/1700\/revisions"}],"predecessor-version":[{"id":2548,"href":"https:\/\/veda.polac.cz\/index.php?rest_route=\/wp\/v2\/pages\/1700\/revisions\/2548"}],"up":[{"embeddable":true,"href":"https:\/\/veda.polac.cz\/index.php?rest_route=\/wp\/v2\/pages\/235"}],"wp:attachment":[{"href":"https:\/\/veda.polac.cz\/index.php?rest_route=%2Fwp%2Fv2%2Fmedia&parent=1700"}],"curies":[{"name":"wp","href":"https:\/\/api.w.org\/{rel}","templated":true}]}}