{"id":1690,"date":"2018-09-16T08:59:01","date_gmt":"2018-09-16T08:59:01","guid":{"rendered":"http:\/\/veda.polac.cz\/?page_id=1690"},"modified":"2019-04-18T07:53:48","modified_gmt":"2019-04-18T07:53:48","slug":"02-2004","status":"publish","type":"page","link":"https:\/\/veda.polac.cz\/?page_id=1690","title":{"rendered":"02\/2004"},"content":{"rendered":"<p><strong>Terorismus \u2013 nejv\u00e1\u017en\u011bj\u0161\u00ed bezpe\u010dnostn\u00ed hrozba sou\u010dasnosti<\/strong><br \/>\ndoc. Dr. \u0160tefan Danics, Ph.D.<\/p>\n<hr \/>\n<p><strong>Terorismus, sd\u011blovac\u00ed prost\u0159edky a mo\u017enosti jejich vyu\u017eit\u00ed p\u0159i \u0159e\u0161en\u00ed krizov\u00fdch situac\u00ed<\/strong><br \/>\ndoc. PhDr. Marian Brzybohat\u00fd, Ph.D.<\/p>\n<hr \/>\n<p><strong>Bezpe\u010dnostn\u00e1 orient\u00e1cia ob\u010danov a\u00a0v\u00fdznam jej sk\u00famania v\u00a0bezpe\u010dnostnej te\u00f3rii a praxi<\/strong><br \/>\nKarol Murdza, Ph.D.,<\/p>\n<hr \/>\n<p><strong>Stredoeur\u00f3psky geopolitick\u00fd priestor<\/strong><br \/>\nDr. Stefan Volner, CSc.<\/p>\n<hr \/>\n<p><strong>Z\u00e1kon o soudnictv\u00ed ve v\u011bcech ml\u00e1de\u017ee &#8211; obecn\u00e1 a\u00a0hmotn\u011b pr\u00e1vn\u00ed ustanoven\u00ed<\/strong><br \/>\nJUDr. Josef Sou\u010dek, CSc., JUDr. Milan \u0160ubrt<\/p>\n<hr \/>\n<p><strong>Z\u00e1kon o soudnictv\u00ed ve v\u011bcech ml\u00e1de\u017ee &#8211; procesn\u00ed ustanoven\u00ed<\/strong><br \/>\nJUDr. Josef Sou\u010dek, CSc., JUDr. Milan \u0160ubrt<\/p>\n<hr \/>\n<p><strong>Nov\u00e9 p\u0159\u00edstupy k\u00a0interpretaci\u00a0 opr\u00e1vn\u011bn\u00ed a\u00a0odpov\u011bdnosti priv\u00e1tn\u00edch bezpe\u010dnostn\u00edch slu\u017eeb<\/strong><br \/>\nPaedDr. Franti\u0161ek Nov\u00e1k<\/p>\n<hr \/>\n<p><strong>Je Policie \u010cesk\u00e9 republiky apolitick\u00e1?<\/strong><br \/>\nJUDr. Anton\u00edn Fil\u00e1k, CSc.,\u00a0 Mgr. Zden\u011bk Chmela<\/p>\n<hr \/>\n<p><strong>Lidsk\u00fd faktor v\u00a0krizov\u00e9m \u0159\u00edzen\u00ed\u00a0<\/strong><br \/>\nProf. Ing. Bed\u0159ich \u0160est\u00e1k, DrSc., Dr. Zden\u011bk Kova\u0159\u00edk, CSc.,<br \/>\nPaedDr. Jan Zelinka, JUDr. Libor Kov\u00e1rn\u00edk<\/p>\n<hr \/>\n<p><strong>Je nutn\u00e9 z\u00e1sadn\u00edm zp\u016fsobem zkvalitnit pr\u00e1ci na m\u00edst\u011b \u010dinu!<\/strong><br \/>\nplk. Karel Mal\u00fd<\/p>\n<hr \/>\n<p><strong>P\u0159edpoklady vyu\u017eit\u00ed sil SBS k\u00a0eliminaci skupinov\u00fdch nepokoj\u016f<\/strong><br \/>\nPaedDr. Franti\u0161ek Nov\u00e1k<\/p>\n<hr \/>\n<p><strong>Projekt vzdel\u00e1vania koordin\u00e1torov prevencie kriminality<\/strong><br \/>\ndoc. JUDr. J\u00e1n Bubel\u00edny, CSc.<\/p>\n<hr \/>\n<p><strong>\u010cesk\u00e1 ml\u00e1de\u017e ve sv\u011btle evropsk\u00e9mu pr\u016fzkumu o\u00a0alkoholu a drog\u00e1ch mezi ml\u00e1de\u017e\u00ed \/ESPAD\/<\/strong><br \/>\ndoc. Ing. Renata \u0160tablov\u00e1, CSc.<\/p>\n<hr \/>\n<p><strong>Reakce div\u00e1k\u016f na medi\u00e1ln\u00ed prezentaci sexu\u00e1ln\u00edho n\u00e1sil\u00ed<\/strong><br \/>\ndoc. PhDr. Ludmila \u010c\u00edrtkov\u00e1 CSc.<\/p>\n<hr \/>\n<p><strong>Trestn\u00e9 konanie proti mladistv\u00fdm (legislat\u00edvna pr\u00edtomnos\u0165 a\u00a0bud\u00facnos\u0165)<\/strong><br \/>\ndoc. JUDr. Vladim\u00edr \u010ce\u010dot, CSc.<\/p>\n<hr \/>\n<p><strong>Metody zkoum\u00e1n\u00ed v\u00a0trasologii<\/strong><br \/>\nprof. PhDr. Ji\u0159\u00ed Straus, DrSc.<\/p>\n<hr \/>\n<p><strong>Mo\u017enosti aplikace v\u00fdpo\u010detn\u00ed techniky p\u0159i \u0159e\u0161en\u00ed silni\u010dn\u00edch dopravn\u00edch nehod<\/strong><br \/>\nprof. JUDr. Ing. Viktor Porada, DrSc., prof. Ing. Gust\u00e1v Kasanick\u00fd, CSc.<\/p>\n<hr \/>\n<p><strong>N\u011bkter\u00e9 vybran\u00e9 ot\u00e1zky k\u00a0\u010dinnosti slu\u017eby po\u0159\u00e1dkov\u00e9 policie v\u00a0hrani\u010dn\u00edch oblastech<\/strong><br \/>\nMgr. Zden\u011bk Chmela, JUDr. Anton\u00edn Fil\u00e1k, CSc.<\/p>\n<hr \/>\n<p><strong>Anal\u00fdza tr\u017en\u00ed hodnoty akci\u00ed zbrojn\u00edch koncern\u016f USA v\u00a0letech 2001 \u2013 2004<\/strong><br \/>\ndoc. Ing. Jaroslav Slepeck\u00fd, PhD.<\/p>\n<hr \/>\n<p><strong>Pedagogick\u00e1 autoevalu\u00e1cia a akredit\u00e1cia vysokej \u0161koly<\/strong><br \/>\nMgr. Vladim\u00edr Bla\u017eek, CSc.<\/p>\n<hr \/>\n<p><strong>Mo\u017enosti aktiviz\u00e1cie \u0161tudentov vo v\u00fdu\u010dbe\u00a0pr\u00e1vnych predmetov na policajnej vysokej \u0161kole<\/strong><br \/>\nJUDr. \u013dubo\u0161 W\u00e4ldl, Ph.D.<\/p>\n<hr \/>\n<p><strong>K v\u00fdznamu forenzn\u00ed ligvistiky<\/strong><br \/>\nMgr. Alena T\u00fdmlov\u00e1<\/p>\n<hr \/>\n<p><strong>Recenze publikace:<\/strong><br \/>\n<strong>doc. JUDr. M. N\u011bmec, Ph.D.: \u201eMafie a zlo\u010dineck\u00e9 gangy\u201c<\/strong><br \/>\npplk. bc. V\u00e1clav Brann\u00fd<\/p>\n<hr \/>\n<p><strong>Recenze publikace:<\/strong><br \/>\n<strong>Wright Glen, Nemec Juraj: Management ve\u0159ejn\u00e9 spr\u00e1vy. Teorie a praxe.<\/strong><br \/>\nIng. Milan Kn\u00fd, CSc.<\/p>\n<hr \/>\n<p><a href=\"https:\/\/veda.polac.cz\/?page_id=235\">Zp\u011bt<\/a><\/p>\n","protected":false},"excerpt":{"rendered":"<p>Terorismus \u2013 nejv\u00e1\u017en\u011bj\u0161\u00ed bezpe\u010dnostn\u00ed hrozba sou\u010dasnosti doc. Dr. \u0160tefan Danics, Ph.D. Terorismus, sd\u011blovac\u00ed prost\u0159edky a mo\u017enosti jejich vyu\u017eit\u00ed p\u0159i \u0159e\u0161en\u00ed krizov\u00fdch situac\u00ed doc. PhDr. Marian Brzybohat\u00fd, Ph.D. Bezpe\u010dnostn\u00e1 orient\u00e1cia ob\u010danov a\u00a0v\u00fdznam jej sk\u00famania v\u00a0bezpe\u010dnostnej te\u00f3rii a praxi Karol Murdza, Ph.D., Stredoeur\u00f3psky geopolitick\u00fd priestor Dr. Stefan Volner, CSc. Z\u00e1kon o soudnictv\u00ed ve v\u011bcech ml\u00e1de\u017ee &#8211; obecn\u00e1 [&hellip;]<\/p>\n","protected":false},"author":2,"featured_media":0,"parent":235,"menu_order":56,"comment_status":"closed","ping_status":"closed","template":"","meta":{"footnotes":""},"class_list":["post-1690","page","type-page","status-publish","hentry"],"_links":{"self":[{"href":"https:\/\/veda.polac.cz\/index.php?rest_route=\/wp\/v2\/pages\/1690","targetHints":{"allow":["GET"]}}],"collection":[{"href":"https:\/\/veda.polac.cz\/index.php?rest_route=\/wp\/v2\/pages"}],"about":[{"href":"https:\/\/veda.polac.cz\/index.php?rest_route=\/wp\/v2\/types\/page"}],"author":[{"embeddable":true,"href":"https:\/\/veda.polac.cz\/index.php?rest_route=\/wp\/v2\/users\/2"}],"replies":[{"embeddable":true,"href":"https:\/\/veda.polac.cz\/index.php?rest_route=%2Fwp%2Fv2%2Fcomments&post=1690"}],"version-history":[{"count":2,"href":"https:\/\/veda.polac.cz\/index.php?rest_route=\/wp\/v2\/pages\/1690\/revisions"}],"predecessor-version":[{"id":2554,"href":"https:\/\/veda.polac.cz\/index.php?rest_route=\/wp\/v2\/pages\/1690\/revisions\/2554"}],"up":[{"embeddable":true,"href":"https:\/\/veda.polac.cz\/index.php?rest_route=\/wp\/v2\/pages\/235"}],"wp:attachment":[{"href":"https:\/\/veda.polac.cz\/index.php?rest_route=%2Fwp%2Fv2%2Fmedia&parent=1690"}],"curies":[{"name":"wp","href":"https:\/\/api.w.org\/{rel}","templated":true}]}}