{"id":1674,"date":"2018-09-16T08:29:39","date_gmt":"2018-09-16T08:29:39","guid":{"rendered":"http:\/\/veda.polac.cz\/?page_id=1674"},"modified":"2019-04-18T09:25:49","modified_gmt":"2019-04-18T09:25:49","slug":"02-2006","status":"publish","type":"page","link":"https:\/\/veda.polac.cz\/?page_id=1674","title":{"rendered":"02\/2006"},"content":{"rendered":"<p><a href=\"https:\/\/veda.polac.cz\/?page_id=1745\"><strong>Pr\u00e1vn\u011b internacionalistick\u00fd odkaz Kantovy pacifistick\u00e9 vize<\/strong><\/a><br \/>\ndoc. JUDr. Vladim\u00edr Zoubek, CSc.<\/p>\n<hr \/>\n<p><a href=\"https:\/\/veda.polac.cz\/?page_id=1749\"><strong>Unijn\u00ed pojet\u00ed zaji\u0161\u0165ov\u00e1n\u00ed vnit\u0159n\u00ed bezpe\u010dnosti<\/strong><\/a><br \/>\ndoc. JUDr. Bohumil Pikna, CSc.<\/p>\n<hr \/>\n<p><a href=\"https:\/\/veda.polac.cz\/?page_id=1751\"><strong>\u010ceskoslovensk\u00e1 feder\u00e1cia (\u00fastavnopr\u00e1vny poh\u013ead)<\/strong><\/a><br \/>\ndoc. JUDr. J\u00e1n Kr\u00e1\u013e, CSc.<\/p>\n<hr \/>\n<p><a href=\"https:\/\/veda.polac.cz\/?page_id=1753\"><strong>Znaleck\u00e9 dokazovanie v\u00a0pr\u00edpravnom konan\u00ed v\u00a0podmienkach Slovenskej republiky<\/strong><\/a><br \/>\ndoc. Dr. Mgr. Jana Viktoryov\u00e1,\u00a0JUDr. Jaroslav Blatnick\u00fd<\/p>\n<hr \/>\n<p><a href=\"https:\/\/veda.polac.cz\/?page_id=1757\"><strong>Podstata, principy a hlavn\u00ed organiza\u010dn\u011b taktick\u00e9 formy policejn\u011b bezpe\u010dnostn\u00ed \u010dinnosti<\/strong><\/a><br \/>\ndoc. JUDr. Anton\u00edn Fil\u00e1k, CSc.<\/p>\n<hr \/>\n<p><a href=\"https:\/\/veda.polac.cz\/?page_id=1760\"><strong>Zpravodajstv\u00ed jako informa\u010dn\u00ed prvek krizov\u00e9ho \u0159\u00edzen\u00ed<\/strong><\/a><br \/>\npplk. doc. PhDr. Marian Brzybohat\u00fd, Ph.D.<\/p>\n<hr \/>\n<p><a href=\"https:\/\/veda.polac.cz\/?page_id=1762\"><strong>Geografick\u00e9 informa\u010dn\u00ed syst\u00e9my a mo\u017enosti jejich vyu\u017eit\u00ed\u00a0<\/strong><\/a><br \/>\nIng. Ivan Fo\u0159t<\/p>\n<hr \/>\n<p><a href=\"https:\/\/veda.polac.cz\/?page_id=1765\"><strong>Mo\u017enosti ochrany dat p\u0159ed po\u010d\u00edta\u010dovou kriminalitou<\/strong><\/a><br \/>\ndoc. RNDr. Josef Po\u017e\u00e1r, CSc.<\/p>\n<hr \/>\n<p><a href=\"https:\/\/veda.polac.cz\/?page_id=1768\"><strong>Po\u010d\u00edta\u010dov\u00e1 podpora p\u0159i simulaci p\u00e1d\u016f<\/strong><\/a><br \/>\nIng. Ladislav \u010capek, Ph.D,\u00a0 prof. PhDr. Ji\u0159\u00ed Straus, DrSc.<\/p>\n<hr \/>\n<p><a href=\"https:\/\/veda.polac.cz\/?page_id=1770\"><strong>Da\u0148ov\u00e9 \u00faniky<\/strong><\/a><br \/>\nBc. Radka Haraz\u00edmov\u00e1, DiS, JUDr. Franti\u0161ek Vavera<\/p>\n<hr \/>\n<p><a href=\"https:\/\/veda.polac.cz\/?page_id=1773\"><strong>Pedagogika pro policisty a pracovn\u00edky MV \u010cR a\u00a0pracovn\u00edky v\u00a0bezpe\u010dnostn\u00edch slu\u017eb\u00e1ch (prezentace d\u00edl\u010d\u00edho \u00fakolu V\u00fdzkumn\u00e9ho z\u00e1m\u011bru PA \u010cR)<\/strong><\/a><br \/>\nPhDr.\u00a0Iva Borsk\u00e1, CSc.<\/p>\n<hr \/>\n<p><a href=\"https:\/\/veda.polac.cz\/?page_id=1775\"><strong>Tetov\u00e1n\u00ed jako zp\u016fsob neverb\u00e1ln\u00ed komunikace v\u00a0krimin\u00e1ln\u00ed subkultu\u0159e<\/strong><\/a><br \/>\nPhDr. Oxana Dlouh\u00e1<\/p>\n<hr \/>\n<p><strong>Recenze monografie:\u00a0 Mare\u0161, Miroslav: Terorismus v\u00a0\u010cesk\u00e9 republice<\/strong><br \/>\ndoc. JUDr. Miroslav N\u011bmec, Ph.D.<\/p>\n<hr \/>\n<p><a href=\"https:\/\/veda.polac.cz\/?page_id=235\">Zp\u011bt<\/a><\/p>\n","protected":false},"excerpt":{"rendered":"<p>Pr\u00e1vn\u011b internacionalistick\u00fd odkaz Kantovy pacifistick\u00e9 vize doc. JUDr. Vladim\u00edr Zoubek, CSc. Unijn\u00ed pojet\u00ed zaji\u0161\u0165ov\u00e1n\u00ed vnit\u0159n\u00ed bezpe\u010dnosti doc. JUDr. Bohumil Pikna, CSc. \u010ceskoslovensk\u00e1 feder\u00e1cia (\u00fastavnopr\u00e1vny poh\u013ead) doc. JUDr. J\u00e1n Kr\u00e1\u013e, CSc. Znaleck\u00e9 dokazovanie v\u00a0pr\u00edpravnom konan\u00ed v\u00a0podmienkach Slovenskej republiky doc. Dr. Mgr. Jana Viktoryov\u00e1,\u00a0JUDr. Jaroslav Blatnick\u00fd Podstata, principy a hlavn\u00ed organiza\u010dn\u011b taktick\u00e9 formy policejn\u011b bezpe\u010dnostn\u00ed \u010dinnosti doc. [&hellip;]<\/p>\n","protected":false},"author":2,"featured_media":0,"parent":235,"menu_order":48,"comment_status":"closed","ping_status":"closed","template":"","meta":{"footnotes":""},"class_list":["post-1674","page","type-page","status-publish","hentry"],"_links":{"self":[{"href":"https:\/\/veda.polac.cz\/index.php?rest_route=\/wp\/v2\/pages\/1674","targetHints":{"allow":["GET"]}}],"collection":[{"href":"https:\/\/veda.polac.cz\/index.php?rest_route=\/wp\/v2\/pages"}],"about":[{"href":"https:\/\/veda.polac.cz\/index.php?rest_route=\/wp\/v2\/types\/page"}],"author":[{"embeddable":true,"href":"https:\/\/veda.polac.cz\/index.php?rest_route=\/wp\/v2\/users\/2"}],"replies":[{"embeddable":true,"href":"https:\/\/veda.polac.cz\/index.php?rest_route=%2Fwp%2Fv2%2Fcomments&post=1674"}],"version-history":[{"count":9,"href":"https:\/\/veda.polac.cz\/index.php?rest_route=\/wp\/v2\/pages\/1674\/revisions"}],"predecessor-version":[{"id":2571,"href":"https:\/\/veda.polac.cz\/index.php?rest_route=\/wp\/v2\/pages\/1674\/revisions\/2571"}],"up":[{"embeddable":true,"href":"https:\/\/veda.polac.cz\/index.php?rest_route=\/wp\/v2\/pages\/235"}],"wp:attachment":[{"href":"https:\/\/veda.polac.cz\/index.php?rest_route=%2Fwp%2Fv2%2Fmedia&parent=1674"}],"curies":[{"name":"wp","href":"https:\/\/api.w.org\/{rel}","templated":true}]}}