{"id":1662,"date":"2018-09-16T08:11:32","date_gmt":"2018-09-16T08:11:32","guid":{"rendered":"http:\/\/veda.polac.cz\/?page_id=1662"},"modified":"2019-04-18T13:27:20","modified_gmt":"2019-04-18T13:27:20","slug":"02-2007","status":"publish","type":"page","link":"https:\/\/veda.polac.cz\/?page_id=1662","title":{"rendered":"02\/2007"},"content":{"rendered":"<p><a href=\"https:\/\/veda.polac.cz\/?page_id=2820\"><strong>St\u00e1tn\u00ed slu\u017eba \u2013 historie a sou\u010dasnost<\/strong><\/a><br \/>\nplk. JUDr. Mgr. Jan Br\u00e1zda, Ph.D.<\/p>\n<hr \/>\n<p><a href=\"https:\/\/veda.polac.cz\/?page_id=2822\"><strong>Met\u00f3da pr\u00e1vnej regul\u00e1cie v\u00a0zamestnaneck\u00fdch vz\u0165ahoch policajtov u\u00a0n\u00e1s a\u00a0v\u00a0niektor\u00fdch krajin\u00e1ch E\u00da<\/strong><\/a><br \/>\ndoc. JUDr. Jozef Kuril, CSc.<\/p>\n<hr \/>\n<p><a href=\"https:\/\/veda.polac.cz\/?page_id=2824\"><strong>K\u00a0pr\u00e1vnej povahe slu\u017eobn\u00e9ho pomeru pr\u00edslu\u0161n\u00edkov PZ<\/strong><\/a><br \/>\ndoc. JUDr. Jozef Kuril, CSc.<\/p>\n<hr \/>\n<p><a href=\"https:\/\/veda.polac.cz\/?page_id=2828\"><strong>Bezpe\u010dnostn\u00e9 probl\u00e9my rozvoja mal\u00fdch \u0161t\u00e1tov v\u00a021.\u00a0storo\u010d\u00ed<\/strong><\/a><br \/>\ndoc. Dr. \u0160tefan Volner, CSc.<\/p>\n<hr \/>\n<p><a href=\"https:\/\/veda.polac.cz\/?page_id=2830\"><strong>Miesto dlhodob\u00e9ho pl\u00e1novania v s\u00fastave pl\u00e1novac\u00edch discipl\u00edn syst\u00e9mu bezpe\u010dnosti<\/strong><\/a><br \/>\nplk. g\u0161t. SR\u00a0\u00a0Ing. Josef Pokorn\u00fd<\/p>\n<hr \/>\n<p><a href=\"https:\/\/veda.polac.cz\/?page_id=2832\"><strong>\u0158\u00edzen\u00ed ochrany kritick\u00e9 infrastruktury<\/strong><\/a><br \/>\ndoc. RNDr. Dana Proch\u00e1zkov\u00e1, DrSc.<\/p>\n<hr \/>\n<p><a href=\"https:\/\/veda.polac.cz\/?page_id=2836\"><strong>Pohled na anarchismus z\u00a0obecn\u00e9ho hlediska<\/strong><\/a><br \/>\nMgr. Anna Pleierov\u00e1<\/p>\n<hr \/>\n<p><a href=\"https:\/\/veda.polac.cz\/?page_id=2838\"><strong>N\u011bkolik pozn\u00e1mek k\u00a0n\u00e1vrhu Smlouvy o \u00dastav\u011b pro Evropu\u00a0<\/strong><\/a><br \/>\ndoc. JUDr. Bohumil Pikna, CSc.<\/p>\n<hr \/>\n<p><a href=\"https:\/\/veda.polac.cz\/?page_id=2840\"><strong>N\u00e1hled do historie forem bezpe\u010dnostn\u00edch slu\u017eeb<\/strong><\/a><br \/>\nPaedDr. Franti\u0161ek Nov\u00e1k<\/p>\n<hr \/>\n<p><a href=\"https:\/\/veda.polac.cz\/?page_id=2844\"><strong>K\u00a0n\u011bkter\u00fdm aspekt\u016fm \u201ep\u0159eshrani\u010dn\u00ed\u201c sou\u010dinnosti v\u00a0 r\u00e1mci policejn\u011b bezpe\u010dnost\u00ed \u010dinnosti<\/strong><\/a><br \/>\npplk. Mgr. David Z\u00e1mek, JUDr. Jan Kur\u017eeja<\/p>\n<hr \/>\n<p><a href=\"https:\/\/veda.polac.cz\/?page_id=2846\"><strong>Dobrovolnick\u00e1 slu\u017eba a mo\u017enosti jej\u00edho vyu\u017eit\u00ed p\u0159i zaji\u0161\u0165ov\u00e1n\u00ed vnit\u0159n\u00ed bezpe\u010dnosti<\/strong><\/a><br \/>\npplk. JUDr. Martin Bohman<\/p>\n<hr \/>\n<p><a href=\"https:\/\/veda.polac.cz\/?page_id=2848\"><strong>\u010ceskoslovensk\u00e1 leteck\u00e1 legislativa v obdob\u00ed mezi sv\u011btov\u00fdmi v\u00e1lkami\u00a0<\/strong><\/a><br \/>\nJUDr. Michal Dlouh\u00fd<\/p>\n<hr \/>\n<p><a href=\"https:\/\/veda.polac.cz\/?page_id=2852\"><strong>Nov\u00e9 mo\u017enosti zaji\u0161t\u011bn\u00ed nemovitosti pro \u00fa\u010dely trestn\u00edho \u0159\u00edzen\u00ed\u00a0<\/strong><\/a><br \/>\nJUDr. Ji\u0159\u00ed Hru\u0161ka, JUDr. Petr Voleveck\u00fd<\/p>\n<hr \/>\n<p><a href=\"https:\/\/veda.polac.cz\/?page_id=2854\"><strong>P\u0159\u00edsp\u011bvek k\u00a0anal\u00fdze vlivu lidsk\u00e9ho faktoru na \u00fasp\u011b\u0161nost hromadn\u00fdch bezpe\u010dnostn\u00edch kontrol prov\u00e1d\u011bn\u00fdch rentgenov\u00fdmi za\u0159\u00edzen\u00edmi<\/strong><\/a><br \/>\nMgr. Jitka Johanidesov\u00e1<\/p>\n<hr \/>\n<p><a href=\"https:\/\/veda.polac.cz\/?page_id=2856\"><strong>Romov\u00e9 a\u00a0integrace<\/strong><\/a><br \/>\npor. Bc. V\u00e1clav Kotl\u00e1\u0159<\/p>\n<hr \/>\n<p><a href=\"https:\/\/veda.polac.cz\/?page_id=2858\"><strong>Modely managementu kvality<\/strong><\/a><br \/>\nplk. JUDr. Franti\u0161ek Do\u010deka<\/p>\n<hr \/>\n<p><strong>Recenze monografie: Kuril, Jozef\u00a0\u00a0\u00a0\u201e\u0160t\u00e1tna slu\u017eba\u201c<\/strong><br \/>\ndoc. JUDr. Vladim\u00edr Zoubek, CSc.<\/p>\n<hr \/>\n<p><strong>Recenze nov\u00e9 teoreticko-pr\u00e1vn\u00ed monografie:\u00a0\u00a0Zoubek, V. a kol. \u201eTeorie st\u00e1tu a\u00a0pr\u00e1va\u201c<\/strong><br \/>\nJUDr. V\u00e1clav Mastn\u00fd<\/p>\n<hr \/>\n<p><strong>Recenze v\u011bdeck\u00e9 monografie\u201eModern\u00e9 technol\u00f3gie ochrany os\u00f4b a majetku\u201c<\/strong><br \/>\nprof. PhDr. Ji\u0159\u00ed Straus, DrSc.<\/p>\n<hr \/>\n<p><strong>Recenze knihy \u201eHumoresky v\u00e1\u017en\u011b\u201c<\/strong><br \/>\nJUDr. Franti\u0161ek Vavera<\/p>\n<hr \/>\n<p><strong>Informace o mezin\u00e1rodn\u00ed konferenci ITTE 2007 \u2013 NEC<\/strong><br \/>\nIng. Milan Kn\u00fd, CSc.<\/p>\n<hr \/>\n<p><a href=\"https:\/\/veda.polac.cz\/?page_id=235\">Zp\u011bt<\/a><\/p>\n","protected":false},"excerpt":{"rendered":"<p>St\u00e1tn\u00ed slu\u017eba \u2013 historie a sou\u010dasnost plk. JUDr. Mgr. Jan Br\u00e1zda, Ph.D. Met\u00f3da pr\u00e1vnej regul\u00e1cie v\u00a0zamestnaneck\u00fdch vz\u0165ahoch policajtov u\u00a0n\u00e1s a\u00a0v\u00a0niektor\u00fdch krajin\u00e1ch E\u00da doc. JUDr. Jozef Kuril, CSc. K\u00a0pr\u00e1vnej povahe slu\u017eobn\u00e9ho pomeru pr\u00edslu\u0161n\u00edkov PZ doc. JUDr. Jozef Kuril, CSc. Bezpe\u010dnostn\u00e9 probl\u00e9my rozvoja mal\u00fdch \u0161t\u00e1tov v\u00a021.\u00a0storo\u010d\u00ed doc. Dr. \u0160tefan Volner, CSc. Miesto dlhodob\u00e9ho pl\u00e1novania v s\u00fastave pl\u00e1novac\u00edch [&hellip;]<\/p>\n","protected":false},"author":2,"featured_media":0,"parent":235,"menu_order":43,"comment_status":"closed","ping_status":"closed","template":"","meta":{"footnotes":""},"class_list":["post-1662","page","type-page","status-publish","hentry"],"_links":{"self":[{"href":"https:\/\/veda.polac.cz\/index.php?rest_route=\/wp\/v2\/pages\/1662","targetHints":{"allow":["GET"]}}],"collection":[{"href":"https:\/\/veda.polac.cz\/index.php?rest_route=\/wp\/v2\/pages"}],"about":[{"href":"https:\/\/veda.polac.cz\/index.php?rest_route=\/wp\/v2\/types\/page"}],"author":[{"embeddable":true,"href":"https:\/\/veda.polac.cz\/index.php?rest_route=\/wp\/v2\/users\/2"}],"replies":[{"embeddable":true,"href":"https:\/\/veda.polac.cz\/index.php?rest_route=%2Fwp%2Fv2%2Fcomments&post=1662"}],"version-history":[{"count":8,"href":"https:\/\/veda.polac.cz\/index.php?rest_route=\/wp\/v2\/pages\/1662\/revisions"}],"predecessor-version":[{"id":2862,"href":"https:\/\/veda.polac.cz\/index.php?rest_route=\/wp\/v2\/pages\/1662\/revisions\/2862"}],"up":[{"embeddable":true,"href":"https:\/\/veda.polac.cz\/index.php?rest_route=\/wp\/v2\/pages\/235"}],"wp:attachment":[{"href":"https:\/\/veda.polac.cz\/index.php?rest_route=%2Fwp%2Fv2%2Fmedia&parent=1662"}],"curies":[{"name":"wp","href":"https:\/\/api.w.org\/{rel}","templated":true}]}}