{"id":1660,"date":"2018-09-16T08:07:04","date_gmt":"2018-09-16T08:07:04","guid":{"rendered":"http:\/\/veda.polac.cz\/?page_id=1660"},"modified":"2019-04-18T11:38:38","modified_gmt":"2019-04-18T11:38:38","slug":"03-2007","status":"publish","type":"page","link":"https:\/\/veda.polac.cz\/?page_id=1660","title":{"rendered":"03\/2007"},"content":{"rendered":"<p><a href=\"https:\/\/veda.polac.cz\/?page_id=2654\"><strong>Bodov\u00e9 syst\u00e9my v\u00a0Evropsk\u00e9 unii<\/strong><\/a><br \/>\ndoc. PhDr. Kamil Pavl\u00ed\u010dek, CSc., pplk. Mgr. David Z\u00e1mek<\/p>\n<hr \/>\n<p><a href=\"https:\/\/veda.polac.cz\/?page_id=2656\"><strong>Realita a mo\u017enosti kyberterorismu<\/strong><\/a><br \/>\nplk. doc. PhDr. Marian Brzybohat\u00fd, Ph.D.<\/p>\n<hr \/>\n<p><a href=\"https:\/\/veda.polac.cz\/?page_id=2658\"><strong>Glob\u00e1lny soci\u00e1lny chaos &#8211; ako vonkaj\u0161ia hrozba pre vn\u00fatorn\u00fa bezpe\u010dnos\u0165 \u0161t\u00e1tov<\/strong><\/a><br \/>\ndoc. Dr. \u0160tefan Volner, CSc.<\/p>\n<hr \/>\n<p><a href=\"https:\/\/veda.polac.cz\/?page_id=2660\"><strong>V\u00fdhrady ve\u0159ejn\u00e9ho po\u0159\u00e1dku a bezpe\u010dnosti jako v\u00fdjimky v\u00a0pr\u00e1vu ES<\/strong><\/a><br \/>\ndoc. JUDr. Bohumil Pikna, CSc.<\/p>\n<hr \/>\n<p><a href=\"https:\/\/veda.polac.cz\/?page_id=2662\"><strong>Jak d\u00e1l v\u00a0policejn\u00ed etice? (zamy\u0161len\u00ed nad v\u00fdchodisky)<\/strong><\/a><br \/>\nPhDr. Petr Nesvadba, CSc.<\/p>\n<hr \/>\n<p><a href=\"https:\/\/veda.polac.cz\/?page_id=2664\"><strong>P\u0159\u00edstup Europolu k\u00a0eliminaci bezpe\u010dnostn\u00edch rizik organizovan\u00e9ho zlo\u010dinu<\/strong><\/a><br \/>\nPhDr. Ivan Budka, Ph.D.<\/p>\n<hr \/>\n<p><a href=\"https:\/\/veda.polac.cz\/?page_id=2666\"><strong>Identifikace v\u00a0policejn\u011b bezpe\u010dnostn\u00ed \u010dinnosti<\/strong><\/a><br \/>\ndoc. RNDr. Josef Po\u017e\u00e1r, CSc.<\/p>\n<hr \/>\n<p><a href=\"https:\/\/veda.polac.cz\/?page_id=2668\"><strong>Zji\u0161\u0165ov\u00e1n\u00ed trestn\u011b pr\u00e1vn\u011b relevantn\u00edch skute\u010dnost\u00ed od d\u00edt\u011bte mlad\u0161\u00edho patn\u00e1cti let<\/strong><\/a><br \/>\nJUDr. Milan \u0160ubrt<\/p>\n<hr \/>\n<p><a href=\"https:\/\/veda.polac.cz\/?page_id=2670\"><strong>\u010cinnost policist\u016f z\u00e1kladn\u00edch \u00fatvar\u016f slu\u017eby po\u0159\u00e1dkov\u00e9 policie p\u0159i p\u0159ijet\u00ed ozn\u00e1men\u00ed<\/strong><\/a><br \/>\nJUDr. Zden\u011bk Chmela<\/p>\n<hr \/>\n<p><a href=\"https:\/\/veda.polac.cz\/?page_id=2673\"><strong>Vyu\u017eitelnost metody balanced scorecard v\u00a0policejn\u00ed organizaci<\/strong><\/a><br \/>\nJUDr. Franti\u0161ek Do\u010dekal, Ph.D., Ing. Mgr. Jan Barto\u0161<\/p>\n<hr \/>\n<p><a href=\"https:\/\/veda.polac.cz\/?page_id=2675\"><strong>Nov\u00e1 opr\u00e1vn\u011bn\u00ed Policie \u010cR<\/strong><\/a><br \/>\npplk. JUDr. Jozef Band\u017eak<\/p>\n<hr \/>\n<p><a href=\"https:\/\/veda.polac.cz\/?page_id=2677\"><strong>Orienta\u010dn\u00ed dechov\u00e1 zkou\u0161ka a mo\u017enosti jej\u00edho vynucen\u00ed<br \/>\n<\/strong><\/a>JUDr. Petr Nov\u00e1k<\/p>\n<hr \/>\n<p><a href=\"https:\/\/veda.polac.cz\/?page_id=2679\"><strong>Neleg\u00e1ln\u00ed n\u00e1vykov\u00e9 l\u00e1tky na hromadn\u00fdch akc\u00edch<br \/>\n<\/strong><\/a>pplk. Mgr. David Z\u00e1mek, kpt. Mgr Marek Bla\u017eejovsk\u00fd<\/p>\n<hr \/>\n<p><a href=\"https:\/\/veda.polac.cz\/?page_id=2681\"><strong>Prevencia drogov\u00fdch z\u00e1vislost\u00ed z\u00a0pohladu forenznej psychologi\u010dky<\/strong><\/a><br \/>\nmjr. PhDr. Darina Havrlentov\u00e1, PhD.,<\/p>\n<hr \/>\n<p><a href=\"https:\/\/veda.polac.cz\/?page_id=2683\"><strong>Zm\u011bny p\u0159\u00edstupu pedagog\u016f k\u00a0dal\u0161\u00edmu rozvoji profesn\u00edho vzd\u011bl\u00e1v\u00e1n\u00ed v\u00a0d\u016fsledku zav\u00e1d\u011bn\u00ed informa\u010dn\u00edch a komunika\u010dn\u00edch technologi\u00ed do eduka\u010dn\u00edho procesu<\/strong><\/a><br \/>\nplk. Mgr. Ing. Bc. Ji\u0159\u00ed Zl\u00e1mal, Ph.D.<\/p>\n<hr \/>\n<p><strong>Recenze nov\u00e9 u\u010debnice\u00a0\u00a0Zoubek, V. Lidsk\u00e1 pr\u00e1va \u2013 globalizace \u2013 bezpe\u010dnost.<\/strong><br \/>\nprof. PhDr. Ji\u0159\u00ed Straus, DrSC,.<\/p>\n<hr \/>\n<p><a href=\"https:\/\/veda.polac.cz\/?page_id=235\">Zp\u011bt<\/a><\/p>\n","protected":false},"excerpt":{"rendered":"<p>Bodov\u00e9 syst\u00e9my v\u00a0Evropsk\u00e9 unii doc. PhDr. Kamil Pavl\u00ed\u010dek, CSc., pplk. Mgr. David Z\u00e1mek Realita a mo\u017enosti kyberterorismu plk. doc. PhDr. Marian Brzybohat\u00fd, Ph.D. Glob\u00e1lny soci\u00e1lny chaos &#8211; ako vonkaj\u0161ia hrozba pre vn\u00fatorn\u00fa bezpe\u010dnos\u0165 \u0161t\u00e1tov doc. Dr. \u0160tefan Volner, CSc. V\u00fdhrady ve\u0159ejn\u00e9ho po\u0159\u00e1dku a bezpe\u010dnosti jako v\u00fdjimky v\u00a0pr\u00e1vu ES doc. JUDr. Bohumil Pikna, CSc. Jak d\u00e1l [&hellip;]<\/p>\n","protected":false},"author":2,"featured_media":0,"parent":235,"menu_order":42,"comment_status":"closed","ping_status":"closed","template":"","meta":{"footnotes":""},"class_list":["post-1660","page","type-page","status-publish","hentry"],"_links":{"self":[{"href":"https:\/\/veda.polac.cz\/index.php?rest_route=\/wp\/v2\/pages\/1660","targetHints":{"allow":["GET"]}}],"collection":[{"href":"https:\/\/veda.polac.cz\/index.php?rest_route=\/wp\/v2\/pages"}],"about":[{"href":"https:\/\/veda.polac.cz\/index.php?rest_route=\/wp\/v2\/types\/page"}],"author":[{"embeddable":true,"href":"https:\/\/veda.polac.cz\/index.php?rest_route=\/wp\/v2\/users\/2"}],"replies":[{"embeddable":true,"href":"https:\/\/veda.polac.cz\/index.php?rest_route=%2Fwp%2Fv2%2Fcomments&post=1660"}],"version-history":[{"count":20,"href":"https:\/\/veda.polac.cz\/index.php?rest_route=\/wp\/v2\/pages\/1660\/revisions"}],"predecessor-version":[{"id":2715,"href":"https:\/\/veda.polac.cz\/index.php?rest_route=\/wp\/v2\/pages\/1660\/revisions\/2715"}],"up":[{"embeddable":true,"href":"https:\/\/veda.polac.cz\/index.php?rest_route=\/wp\/v2\/pages\/235"}],"wp:attachment":[{"href":"https:\/\/veda.polac.cz\/index.php?rest_route=%2Fwp%2Fv2%2Fmedia&parent=1660"}],"curies":[{"name":"wp","href":"https:\/\/api.w.org\/{rel}","templated":true}]}}