{"id":1657,"date":"2018-09-16T08:01:12","date_gmt":"2018-09-16T08:01:12","guid":{"rendered":"http:\/\/veda.polac.cz\/?page_id=1657"},"modified":"2019-04-18T12:52:21","modified_gmt":"2019-04-18T12:52:21","slug":"04-2007","status":"publish","type":"page","link":"https:\/\/veda.polac.cz\/?page_id=1657","title":{"rendered":"04\/2007"},"content":{"rendered":"<p><a href=\"https:\/\/veda.polac.cz\/?page_id=2737\"><strong>N\u011bkter\u00e9 aspekty vztah\u016f Policie \u010cR k\u00a0jin\u00fdm org\u00e1n\u016fm<\/strong><\/a><br \/>\nJUDr. Lidya Ottov\u00e1<\/p>\n<hr \/>\n<p><a href=\"https:\/\/veda.polac.cz\/?page_id=2731\"><strong>Policejn\u00ed mise jako sou\u010d\u00e1st mezin\u00e1rodn\u00ed policejn\u00ed spolupr\u00e1ce<\/strong><\/a><br \/>\npplk. JUDr. Martin Bohman<\/p>\n<hr \/>\n<p><a href=\"https:\/\/veda.polac.cz\/?page_id=2742\"><strong>Interpol &#8211; pr\u00e1vn\u00ed a organiza\u010dn\u00ed charakteristika<\/strong><\/a><br \/>\ndoc. JUDr. Bohumil Pikna, CSc.<\/p>\n<hr \/>\n<p><a href=\"https:\/\/veda.polac.cz\/?page_id=2744\"><strong>Transformace n\u011bmeck\u00e9 Feder\u00e1ln\u00ed policie<\/strong><\/a><br \/>\npplk. JUDr. Martin Bohman<\/p>\n<hr \/>\n<p><a href=\"https:\/\/veda.polac.cz\/?page_id=2746\"><strong>Bezpe\u010dnostn\u00ed studie \u2013 jednozna\u010dn\u00fd a formalizovan\u00fd postup n\u00e1vrhu opat\u0159en\u00ed situa\u010dn\u00ed prevence kriminality<\/strong><\/a><br \/>\nMgr. Zden\u011bk \u0160t\u011bp\u00e1nek<\/p>\n<hr \/>\n<p><a href=\"https:\/\/veda.polac.cz\/?page_id=2754\"><strong>N\u00e1stroje opera\u010dn\u00ed anal\u00fdzy pro pl\u00e1nov\u00e1n\u00ed \u010dinnost\u00ed<\/strong><\/a><br \/>\nIng. Ivan Fo\u0159t<\/p>\n<hr \/>\n<p><a href=\"https:\/\/veda.polac.cz\/?page_id=2756\"><strong>Z\u00edsk\u00e1v\u00e1n\u00ed kompetenc\u00ed, nebo kultivace osobnosti?\u00a0<\/strong><\/a><br \/>\nPhDr. Petr Nesvadba, CSc.<\/p>\n<hr \/>\n<p><a href=\"https:\/\/veda.polac.cz\/?page_id=2758\"><strong>V\u00fdznam znaleck\u00e9ho zkoum\u00e1n\u00ed p\u0159i vy\u0161et\u0159ov\u00e1n\u00ed<\/strong><\/a><br \/>\nprof. PhDr. Ji\u0159\u00ed Straus, DrSc., pplk. JUDr. Zden\u011bk Sad\u00edlek<\/p>\n<hr \/>\n<p><a href=\"https:\/\/veda.polac.cz\/?page_id=2766\"><strong>Kriminalistick\u00e1 viktimologie, viktimizace, ob\u011b\u0165 a\u00a0\u00fajma\u00a0<\/strong><\/a><br \/>\nJUDr. Nikolaj Hrib<\/p>\n<hr \/>\n<p><a href=\"https:\/\/veda.polac.cz\/?page_id=2768\"><strong>M\u00edsto mediace a alternativn\u00edho \u0159e\u0161en\u00ed trestn\u00edch v\u011bc\u00ed v\u00a0soci\u00e1ln\u00ed prevenci kriminality<\/strong><\/a><br \/>\npplk. Mgr. Josef Hrudka<\/p>\n<hr \/>\n<p><a href=\"https:\/\/veda.polac.cz\/?page_id=2770\"><strong>Kriminalistick\u00e1 charakteristika zlo\u010din\u016f \u201ejm\u00e9nem cti\u201c, zejm\u00e9na vra\u017ed \u201ejm\u00e9nem cti\u201c<\/strong><\/a><br \/>\nPaedMgr. ThMgr. Leo\u0161 Tu\u010dek<\/p>\n<hr \/>\n<p><a href=\"https:\/\/veda.polac.cz\/?page_id=2778\"><strong>Jednotliv\u00e1 opat\u0159en\u00ed prov\u00e1d\u011bn\u00e1 na m\u00edst\u011b ud\u00e1losti slu\u017ebou po\u0159\u00e1dkov\u00e9 policie<\/strong><\/a><br \/>\nMgr. Zden\u011bk Chmela<\/p>\n<hr \/>\n<p><a href=\"https:\/\/veda.polac.cz\/?page_id=2780\"><strong>Nov\u00e9 pojet\u00ed slu\u017eby \u017eelezni\u010dn\u00ed policie v\u00a0souvislosti s\u00a0reorganizac\u00ed Policejn\u00edho prezidia \u010cesk\u00e9 republiky<\/strong><\/a><br \/>\nMgr. Zden\u011bk Chmela, doc. JUDr. Anton\u00edn Fil\u00e1k, CSc.<\/p>\n<hr \/>\n<p><a href=\"https:\/\/veda.polac.cz\/?page_id=2782\"><strong>Z\u00a0historie vy\u0161et\u0159ov\u00e1n\u00ed dopravn\u00edch nehod<\/strong><\/a><br \/>\nplk. JUDr. Mgr. Jan Br\u00e1zda Ph.D.<\/p>\n<hr \/>\n<p><a href=\"https:\/\/veda.polac.cz\/?page_id=2791\"><strong>\u0158idi\u010dsk\u00fd pr\u016fkaz na zkou\u0161ku<\/strong><\/a><br \/>\ndoc. PhDr. Kamil Pavl\u00ed\u010dek, CSc.,\u00a0 pplk. Mgr. David Z\u00e1mek<\/p>\n<hr \/>\n<p><a href=\"https:\/\/veda.polac.cz\/?page_id=2793\"><strong>Syst\u00e9mov\u00e9 pojet\u00ed obsahu informa\u010dn\u00ed elementaristiky<\/strong><\/a><br \/>\nPaedDr. Zuzana Horv\u00e1thov\u00e1, Ph.D., plk. Mgr. Ing. Bc. Ji\u0159\u00ed Zl\u00e1mal, Ph.D.<\/p>\n<hr \/>\n<p><a href=\"https:\/\/veda.polac.cz\/?page_id=2795\"><strong>Anal\u00fdza obsahu \u0161tudijn\u00fdch programov v \u0161tudijnom odbore ochrana os\u00f4b a\u00a0majetku<\/strong><\/a><br \/>\ndoc. Ing. Jozef Hal\u00e1dik, PhD.<\/p>\n<hr \/>\n<p><strong>Zpr\u00e1va o mezin\u00e1rodn\u00ed konferenci \u201e\u010co je to pr\u00e1vo?\u201c<\/strong><br \/>\ndoc. JUDr. Vladim\u00edr Zoubek, CSc.<\/p>\n<hr \/>\n<p><strong>Informace o kurzu CEPOL ve \u0161pan\u011blsk\u00e9 \u00c1vile pod ozna\u010den\u00edm \u201eN\u00e1stroje a\u00a0syst\u00e9my evropsk\u00e9 policejn\u00ed spolupr\u00e1ce v\u00a0jazyce \u0161pan\u011blsk\u00e9m \u2013 2007\u201c<\/strong><br \/>\ndoc. JUDr. Bohumil Pikna, CSc.<\/p>\n<hr \/>\n<p><strong>Syst\u00e9mov\u00e9 p\u0159\u00edstupy 2007<\/strong><br \/>\nIng. Milan Kn\u00fd<\/p>\n<hr \/>\n<p><a href=\"https:\/\/veda.polac.cz\/?page_id=235\">Zp\u011bt<\/a><\/p>\n","protected":false},"excerpt":{"rendered":"<p>N\u011bkter\u00e9 aspekty vztah\u016f Policie \u010cR k\u00a0jin\u00fdm org\u00e1n\u016fm JUDr. Lidya Ottov\u00e1 Policejn\u00ed mise jako sou\u010d\u00e1st mezin\u00e1rodn\u00ed policejn\u00ed spolupr\u00e1ce pplk. JUDr. Martin Bohman Interpol &#8211; pr\u00e1vn\u00ed a organiza\u010dn\u00ed charakteristika doc. JUDr. Bohumil Pikna, CSc. Transformace n\u011bmeck\u00e9 Feder\u00e1ln\u00ed policie pplk. JUDr. Martin Bohman Bezpe\u010dnostn\u00ed studie \u2013 jednozna\u010dn\u00fd a formalizovan\u00fd postup n\u00e1vrhu opat\u0159en\u00ed situa\u010dn\u00ed prevence kriminality Mgr. Zden\u011bk \u0160t\u011bp\u00e1nek [&hellip;]<\/p>\n","protected":false},"author":2,"featured_media":0,"parent":235,"menu_order":41,"comment_status":"closed","ping_status":"closed","template":"","meta":{"footnotes":""},"class_list":["post-1657","page","type-page","status-publish","hentry"],"_links":{"self":[{"href":"https:\/\/veda.polac.cz\/index.php?rest_route=\/wp\/v2\/pages\/1657","targetHints":{"allow":["GET"]}}],"collection":[{"href":"https:\/\/veda.polac.cz\/index.php?rest_route=\/wp\/v2\/pages"}],"about":[{"href":"https:\/\/veda.polac.cz\/index.php?rest_route=\/wp\/v2\/types\/page"}],"author":[{"embeddable":true,"href":"https:\/\/veda.polac.cz\/index.php?rest_route=\/wp\/v2\/users\/2"}],"replies":[{"embeddable":true,"href":"https:\/\/veda.polac.cz\/index.php?rest_route=%2Fwp%2Fv2%2Fcomments&post=1657"}],"version-history":[{"count":21,"href":"https:\/\/veda.polac.cz\/index.php?rest_route=\/wp\/v2\/pages\/1657\/revisions"}],"predecessor-version":[{"id":2802,"href":"https:\/\/veda.polac.cz\/index.php?rest_route=\/wp\/v2\/pages\/1657\/revisions\/2802"}],"up":[{"embeddable":true,"href":"https:\/\/veda.polac.cz\/index.php?rest_route=\/wp\/v2\/pages\/235"}],"wp:attachment":[{"href":"https:\/\/veda.polac.cz\/index.php?rest_route=%2Fwp%2Fv2%2Fmedia&parent=1657"}],"curies":[{"name":"wp","href":"https:\/\/api.w.org\/{rel}","templated":true}]}}