{"id":1648,"date":"2018-09-16T07:40:29","date_gmt":"2018-09-16T07:40:29","guid":{"rendered":"http:\/\/veda.polac.cz\/?page_id=1648"},"modified":"2019-04-20T07:13:17","modified_gmt":"2019-04-20T07:13:17","slug":"02-2008","status":"publish","type":"page","link":"https:\/\/veda.polac.cz\/?page_id=1648","title":{"rendered":"02\/2008"},"content":{"rendered":"<p><a href=\"https:\/\/veda.polac.cz\/?page_id=3188\"><strong>Rozum\u011bt stop\u00e1m po\u017e\u00e1r\u016f &#8211;\u00a0<\/strong><strong>P\u0159\u00edsp\u011bvek ke spolupr\u00e1ci vy\u0161et\u0159ovatel\u016f po\u017e\u00e1r\u016f a hasi\u010d\u016f<\/strong><\/a><br \/>\nFrank D. Stolt, Msc., p\u0159eklad Mgr. Milan Ciedler<\/p>\n<hr \/>\n<p><a href=\"https:\/\/veda.polac.cz\/?page_id=3190\"><strong>Ve\u0159ejn\u00e9 disciplin\u00e1rn\u00ed delikty osob ve slu\u017eebn\u00edm pom\u011bru <\/strong><\/a><br \/>\ndoc. JUDr. Eva Horzinkov\u00e1, Ph.D.<\/p>\n<hr \/>\n<p><a href=\"https:\/\/veda.polac.cz\/?page_id=3192\"><strong>Z\u00e1kon o slu\u017eebn\u00edm pom\u011bru p\u0159\u00edslu\u0161n\u00edk\u016f bezpe\u010dnostn\u00edch sbor\u016f s p\u0159ihl\u00e9dnut\u00edm k vysoko\u0161kolsk\u00e9mu vzd\u011bl\u00e1n\u00ed p\u0159\u00edslu\u0161n\u00edka<\/strong><\/a><br \/>\nJUDr. Jind\u0159ich \u0160koda<\/p>\n<hr \/>\n<p><a href=\"https:\/\/veda.polac.cz\/?page_id=3194\"><strong>N\u011bkter\u00e9 d\u016fle\u017eit\u00e9 aspekty v profesion\u00e1ln\u00edm rozvoji policist\u016f <\/strong><\/a><br \/>\nMgr. Anton\u00edn Slab\u00fd<\/p>\n<hr \/>\n<p><a href=\"https:\/\/veda.polac.cz\/?page_id=3196\"><strong>Vyu\u017eit\u00ed z\u00e1znam\u016f z bezpe\u010dnostn\u00edch kamer pro kriminalistickou identifikaci <\/strong><\/a><br \/>\nprof. PhDr. Ji\u0159\u00ed Straus, DrSc., Ing. Ji\u0159\u00ed Jon\u00e1k, Ph.D.<\/p>\n<hr \/>\n<p><a href=\"https:\/\/veda.polac.cz\/?page_id=3198\"><strong>K procesn\u00ed pou\u017eitelnosti expertizn\u00edho zkoum\u00e1n\u00ed DNA a otisk\u016f prst\u016f <\/strong><\/a><br \/>\nJUDr. Petr Nov\u00e1k<\/p>\n<hr \/>\n<p><a href=\"https:\/\/veda.polac.cz\/?page_id=3200\"><strong>Policie &#8222;cestn\u00ed&#8220; &#8211; p\u0159edobraz dopravn\u00ed policie<\/strong><\/a><br \/>\nplk. JUDr. Mgr. Jan Br\u00e1zda, Ph.D.<\/p>\n<hr \/>\n<p><a href=\"https:\/\/veda.polac.cz\/?page_id=3202\"><strong>Charakteristika cestnej dopravy v Slovenskej republike <\/strong><\/a><br \/>\nJUDr. Miroslav Felcan, PhD.<\/p>\n<hr \/>\n<p><a href=\"https:\/\/veda.polac.cz\/?page_id=3204\"><strong>Drogy v silni\u010dn\u00ed doprav\u011b <\/strong><\/a><br \/>\ndoc. PhDr. Kamil Pavl\u00ed\u010dek, CSc., Mgr. David Z\u00e1mek, Mgr. Marek Bla\u017eejovsk\u00fd<\/p>\n<hr \/>\n<p><a href=\"https:\/\/veda.polac.cz\/?page_id=3206\"><strong>P\u00e1chate\u013e v dlhodobom v\u00fdkone trestu od\u0148atia slobody a jeho soci\u00e1lna progn\u00f3za <\/strong><\/a><br \/>\ndoc. PhDr. Anton\u00edn Kozo\u0148, CSc., doc. PhDr. Stanislav Ne\u010das, CSc.<\/p>\n<hr \/>\n<p><a href=\"https:\/\/veda.polac.cz\/?page_id=3208\"><strong>Ochota sebez\u00e1hubn\u011b zab\u00edjet: sociokulturn\u00ed a n\u00e1bo\u017eensk\u00e9 identifik\u00e1tory <\/strong><\/a><br \/>\n<strong>Potenciality sebevra\u017eedn\u00e9ho n\u00e1sil\u00ed<\/strong><br \/>\nPaedMgr. et ThMgr. Leo\u0161 Tu\u010dek<\/p>\n<hr \/>\n<p><a href=\"https:\/\/veda.polac.cz\/?page_id=3210\"><strong>Anarchismus a autority <\/strong><\/a><br \/>\nMgr. Anna Pleierov\u00e1<\/p>\n<hr \/>\n<p><a href=\"https:\/\/veda.polac.cz\/?page_id=3212\"><strong>E-learning a jeho integrace do eduka\u010dn\u00edho procesu <\/strong><\/a><br \/>\nMgr. Alena Luk\u00e1\u010dov\u00e1, Dr. Bc. J\u00e1n \u0160ug\u00e1r, CSc.<\/p>\n<hr \/>\n<p><a href=\"https:\/\/veda.polac.cz\/?page_id=3214\"><strong>Klasick\u00fd pedagogick\u00fd experiment v kombinovan\u00e9 form\u011b studia v podm\u00ednk\u00e1ch katedry jazyk\u016f Policejn\u00ed akademie \u010cR v Praze\u00a0<\/strong><\/a><br \/>\nMgr. Alena Luk\u00e1\u010dov\u00e1<\/p>\n<hr \/>\n<p><strong>Recenze vysoko\u0161kolsk\u00e9 u\u010debnice &#8222;Kriminalistick\u00e1 taktika&#8220; <\/strong><br \/>\nJUDr. Franti\u0161ek Vavera, Ph.D.<\/p>\n<hr \/>\n<p><a href=\"https:\/\/veda.polac.cz\/?page_id=235\">Zp\u011bt<\/a><\/p>\n","protected":false},"excerpt":{"rendered":"<p>Rozum\u011bt stop\u00e1m po\u017e\u00e1r\u016f &#8211;\u00a0P\u0159\u00edsp\u011bvek ke spolupr\u00e1ci vy\u0161et\u0159ovatel\u016f po\u017e\u00e1r\u016f a hasi\u010d\u016f Frank D. Stolt, Msc., p\u0159eklad Mgr. Milan Ciedler Ve\u0159ejn\u00e9 disciplin\u00e1rn\u00ed delikty osob ve slu\u017eebn\u00edm pom\u011bru doc. JUDr. Eva Horzinkov\u00e1, Ph.D. Z\u00e1kon o slu\u017eebn\u00edm pom\u011bru p\u0159\u00edslu\u0161n\u00edk\u016f bezpe\u010dnostn\u00edch sbor\u016f s p\u0159ihl\u00e9dnut\u00edm k vysoko\u0161kolsk\u00e9mu vzd\u011bl\u00e1n\u00ed p\u0159\u00edslu\u0161n\u00edka JUDr. Jind\u0159ich \u0160koda N\u011bkter\u00e9 d\u016fle\u017eit\u00e9 aspekty v profesion\u00e1ln\u00edm rozvoji policist\u016f Mgr. Anton\u00edn [&hellip;]<\/p>\n","protected":false},"author":2,"featured_media":0,"parent":235,"menu_order":38,"comment_status":"closed","ping_status":"closed","template":"","meta":{"footnotes":""},"class_list":["post-1648","page","type-page","status-publish","hentry"],"_links":{"self":[{"href":"https:\/\/veda.polac.cz\/index.php?rest_route=\/wp\/v2\/pages\/1648","targetHints":{"allow":["GET"]}}],"collection":[{"href":"https:\/\/veda.polac.cz\/index.php?rest_route=\/wp\/v2\/pages"}],"about":[{"href":"https:\/\/veda.polac.cz\/index.php?rest_route=\/wp\/v2\/types\/page"}],"author":[{"embeddable":true,"href":"https:\/\/veda.polac.cz\/index.php?rest_route=\/wp\/v2\/users\/2"}],"replies":[{"embeddable":true,"href":"https:\/\/veda.polac.cz\/index.php?rest_route=%2Fwp%2Fv2%2Fcomments&post=1648"}],"version-history":[{"count":4,"href":"https:\/\/veda.polac.cz\/index.php?rest_route=\/wp\/v2\/pages\/1648\/revisions"}],"predecessor-version":[{"id":3219,"href":"https:\/\/veda.polac.cz\/index.php?rest_route=\/wp\/v2\/pages\/1648\/revisions\/3219"}],"up":[{"embeddable":true,"href":"https:\/\/veda.polac.cz\/index.php?rest_route=\/wp\/v2\/pages\/235"}],"wp:attachment":[{"href":"https:\/\/veda.polac.cz\/index.php?rest_route=%2Fwp%2Fv2%2Fmedia&parent=1648"}],"curies":[{"name":"wp","href":"https:\/\/api.w.org\/{rel}","templated":true}]}}