{"id":1639,"date":"2018-09-16T02:23:01","date_gmt":"2018-09-16T02:23:01","guid":{"rendered":"http:\/\/veda.polac.cz\/?page_id=1639"},"modified":"2019-04-19T06:35:41","modified_gmt":"2019-04-19T06:35:41","slug":"zvlastni-cislo-2009","status":"publish","type":"page","link":"https:\/\/veda.polac.cz\/?page_id=1639","title":{"rendered":"Zvl\u00e1\u0161tn\u00ed \u010d\u00edslo 2009"},"content":{"rendered":"<p><em><strong>1. d\u00edl<\/strong><\/em><br \/>\nP\u0159edmluva<\/p>\n<p><strong>Integrovan\u00fd v\u00fdzkumn\u00fd \u00fakol \u010d. 1<\/strong><br \/>\n<strong>Aktu\u00e1ln\u00ed probl\u00e9my rozvoje policejn\u00edch v\u011bd\u00a0<\/strong><strong>a transferu jejich pozn\u00e1n\u00ed do praxe<\/strong><br \/>\nOdpov\u011bdn\u00fd \u0159e\u0161itel: prof. PhDr. Ji\u0159\u00ed Straus, DrSc.<\/p>\n<p><strong>Nebezpe\u010dn\u00e9 pron\u00e1sledov\u00e1n\u00ed &#8211; nov\u00fd trestn\u00fd \u010din<\/strong><br \/>\ndoc. PhDr. Ludmila \u010c\u00edrtkov\u00e1, CSc.<\/p>\n<p><strong>Psychologick\u00e9 odborn\u00e9 slu\u017eby kriminalistice<\/strong><br \/>\nPhDr. Jitka Vesel\u00e1<\/p>\n<p><strong>Neuropsychofyziologick\u00fd korel\u00e1t n\u00e1siln\u00fdch krimin\u00e1ln\u00edch delikt\u016f\u00a0<\/strong><strong>v kontextu nezvl\u00e1dnut\u00e9ho afektu<\/strong><br \/>\nMUDr. I. \u017dukov, CSc., PhDr. R. Pt\u00e1\u010dek, Ph.D., PhDr. S. Fischer, Ph.D.<\/p>\n<p><strong>Aktu\u00e1ln\u00ed probl\u00e9my managementu a informatiky\u00a0bezpe\u010dnostn\u00edch objekt\u016f<\/strong><br \/>\nIng. Milan Kn\u00fd,<\/p>\n<p><strong>Dan\u011b a korupce jako historick\u00fd znak st\u00e1tu a zlo\u010dinnosti<\/strong><br \/>\ndoc. JUDr. Vladim\u00edr Zoubek, CSc.<\/p>\n<hr \/>\n<p><strong>Integrovan\u00fd v\u00fdzkumn\u00fd \u00fakol \u010d. 2<\/strong><br \/>\n<strong>Krizov\u00e9 \u0159\u00edzen\u00ed ve ve\u0159ejn\u00e9 a st\u00e1tn\u00ed spr\u00e1v\u011b a Policii \u010cR<\/strong><br \/>\nOdpov\u011bdn\u00fd \u0159e\u0161itel: prof. Ing. Bed\u0159ich \u0160est\u00e1k, DrSc.<\/p>\n<p><strong>Bezpe\u010dnost v kontextu soci\u00e1ln\u00edch faktor\u016f<\/strong><br \/>\nMgr. Lenka Burdov\u00e1 Dr. Bc. J\u00e1n \u0160ug\u00e1r, CSc.,<br \/>\nprof. Ing. Bed\u0159ich \u0160est\u00e1k, DrSc.,<\/p>\n<p><strong>V jak\u00fdch situac\u00edch se ocitaj\u00ed zasahuj\u00edc\u00ed policist\u00e9?<\/strong><br \/>\nJUDr. Mgr. Jo\u017ea Spurn\u00fd, Ph.D.<\/p>\n<hr \/>\n<p><strong>Integrovan\u00fd v\u00fdzkumn\u00fd \u00fakol \u010d. 3<\/strong><br \/>\n<strong>Rozvoj kriminalistick\u00fdch a kriminologick\u00fdch teori\u00ed pro pot\u0159eby<\/strong><br \/>\n<strong>policejn\u00edho vzd\u011bl\u00e1v\u00e1n\u00ed a policejn\u00ed praxe<\/strong><br \/>\nOdpov\u011bdn\u00fd \u0159e\u0161itel: prof. PhDr. Ji\u0159\u00ed Straus, DrSc.<\/p>\n<p><strong>P\u0159\u00edsp\u011bvek k v\u00fdvoji kriminalistiky<\/strong><br \/>\nprof. PhDr. Ji\u0159\u00ed Straus, DrSc., JUDr. Franti\u0161ek Vavera, Ph.D.,<\/p>\n<p><strong>Biomechanick\u00e1 anal\u00fdza vybran\u00fdch druh\u016f\u00a0p\u00e1du z v\u00fd\u0161ky<\/strong><br \/>\nprof. PhDr. Ji\u0159\u00ed Straus, DrSc.<\/p>\n<p><strong>Reak\u010dn\u00ed \u010das na n\u00e1hodn\u00fd podn\u011bt vy\u017eaduj\u00edc\u00ed komplexn\u00ed motorickou odezvu<\/strong><br \/>\nprof. PhDr. Ji\u0159\u00ed Straus, DrSc.<\/p>\n<p><strong>Shaken baby syndrome &#8211; biomechanick\u00e1 anal\u00fdza dynamick\u00e9 z\u00e1t\u011b\u017ee<\/strong><br \/>\nprof. PhDr. Ji\u0159\u00ed Straus, DrSc.<\/p>\n<p><strong>Nebezpe\u010d\u00ed technick\u00e9ho maskov\u00e1n\u00ed n\u00e1stra\u017en\u00fdch v\u00fdbu\u0161n\u00fdch syst\u00e9m\u016f\u00a0proti standardn\u00edm bezpe\u010dnostn\u00edm kontrol\u00e1m<\/strong><br \/>\nplk. doc. RNDr. Jaroslav Ture\u010dek, Ph.D.<\/p>\n<p><strong>Odpov\u011bdnost osob jednaj\u00edc\u00edch jm\u00e9nem pr\u00e1vnick\u00fdch osob\u00a0z pohledu trestn\u00edho pr\u00e1va<\/strong><br \/>\nJUDr. Mgr. Jan Bajura<\/p>\n<hr \/>\n<p><em><strong>2. d\u00edl<\/strong><\/em><\/p>\n<p><strong>Integrovan\u00fd v\u00fdzkumn\u00fd \u00fakol \u010d. 4<\/strong><br \/>\n<strong>Optimalizace syst\u00e9mu vzd\u011bl\u00e1v\u00e1n\u00ed na Policejn\u00ed akademii \u010cR<\/strong><br \/>\nOdpov\u011bdn\u00fd \u0159e\u0161itel: Dr. Zden\u011bk Kova\u0159\u00edk, CSc.<\/p>\n<p><strong>\u00davod do anal\u00fdzy \u010dasov\u00fdch \u0159ad ukazatel\u016f kriminality v \u010cR a SR<\/strong><br \/>\nDr. Zden\u011bk Kova\u0159\u00edk, CSc.<\/p>\n<p><strong>Extrapolace vybran\u00fdch ukazatel\u016f kriminality v \u010cR s vyu\u017eit\u00edm model\u016f ARIMA a programu AUTOBOX (AFS)<\/strong><br \/>\nDr. Zden\u011bk Kova\u0159\u00edk, CSc.<\/p>\n<p><strong>Kointegra\u010dn\u00ed anal\u00fdza \u010dasov\u00fdch \u0159ad vybran\u00fdch ukazatel\u016f kriminality a nezam\u011bstnanosti v \u010cesk\u00e9 republice<\/strong><br \/>\nDr. Zden\u011bk Kova\u0159\u00edk, CSc.<\/p>\n<p><strong>Kointegra\u010dn\u00ed anal\u00fdza \u010dasov\u00fdch \u0159ad vybran\u00fdch ukazatel\u016f kriminality a nezam\u011bstnanosti ve Slovensk\u00e9 republice<\/strong><br \/>\nDr. Zden\u011bk Kova\u0159\u00edk, CSc., PhDr. Cyril Kost\u00edk, CSc.<\/p>\n<p><strong>Progn\u00f3za kriminality v eur\u00f3pskom regi\u00f3ne do roku 2011 z poh\u013eadu expertov<\/strong><br \/>\nPhDr. Cyril Kost\u00edk, CSc., Dr. Zden\u011bk Kova\u0159\u00edk, CSc.<\/p>\n<p><strong>V\u00fdzkum vztahu ob\u010dan\u016f k Policii \u010cR jako integr\u00e1ln\u00ed sou\u010d\u00e1sti p\u0159ijat\u00e9ho modelu EFQM<\/strong><br \/>\nJUDr. Martin Bohman, Dr. Zden\u011bk Kova\u0159\u00edk, CSc.,<\/p>\n<p><strong>V\u00fdzkum vzd\u011bl\u00e1vac\u00edch pot\u0159eb policejn\u00edho managementu<\/strong><br \/>\nDr. Bc. J\u00e1n \u0160ug\u00e1r, CSc., Dr. Zden\u011bk Kova\u0159\u00edk, CSc.,<br \/>\nPhDr. Petr Jedin\u00e1k, Ph.D.<\/p>\n<hr \/>\n<p><a href=\"https:\/\/veda.polac.cz\/?page_id=2879\">Resum\u00e9 zvl\u00e1\u0161tn\u00edho \u010d\u00edsla\u00a0<\/a><\/p>\n<p><a href=\"https:\/\/veda.polac.cz\/?page_id=235\">Zp\u011bt<\/a><\/p>\n","protected":false},"excerpt":{"rendered":"<p>1. d\u00edl P\u0159edmluva Integrovan\u00fd v\u00fdzkumn\u00fd \u00fakol \u010d. 1 Aktu\u00e1ln\u00ed probl\u00e9my rozvoje policejn\u00edch v\u011bd\u00a0a transferu jejich pozn\u00e1n\u00ed do praxe Odpov\u011bdn\u00fd \u0159e\u0161itel: prof. PhDr. Ji\u0159\u00ed Straus, DrSc. Nebezpe\u010dn\u00e9 pron\u00e1sledov\u00e1n\u00ed &#8211; nov\u00fd trestn\u00fd \u010din doc. PhDr. Ludmila \u010c\u00edrtkov\u00e1, CSc. Psychologick\u00e9 odborn\u00e9 slu\u017eby kriminalistice PhDr. Jitka Vesel\u00e1 Neuropsychofyziologick\u00fd korel\u00e1t n\u00e1siln\u00fdch krimin\u00e1ln\u00edch delikt\u016f\u00a0v kontextu nezvl\u00e1dnut\u00e9ho afektu MUDr. I. \u017dukov, CSc., [&hellip;]<\/p>\n","protected":false},"author":2,"featured_media":0,"parent":235,"menu_order":35,"comment_status":"closed","ping_status":"closed","template":"","meta":{"footnotes":""},"class_list":["post-1639","page","type-page","status-publish","hentry"],"_links":{"self":[{"href":"https:\/\/veda.polac.cz\/index.php?rest_route=\/wp\/v2\/pages\/1639","targetHints":{"allow":["GET"]}}],"collection":[{"href":"https:\/\/veda.polac.cz\/index.php?rest_route=\/wp\/v2\/pages"}],"about":[{"href":"https:\/\/veda.polac.cz\/index.php?rest_route=\/wp\/v2\/types\/page"}],"author":[{"embeddable":true,"href":"https:\/\/veda.polac.cz\/index.php?rest_route=\/wp\/v2\/users\/2"}],"replies":[{"embeddable":true,"href":"https:\/\/veda.polac.cz\/index.php?rest_route=%2Fwp%2Fv2%2Fcomments&post=1639"}],"version-history":[{"count":3,"href":"https:\/\/veda.polac.cz\/index.php?rest_route=\/wp\/v2\/pages\/1639\/revisions"}],"predecessor-version":[{"id":2896,"href":"https:\/\/veda.polac.cz\/index.php?rest_route=\/wp\/v2\/pages\/1639\/revisions\/2896"}],"up":[{"embeddable":true,"href":"https:\/\/veda.polac.cz\/index.php?rest_route=\/wp\/v2\/pages\/235"}],"wp:attachment":[{"href":"https:\/\/veda.polac.cz\/index.php?rest_route=%2Fwp%2Fv2%2Fmedia&parent=1639"}],"curies":[{"name":"wp","href":"https:\/\/api.w.org\/{rel}","templated":true}]}}