{"id":1628,"date":"2018-09-16T02:05:30","date_gmt":"2018-09-16T02:05:30","guid":{"rendered":"http:\/\/veda.polac.cz\/?page_id=1628"},"modified":"2019-04-19T08:35:04","modified_gmt":"2019-04-19T08:35:04","slug":"04-2009","status":"publish","type":"page","link":"https:\/\/veda.polac.cz\/?page_id=1628","title":{"rendered":"04\/2009"},"content":{"rendered":"<p><a href=\"https:\/\/veda.polac.cz\/?page_id=3031\"><strong>\u010ce\u0161ky a \u010ce\u0161i v kyberprostoru:<\/strong><\/a><br><strong>Zestru\u010dn\u011bn\u00e1 zpr\u00e1va v\u00fdzkumn\u00e9ho t\u00fdmu sociologie a psychologie v r\u00e1mci projektu bezpe\u010dnostn\u00edho v\u00fdzkumu &#8222;Problematika kybernetick\u00fdch hrozeb z hlediska bezpe\u010dnostn\u00edch z\u00e1jm\u016f \u010cesk\u00e9 republiky&#8220;<\/strong><br>PhDr. Ing. Petr Soukup a kolektiv<\/p>\n<hr>\n<p><a href=\"https:\/\/veda.polac.cz\/?page_id=3033\"><strong>K n\u011bkter\u00fdm probl\u00e9m\u016fm \u00fastavn\u00edch dekret\u016f prezidenta republiky v souvislosti s Lisabonskou smlouvou<\/strong><\/a><br>Mgr. Ale\u0161 Zp\u011bv\u00e1k, Mgr. Anna Pleierov\u00e1<\/p>\n<hr>\n<p><a href=\"https:\/\/veda.polac.cz\/?page_id=3035\"><strong>Teorie lidsk\u00e9ho kapit\u00e1lu a ekonomie kvality vzd\u011bl\u00e1v\u00e1n\u00ed p\u0159\u00edslu\u0161n\u00edk\u016f bezpe\u010dnostn\u00edch slo\u017eek<\/strong><\/a><br>Mgr. Franti\u0161ek H\u0159eb\u00edk, doc. Ing. PhDr. Karel \u0160r\u00e9dl, CSc.<\/p>\n<hr>\n<p><a href=\"https:\/\/veda.polac.cz\/?page_id=3037\"><strong>N\u00e1sil\u00ed na fotbalov\u00fdch stadionech v \u010cR a privatizace jeho \u0159e\u0161en\u00ed<\/strong><\/a><br>Bc. Petr Kupka<\/p>\n<hr>\n<p><a href=\"https:\/\/veda.polac.cz\/?page_id=3039\"><strong>Nieko\u013eko pozn\u00e1mok k dokazovaniu v trestnom konan\u00ed &#8211; II. \u010das\u0165<\/strong><\/a><br>doc. JUDr. Mgr. Jana Viktoryov\u00e1, PhD., Mgr. Lubo\u0161 Turek<\/p>\n<hr>\n<p><a href=\"https:\/\/veda.polac.cz\/?page_id=3043\"><strong>N\u00e1vrh dopravno-bezpe\u010dnostn\u00fdch opatren\u00ed z h\u013eadiska dopravn\u00e9ho in\u017einierstva na rie\u0161enie kritick\u00fdch nehodov\u00fdch lokal\u00edt<\/strong><\/a><br>pplk. JUDr. Miroslav Felcan, PhD.<\/p>\n<hr>\n<p><a href=\"https:\/\/veda.polac.cz\/?page_id=3046\"><strong>Vyu\u017eitie modern\u00fdch pr\u00edstupov pr\u00e1ce s neur\u010dit\u00fdmi inform\u00e1ciami pre kr\u00edzov\u00fd mana\u017ement<\/strong><\/a><br>Ing. Monika V\u00e1clavkov\u00e1<\/p>\n<hr>\n<p><a href=\"https:\/\/veda.polac.cz\/?page_id=3048\"><strong>Management znalost\u00ed a jeho v\u00fdznam pro policejn\u00ed pr\u00e1ci<\/strong><\/a><br>doc. Ing. Ludmila Ml\u00e1dkov\u00e1, Ph.D.<\/p>\n<hr>\n<p><a href=\"https:\/\/veda.polac.cz\/?page_id=3052\"><strong>Mana\u017eersk\u00e9 kompetence<\/strong><\/a><br>Mgr. Anton\u00edn Slab\u00fd<\/p>\n<hr>\n<p><a href=\"https:\/\/veda.polac.cz\/?page_id=3054\"><strong>Vymezen\u00ed z\u00e1kladn\u00edch pojm\u016f mana\u017eersk\u00e9ho vzd\u011bl\u00e1v\u00e1n\u00ed<\/strong><\/a><br>Mgr. Anton\u00edn Slab\u00fd<\/p>\n<hr>\n<p><a href=\"https:\/\/veda.polac.cz\/?page_id=3056\"><strong>Kamufl\u00e1\u017e a zast\u0159en\u00ed z\u00e1jmov\u00fdch p\u0159edm\u011bt\u016f v obrazov\u00e9m v\u00fdstupu RTG za\u0159\u00edzen\u00ed<\/strong><\/a><br>Mgr. Jitka Johanidesov\u00e1<\/p>\n<hr>\n<p><a href=\"https:\/\/veda.polac.cz\/?page_id=3058\"><strong>Ojedin\u011bl\u00e1 uk\u00e1zka cenzurn\u00ed \u010dinnosti rakousk\u00e9 policie<\/strong><\/a><br>Mgr. Lubom\u00edr Uhl\u00ed\u0159<\/p>\n<hr>\n<p><strong>Recenze monografi\u00ed &#8222;\u00dasp\u011b\u0161n\u00fd n\u00e1vrh v\u00fdzkumu&#8220; a &#8222;Z\u00e1klady kvantitativn\u00edho \u0161et\u0159en\u00ed&#8220;<\/strong><br>Mgr. Anton\u00edn Slab\u00fd<\/p>\n<hr>\n<p><a href=\"https:\/\/veda.polac.cz\/?page_id=235\">Zp\u011bt<\/a><\/p>\n\n\n<p><\/p>\n","protected":false},"excerpt":{"rendered":"<p>\u010ce\u0161ky a \u010ce\u0161i v kyberprostoru:Zestru\u010dn\u011bn\u00e1 zpr\u00e1va v\u00fdzkumn\u00e9ho t\u00fdmu sociologie a psychologie v r\u00e1mci projektu bezpe\u010dnostn\u00edho v\u00fdzkumu &#8222;Problematika kybernetick\u00fdch hrozeb z hlediska bezpe\u010dnostn\u00edch z\u00e1jm\u016f \u010cesk\u00e9 republiky&#8220;PhDr. Ing. Petr Soukup a kolektiv K n\u011bkter\u00fdm probl\u00e9m\u016fm \u00fastavn\u00edch dekret\u016f prezidenta republiky v souvislosti s Lisabonskou smlouvouMgr. Ale\u0161 Zp\u011bv\u00e1k, Mgr. Anna Pleierov\u00e1 Teorie lidsk\u00e9ho kapit\u00e1lu a ekonomie kvality vzd\u011bl\u00e1v\u00e1n\u00ed p\u0159\u00edslu\u0161n\u00edk\u016f [&hellip;]<\/p>\n","protected":false},"author":2,"featured_media":0,"parent":235,"menu_order":30,"comment_status":"closed","ping_status":"closed","template":"","meta":{"footnotes":""},"class_list":["post-1628","page","type-page","status-publish","hentry"],"_links":{"self":[{"href":"https:\/\/veda.polac.cz\/index.php?rest_route=\/wp\/v2\/pages\/1628","targetHints":{"allow":["GET"]}}],"collection":[{"href":"https:\/\/veda.polac.cz\/index.php?rest_route=\/wp\/v2\/pages"}],"about":[{"href":"https:\/\/veda.polac.cz\/index.php?rest_route=\/wp\/v2\/types\/page"}],"author":[{"embeddable":true,"href":"https:\/\/veda.polac.cz\/index.php?rest_route=\/wp\/v2\/users\/2"}],"replies":[{"embeddable":true,"href":"https:\/\/veda.polac.cz\/index.php?rest_route=%2Fwp%2Fv2%2Fcomments&post=1628"}],"version-history":[{"count":6,"href":"https:\/\/veda.polac.cz\/index.php?rest_route=\/wp\/v2\/pages\/1628\/revisions"}],"predecessor-version":[{"id":3062,"href":"https:\/\/veda.polac.cz\/index.php?rest_route=\/wp\/v2\/pages\/1628\/revisions\/3062"}],"up":[{"embeddable":true,"href":"https:\/\/veda.polac.cz\/index.php?rest_route=\/wp\/v2\/pages\/235"}],"wp:attachment":[{"href":"https:\/\/veda.polac.cz\/index.php?rest_route=%2Fwp%2Fv2%2Fmedia&parent=1628"}],"curies":[{"name":"wp","href":"https:\/\/api.w.org\/{rel}","templated":true}]}}