{"id":1607,"date":"2018-09-16T01:53:47","date_gmt":"2018-09-16T01:53:47","guid":{"rendered":"http:\/\/veda.polac.cz\/?page_id=1607"},"modified":"2019-04-18T10:36:39","modified_gmt":"2019-04-18T10:36:39","slug":"zvlastni-cislo-2010","status":"publish","type":"page","link":"https:\/\/veda.polac.cz\/?page_id=1607","title":{"rendered":"Zvl\u00e1\u0161tn\u00ed \u010d\u00edslo 2010"},"content":{"rendered":"<p><em><strong>1. d\u00edl<\/strong><\/em><br \/>\nP\u0159edmluva<\/p>\n<p><strong>Integrovan\u00fd \u00fakol 1<\/strong><br \/>\n<strong>Aktu\u00e1ln\u00ed probl\u00e9my rozvoje policejn\u00edch v\u011bd a transferu jejich pozn\u00e1n\u00ed do praxe\u00a0<\/strong><br \/>\n<strong>Konceptu\u00e1ln\u00ed modelov\u00e1n\u00ed bezpe\u010dnostn\u00edho managementu a informa\u010dn\u00ed bezpe\u010dnosti<\/strong><br \/>\nIng. Milan Kn\u00fd, CSc., doc. RNDr. Josef Po\u017e\u00e1r, CSc.<\/p>\n<p><strong>Bezpe\u010dn\u00fd prostor jako proces stochastick\u00fd i deterministick\u00fd<\/strong><br \/>\nIng. Milan Kn\u00fd, CSc.<\/p>\n<p><strong>Informa\u010dn\u00ed bezpe\u010dnost jako v\u00fdznamn\u00fd prvek mana\u017eersk\u00e9 informatiky<\/strong><br \/>\ndoc. RNDr. Josef Po\u017e\u00e1r, CSc.<\/p>\n<p><strong>Zku\u0161enosti s vy\u0161et\u0159ov\u00e1n\u00edm trestn\u00e9ho \u010dinu nebezpe\u010dn\u00e9ho pron\u00e1sledov\u00e1n\u00ed <\/strong><br \/>\ndoc. PhDr. Ludmila \u010c\u00edrtkov\u00e1, CSc.<\/p>\n<p><strong>Forenzn\u00ed psycholingvistika &#8211; aktu\u00e1ln\u00ed trendy <\/strong><br \/>\ndoc. PhDr. Ludmila \u010c\u00edrtkov\u00e1, CSc.<\/p>\n<p><strong>Policejn\u00ed etika jako badatelsk\u00e9 t\u00e9ma <\/strong><br \/>\nPhDr. Petr Nesvadba, CSc.<\/p>\n<p><strong>Vztah kriminalistiky a psychologie: v\u00fdvoj a sou\u010dasn\u00e9 trendy <\/strong><br \/>\nPhDr. Jitka Vesel\u00e1, Ph.D.<\/p>\n<p><strong>Postmodern\u00ed ot\u00e1zky lidsk\u00fdch pr\u00e1v a glob\u00e1ln\u00ed bezpe\u010dnosti <\/strong><br \/>\ndoc. JUDr. Vladim\u00edr Zoubek, CSc.<\/p>\n<hr \/>\n<p><strong>Integrovan\u00fd \u00fakol 2<\/strong><br \/>\n<strong>Krizov\u00e9 \u0159\u00edzen\u00ed ve ve\u0159ejn\u00e9 a st\u00e1tn\u00ed spr\u00e1v\u011b a Policii \u010cR\u00a0<\/strong><br \/>\n<strong>Mo\u017enosti identifikace typick\u00fdch indik\u00e1tor\u016f vybran\u00fdch sociogenn\u00edch mimo\u0159\u00e1dn\u00fdch ud\u00e1lost\u00ed<\/strong><br \/>\nMgr. Lenka Burdov\u00e1, Mgr. Old\u0159ich Krul\u00edk, Ph.D., dr. Bc. J\u00e1n \u0160ug\u00e1r, CSc.<\/p>\n<p><strong>V\u00fdzkum vzd\u011bl\u00e1vac\u00edch pot\u0159eb policist\u016f p\u016fsob\u00edc\u00edch na mana\u017eersk\u00fdch pozic\u00edch v r\u00e1mci Policie \u010cR<\/strong><br \/>\ndr. Bc. J\u00e1n \u0160ug\u00e1r, CSc., PhDr. Petr Jedin\u00e1k, Ph.D.<\/p>\n<hr \/>\n<p><strong>Integrovan\u00fd \u00fakol 3<\/strong><br \/>\n<strong>Rozvoj kriminalistick\u00fdch a kriminologick\u00fdch teori\u00ed pro pot\u0159eby policejn\u00edho vzd\u011bl\u00e1v\u00e1n\u00ed a policejn\u00ed praxe<\/strong><br \/>\n<strong>Parametry zran\u011bn\u00ed \u010dlov\u011bka na vn\u011bj\u0161\u00ed z\u00e1t\u011b\u017e<\/strong><br \/>\nprof. PhDr. Ji\u0159\u00ed Straus, DrSc.<\/p>\n<p><strong>Zakopnut\u00ed a p\u00e1dy ze stoje pohledem forenzn\u00ed biomechaniky<\/strong><br \/>\nprof. PhDr. Ji\u0159\u00ed Straus, DrSc., Bc. Filip Danko, Mgr. Lucie Filipensk\u00e1<\/p>\n<p><strong>Trv\u00e1n\u00ed obrann\u00e9 reakce na nenad\u00e1l\u00fd \u00fatok<\/strong><br \/>\nprof. PhDr. Ji\u0159\u00ed Straus, DrSc.<\/p>\n<p><strong>Kriminalistick\u00e9 aspekty vy\u0161et\u0159ov\u00e1n\u00ed trestn\u00fdch \u010din\u016f ubl\u00ed\u017een\u00ed na zdrav\u00ed v l\u00e9\u010debn\u00e9m procesu<\/strong><br \/>\nJUDr. Nikolaj Hrib, Ph.D.<\/p>\n<hr \/>\n<p><em><strong>2. d\u00edl<\/strong><\/em><br \/>\n<strong>Integrovan\u00fd \u00fakol 4<\/strong><br \/>\n<strong>Optimalizace syst\u00e9mu vzd\u011bl\u00e1v\u00e1n\u00ed na Policejn\u00ed akademii \u010cR v Praze<\/strong><br \/>\n<strong>\u00davod do modelov\u00e1n\u00ed trendu \u010dtvrtletn\u00edch \u010dasov\u00fdch \u0159ad vybran\u00fdch ukazatel\u016f kriminality v \u010cR a SR za pomoci matematick\u00fdch funkc\u00ed<\/strong><br \/>\nDr. Zden\u011bk Kova\u0159\u00edk, CSc., PhDr. Cyril Kost\u00edk, CSc.<\/p>\n<p><strong>Kointegra\u010dn\u00ed anal\u00fdza ro\u010dn\u00edch \u010dasov\u00fdch \u0159ad vybran\u00fdch ukazatel\u016f kriminality a nezam\u011bstnanosti v \u010cesk\u00e9 republice<\/strong><br \/>\nDr. Zden\u011bk Kova\u0159\u00edk, CSc.<\/p>\n<p><strong>Kointegra\u010dn\u00ed anal\u00fdza \u010dtvrtletn\u00edch \u010dasov\u00fdch \u0159ad vybran\u00fdch ukazatel\u016f kriminality a nezam\u011bstnanosti v \u010cesk\u00e9 republice <\/strong><br \/>\nDr. Zden\u011bk Kova\u0159\u00edk, CSc.<\/p>\n<p><strong>Sc\u00e9n\u00e1\u0159e extrapolace \u010dtvrtletn\u00edch \u010dasov\u00fdch \u0159ad vybran\u00fdch ukazatel\u016f kriminality pod vlivem nezam\u011bstnanosti v \u010cesk\u00e9 a Slovensk\u00e9 republice <\/strong><br \/>\nDr. Zden\u011bk Kova\u0159\u00edk, CSc., PhDr. Cyril Kost\u00edk, CSc.<\/p>\n<p><strong>V\u00fdzkum vztahu policist\u016f ke slu\u017eb\u011b jako jeden z n\u00e1stroj\u016f posouzen\u00ed efektivnosti modelu Excelence EFQM <\/strong><br \/>\nJUDr. Martin Bohman, Dr. Zden\u011bk Kova\u0159\u00edk, CSc.,<\/p>\n<hr \/>\n<p><a href=\"https:\/\/veda.polac.cz\/?page_id=1621\">Resum\u00e9 zvl\u00e1\u0161tn\u00edho \u010d\u00edsla 2010<\/a><\/p>\n<p><a href=\"https:\/\/veda.polac.cz\/?page_id=235\">Zp\u011bt<\/a><\/p>\n","protected":false},"excerpt":{"rendered":"<p>1. d\u00edl P\u0159edmluva Integrovan\u00fd \u00fakol 1 Aktu\u00e1ln\u00ed probl\u00e9my rozvoje policejn\u00edch v\u011bd a transferu jejich pozn\u00e1n\u00ed do praxe\u00a0 Konceptu\u00e1ln\u00ed modelov\u00e1n\u00ed bezpe\u010dnostn\u00edho managementu a informa\u010dn\u00ed bezpe\u010dnosti Ing. Milan Kn\u00fd, CSc., doc. RNDr. Josef Po\u017e\u00e1r, CSc. Bezpe\u010dn\u00fd prostor jako proces stochastick\u00fd i deterministick\u00fd Ing. Milan Kn\u00fd, CSc. Informa\u010dn\u00ed bezpe\u010dnost jako v\u00fdznamn\u00fd prvek mana\u017eersk\u00e9 informatiky doc. RNDr. Josef Po\u017e\u00e1r, [&hellip;]<\/p>\n","protected":false},"author":2,"featured_media":0,"parent":235,"menu_order":29,"comment_status":"closed","ping_status":"closed","template":"","meta":{"footnotes":""},"class_list":["post-1607","page","type-page","status-publish","hentry"],"_links":{"self":[{"href":"https:\/\/veda.polac.cz\/index.php?rest_route=\/wp\/v2\/pages\/1607","targetHints":{"allow":["GET"]}}],"collection":[{"href":"https:\/\/veda.polac.cz\/index.php?rest_route=\/wp\/v2\/pages"}],"about":[{"href":"https:\/\/veda.polac.cz\/index.php?rest_route=\/wp\/v2\/types\/page"}],"author":[{"embeddable":true,"href":"https:\/\/veda.polac.cz\/index.php?rest_route=\/wp\/v2\/users\/2"}],"replies":[{"embeddable":true,"href":"https:\/\/veda.polac.cz\/index.php?rest_route=%2Fwp%2Fv2%2Fcomments&post=1607"}],"version-history":[{"count":3,"href":"https:\/\/veda.polac.cz\/index.php?rest_route=\/wp\/v2\/pages\/1607\/revisions"}],"predecessor-version":[{"id":2605,"href":"https:\/\/veda.polac.cz\/index.php?rest_route=\/wp\/v2\/pages\/1607\/revisions\/2605"}],"up":[{"embeddable":true,"href":"https:\/\/veda.polac.cz\/index.php?rest_route=\/wp\/v2\/pages\/235"}],"wp:attachment":[{"href":"https:\/\/veda.polac.cz\/index.php?rest_route=%2Fwp%2Fv2%2Fmedia&parent=1607"}],"curies":[{"name":"wp","href":"https:\/\/api.w.org\/{rel}","templated":true}]}}