{"id":1603,"date":"2018-09-16T01:46:51","date_gmt":"2018-09-16T01:46:51","guid":{"rendered":"http:\/\/veda.polac.cz\/?page_id=1603"},"modified":"2018-11-02T22:28:54","modified_gmt":"2018-11-02T22:28:54","slug":"12-2-3","status":"publish","type":"page","link":"https:\/\/veda.polac.cz\/?page_id=1603","title":{"rendered":""},"content":{"rendered":"<p style=\"text-align: center;\">Resum\u00e9 \u010dl\u00e1nku<\/p>\n<p align=\"justify\"><b>WALACH, V\u00e1clav:<br \/>\nNOVELIZACE Z\u00c1KONA O SHROMA\u017d\u010eOV\u00c1N\u00cd Z HLEDISKA OCHRANY DEMOKRACIE: Z\u00c1KAZ MASKOV\u00c1N\u00cd<br \/>\n<\/b><\/p>\n<p>P\u0159\u00edsp\u011bvek si klade za c\u00edl vyhodnotit sou\u010dasnou z\u00e1konnou \u00fapravu z\u00e1kazu maskov\u00e1n\u00ed \u00fa\u010dastn\u00edk\u016f ve\u0159ejn\u00fdch shrom\u00e1\u017ed\u011bn\u00ed v \u010cesk\u00e9 republice. Autor pova\u017euje za nezbytn\u00e9 uchopit tuto problematiku v r\u00e1mci noveliza\u010dn\u00edho procesu shroma\u017e\u010fovac\u00edho z\u00e1kona, nebo\u0165 p\u0159\u00edslu\u0161n\u00e1 \u00faprava je jeho ned\u00edlnou sou\u010d\u00e1st\u00ed. Vzhledem k neexistenci dostate\u010dn\u00e9ho mno\u017estv\u00ed v\u011bdeck\u00e9 literatury na toto t\u00e9ma je provedena anal\u00fdza noveliza\u010dn\u00edho diskursu, a to s c\u00edlem identifikace jeho akt\u00e9r\u016f a argumentace t\u00fdkaj\u00edc\u00ed se demaskovac\u00ed \u00fapravy. Posledn\u00ed kapitola je v\u011bnov\u00e1na samotn\u00e9mu vyhodnocen\u00ed dan\u00e9 \u00fapravy z hlediska ochrany demokracie.<\/p>\n<p><a href=\"https:\/\/veda.polac.cz\/?page_id=1557\">01\/2010<\/a><\/p>\n","protected":false},"excerpt":{"rendered":"<p>Resum\u00e9 \u010dl\u00e1nku WALACH, V\u00e1clav: NOVELIZACE Z\u00c1KONA O SHROMA\u017d\u010eOV\u00c1N\u00cd Z HLEDISKA OCHRANY DEMOKRACIE: Z\u00c1KAZ MASKOV\u00c1N\u00cd P\u0159\u00edsp\u011bvek si klade za c\u00edl vyhodnotit sou\u010dasnou z\u00e1konnou \u00fapravu z\u00e1kazu maskov\u00e1n\u00ed \u00fa\u010dastn\u00edk\u016f ve\u0159ejn\u00fdch shrom\u00e1\u017ed\u011bn\u00ed v \u010cesk\u00e9 republice. Autor pova\u017euje za nezbytn\u00e9 uchopit tuto problematiku v r\u00e1mci noveliza\u010dn\u00edho procesu shroma\u017e\u010fovac\u00edho z\u00e1kona, nebo\u0165 p\u0159\u00edslu\u0161n\u00e1 \u00faprava je jeho ned\u00edlnou sou\u010d\u00e1st\u00ed. Vzhledem k neexistenci dostate\u010dn\u00e9ho [&hellip;]<\/p>\n","protected":false},"author":2,"featured_media":0,"parent":1557,"menu_order":12,"comment_status":"closed","ping_status":"closed","template":"","meta":{"footnotes":""},"class_list":["post-1603","page","type-page","status-publish","hentry"],"_links":{"self":[{"href":"https:\/\/veda.polac.cz\/index.php?rest_route=\/wp\/v2\/pages\/1603","targetHints":{"allow":["GET"]}}],"collection":[{"href":"https:\/\/veda.polac.cz\/index.php?rest_route=\/wp\/v2\/pages"}],"about":[{"href":"https:\/\/veda.polac.cz\/index.php?rest_route=\/wp\/v2\/types\/page"}],"author":[{"embeddable":true,"href":"https:\/\/veda.polac.cz\/index.php?rest_route=\/wp\/v2\/users\/2"}],"replies":[{"embeddable":true,"href":"https:\/\/veda.polac.cz\/index.php?rest_route=%2Fwp%2Fv2%2Fcomments&post=1603"}],"version-history":[{"count":2,"href":"https:\/\/veda.polac.cz\/index.php?rest_route=\/wp\/v2\/pages\/1603\/revisions"}],"predecessor-version":[{"id":1620,"href":"https:\/\/veda.polac.cz\/index.php?rest_route=\/wp\/v2\/pages\/1603\/revisions\/1620"}],"up":[{"embeddable":true,"href":"https:\/\/veda.polac.cz\/index.php?rest_route=\/wp\/v2\/pages\/1557"}],"wp:attachment":[{"href":"https:\/\/veda.polac.cz\/index.php?rest_route=%2Fwp%2Fv2%2Fmedia&parent=1603"}],"curies":[{"name":"wp","href":"https:\/\/api.w.org\/{rel}","templated":true}]}}