{"id":1570,"date":"2018-09-16T01:32:32","date_gmt":"2018-09-16T01:32:32","guid":{"rendered":"http:\/\/veda.polac.cz\/?page_id=1570"},"modified":"2018-11-02T20:47:02","modified_gmt":"2018-11-02T20:47:02","slug":"1-2-13","status":"publish","type":"page","link":"https:\/\/veda.polac.cz\/?page_id=1570","title":{"rendered":""},"content":{"rendered":"<p style=\"text-align: center;\">Resum\u00e9 \u010dl\u00e1nku<\/p>\n<p align=\"justify\"><b>ZOUBEK, Vladim\u00edr:<br \/>\nV\u011a\u010cN\u00c9 MY\u0160LENKY O P\u016eVODU (PODSTAT\u011a) ST\u00c1TU A O METOD\u00c1CH VL\u00c1DNUT\u00cd V PR\u00c1VN\u00cdM ST\u00c1T\u011a<br \/>\n<\/b><\/p>\n<p>Autor se dotkl n\u011bkter\u00fdch pojmov\u00fdch znak\u016f st\u00e1tu podle konzervativn\u00edho Jellinekovsk\u00e9ho pojet\u00ed. T\u011b\u017ei\u0161t\u011bm z\u00e1jmu je p\u0159edev\u0161\u00edm rozbor materi\u00e1ln\u00edch znak\u016f demokratick\u00e9ho pr\u00e1vn\u00edho st\u00e1tu, v\u010detn\u011b rozboru st\u00e1tn\u00edho re\u017eimu, jako z\u00e1konn\u00e9ho a \u00fastavn\u00edho re\u017eimu st\u00e1tn\u00ed moci. Sou\u010d\u00e1st\u00ed \u010dl\u00e1nku je t\u00e9\u017e sonda do v\u011b\u010dn\u00fdch my\u0161lenek zn\u00e1m\u00fdch autor\u016f v\u010detn\u011b dostupn\u00fdch latinsk\u00fdch princip\u016f a sentenc\u00ed.<br \/>\n<strong>Kl\u00ed\u010dov\u00e1 slova:\u00a0<\/strong>st\u00e1t, st\u00e1tn\u00ed re\u017eim, st\u00e1tn\u00ed moc, pr\u00e1vn\u00ed st\u00e1t<\/p>\n<p><a href=\"https:\/\/veda.polac.cz\/?page_id=1557\">01\/2010<\/a><\/p>\n","protected":false},"excerpt":{"rendered":"<p>Resum\u00e9 \u010dl\u00e1nku ZOUBEK, Vladim\u00edr: V\u011a\u010cN\u00c9 MY\u0160LENKY O P\u016eVODU (PODSTAT\u011a) ST\u00c1TU A O METOD\u00c1CH VL\u00c1DNUT\u00cd V PR\u00c1VN\u00cdM ST\u00c1T\u011a Autor se dotkl n\u011bkter\u00fdch pojmov\u00fdch znak\u016f st\u00e1tu podle konzervativn\u00edho Jellinekovsk\u00e9ho pojet\u00ed. T\u011b\u017ei\u0161t\u011bm z\u00e1jmu je p\u0159edev\u0161\u00edm rozbor materi\u00e1ln\u00edch znak\u016f demokratick\u00e9ho pr\u00e1vn\u00edho st\u00e1tu, v\u010detn\u011b rozboru st\u00e1tn\u00edho re\u017eimu, jako z\u00e1konn\u00e9ho a \u00fastavn\u00edho re\u017eimu st\u00e1tn\u00ed moci. Sou\u010d\u00e1st\u00ed \u010dl\u00e1nku je t\u00e9\u017e sonda do [&hellip;]<\/p>\n","protected":false},"author":2,"featured_media":0,"parent":1557,"menu_order":1,"comment_status":"closed","ping_status":"closed","template":"","meta":{"footnotes":""},"class_list":["post-1570","page","type-page","status-publish","hentry"],"_links":{"self":[{"href":"https:\/\/veda.polac.cz\/index.php?rest_route=\/wp\/v2\/pages\/1570","targetHints":{"allow":["GET"]}}],"collection":[{"href":"https:\/\/veda.polac.cz\/index.php?rest_route=\/wp\/v2\/pages"}],"about":[{"href":"https:\/\/veda.polac.cz\/index.php?rest_route=\/wp\/v2\/types\/page"}],"author":[{"embeddable":true,"href":"https:\/\/veda.polac.cz\/index.php?rest_route=\/wp\/v2\/users\/2"}],"replies":[{"embeddable":true,"href":"https:\/\/veda.polac.cz\/index.php?rest_route=%2Fwp%2Fv2%2Fcomments&post=1570"}],"version-history":[{"count":2,"href":"https:\/\/veda.polac.cz\/index.php?rest_route=\/wp\/v2\/pages\/1570\/revisions"}],"predecessor-version":[{"id":1608,"href":"https:\/\/veda.polac.cz\/index.php?rest_route=\/wp\/v2\/pages\/1570\/revisions\/1608"}],"up":[{"embeddable":true,"href":"https:\/\/veda.polac.cz\/index.php?rest_route=\/wp\/v2\/pages\/1557"}],"wp:attachment":[{"href":"https:\/\/veda.polac.cz\/index.php?rest_route=%2Fwp%2Fv2%2Fmedia&parent=1570"}],"curies":[{"name":"wp","href":"https:\/\/api.w.org\/{rel}","templated":true}]}}