{"id":1497,"date":"2018-09-16T01:00:59","date_gmt":"2018-09-16T01:00:59","guid":{"rendered":"http:\/\/veda.polac.cz\/?page_id=1497"},"modified":"2018-10-27T19:00:08","modified_gmt":"2018-10-27T19:00:08","slug":"9-2-7","status":"publish","type":"page","link":"https:\/\/veda.polac.cz\/?page_id=1497","title":{"rendered":""},"content":{"rendered":"<p style=\"text-align: center;\">Resum\u00e9 \u010dl\u00e1nku<\/p>\n<p align=\"justify\"><em>Laurence Armand French, Ph.D. s, Michael J. Palmiotto, Ph.D.<\/em><br \/>\n<strong>Bezpe\u010dnost leti\u0161t\u011b. Jsou leti\u0161t\u011b bezpe\u010dn\u00e1? P\u0159\u00edstupy USA. \u010cl\u00e1nek v anglick\u00e9m jazyce.<\/strong><\/p>\n<p>P\u0159esto\u017ee vl\u00e1da Spojen\u00fdch st\u00e1t\u016f po teroristick\u00fdch \u00fatoc\u00edch 11. z\u00e1\u0159\u00ed 2001 a po n\u00e1sledn\u00fdch pokusech s v\u00fdbu\u0161n\u00fdmi syst\u00e9my ukryt\u00fdmi v obuvi a pod oble\u010den\u00edm na t\u011ble osob projevuje v\u00e1\u017en\u00e9 znepokojen\u00ed t\u00fdkaj\u00edc\u00ed se vzdu\u0161n\u00e9 bezpe\u010dnosti, americk\u00e1 ve\u0159ejnost se podrobuje nejnov\u011bj\u0161\u00edm technick\u00fdm metod\u00e1m zevrubn\u00fdch prohl\u00eddek st\u00e1le velmi neochotn\u011b. Vypad\u00e1 to, \u017ee vl\u00e1da Spojen\u00fdch st\u00e1t\u016f se sp\u00ed\u0161e spol\u00e9h\u00e1 na to, \u017ee potenci\u00e1ln\u00ed vzdu\u0161n\u00ed pir\u00e1ti\/sebevra\u017eedn\u00ed atent\u00e1tn\u00edci budou podrobov\u00e1ni d\u016fkladn\u00e9 prohl\u00eddce v jin\u00fdch zem\u00edch, ne\u017e aby trvala na jednotn\u00e9m bezpe\u010dnostn\u00edm syst\u00e9mu uvnit\u0159 sv\u00fdch vlastn\u00edch hranic. Auto\u0159i \u010dl\u00e1nku take upozor\u0148uj\u00ed na to, \u017ee vzdu\u0161n\u00e1 bezpe\u010dnost z\u00e1vis\u00ed v\u00edce na dob\u0159e vy\u0161kolen\u00e9m a obez\u0159etn\u00e9m leti\u0161tn\u00edm person\u00e1lu ne\u017e na vyu\u017eit\u00ed nov\u00fdch technologi\u00ed.<br \/>\n<strong>Kl\u00ed\u010dov\u00e1 slova:<\/strong>\u00a0bezpe\u010dnost, leti\u0161t\u011b, teroristick\u00e9 \u00fatoky<\/p>\n<p><a href=\"https:\/\/veda.polac.cz\/?page_id=1460\">03\/2010<\/a><\/p>\n","protected":false},"excerpt":{"rendered":"<p>Resum\u00e9 \u010dl\u00e1nku Laurence Armand French, Ph.D. s, Michael J. Palmiotto, Ph.D. Bezpe\u010dnost leti\u0161t\u011b. Jsou leti\u0161t\u011b bezpe\u010dn\u00e1? P\u0159\u00edstupy USA. \u010cl\u00e1nek v anglick\u00e9m jazyce. P\u0159esto\u017ee vl\u00e1da Spojen\u00fdch st\u00e1t\u016f po teroristick\u00fdch \u00fatoc\u00edch 11. z\u00e1\u0159\u00ed 2001 a po n\u00e1sledn\u00fdch pokusech s v\u00fdbu\u0161n\u00fdmi syst\u00e9my ukryt\u00fdmi v obuvi a pod oble\u010den\u00edm na t\u011ble osob projevuje v\u00e1\u017en\u00e9 znepokojen\u00ed t\u00fdkaj\u00edc\u00ed se vzdu\u0161n\u00e9 bezpe\u010dnosti, [&hellip;]<\/p>\n","protected":false},"author":2,"featured_media":0,"parent":0,"menu_order":9,"comment_status":"closed","ping_status":"closed","template":"","meta":{"footnotes":""},"class_list":["post-1497","page","type-page","status-publish","hentry"],"_links":{"self":[{"href":"https:\/\/veda.polac.cz\/index.php?rest_route=\/wp\/v2\/pages\/1497","targetHints":{"allow":["GET"]}}],"collection":[{"href":"https:\/\/veda.polac.cz\/index.php?rest_route=\/wp\/v2\/pages"}],"about":[{"href":"https:\/\/veda.polac.cz\/index.php?rest_route=\/wp\/v2\/types\/page"}],"author":[{"embeddable":true,"href":"https:\/\/veda.polac.cz\/index.php?rest_route=\/wp\/v2\/users\/2"}],"replies":[{"embeddable":true,"href":"https:\/\/veda.polac.cz\/index.php?rest_route=%2Fwp%2Fv2%2Fcomments&post=1497"}],"version-history":[{"count":2,"href":"https:\/\/veda.polac.cz\/index.php?rest_route=\/wp\/v2\/pages\/1497\/revisions"}],"predecessor-version":[{"id":1510,"href":"https:\/\/veda.polac.cz\/index.php?rest_route=\/wp\/v2\/pages\/1497\/revisions\/1510"}],"wp:attachment":[{"href":"https:\/\/veda.polac.cz\/index.php?rest_route=%2Fwp%2Fv2%2Fmedia&parent=1497"}],"curies":[{"name":"wp","href":"https:\/\/api.w.org\/{rel}","templated":true}]}}