{"id":1494,"date":"2018-09-16T00:59:36","date_gmt":"2018-09-16T00:59:36","guid":{"rendered":"http:\/\/veda.polac.cz\/?page_id=1494"},"modified":"2018-10-27T19:00:08","modified_gmt":"2018-10-27T19:00:08","slug":"8-2-7","status":"publish","type":"page","link":"https:\/\/veda.polac.cz\/?page_id=1494","title":{"rendered":""},"content":{"rendered":"<p style=\"text-align: center;\">Resum\u00e9 \u010dl\u00e1nku<\/p>\n<p align=\"justify\"><em>Mgr. Ta\u0165\u00e1na Bartov\u00e1<\/em><br \/>\n<strong>P\u016fsoben\u00ed Autonomn\u00edch nacionalist\u016f v \u010cR na pozad\u00ed n\u011bmeck\u00fdch zku\u0161enost\u00ed<\/strong><\/p>\n<p>\u010cl\u00e1nek se pokou\u0161\u00ed nejprve nast\u00ednit integr\u00e1ln\u00ed nacionalismus jako z\u00e1kladn\u00ed my\u0161lenku sou\u010dasn\u00e9 extr\u00e9mn\u00ed pravice a d\u00e1le p\u0159edstavit nezbytn\u00fd v\u00fdvoj extr\u00e9mn\u011b pravicov\u00fdch hnut\u00ed sm\u011brem k Autonomn\u00edmu nacionalismu, ke kter\u00e9mu doch\u00e1z\u00ed po vzoru N\u011bmecka i v \u010cesk\u00e9 republice. Na z\u00e1klad\u011b tohoto v\u00fdvoje p\u0159edstavuje \u010desk\u00e1 hnut\u00ed, kter\u00e1 se vydala touto cestou, a d\u016fsledky, kter\u00e9 to pro \u010deskou extr\u00e9mn\u011b pravicovou sc\u00e9nu p\u0159in\u00e1\u0161\u00ed.<br \/>\n<strong>Kl\u00ed\u010dov\u00e1 slova:<\/strong>\u00a0integr\u00e1ln\u00ed nacionalismus, autonomn\u00ed nacionalismus, pravicov\u00fd extremismus, N\u00e1rodn\u00ed odpor<br \/>\n<i><br \/>\n<\/i><\/p>\n<p><a href=\"https:\/\/veda.polac.cz\/?page_id=1460\">03\/2010<\/a><\/p>\n","protected":false},"excerpt":{"rendered":"<p>Resum\u00e9 \u010dl\u00e1nku Mgr. Ta\u0165\u00e1na Bartov\u00e1 P\u016fsoben\u00ed Autonomn\u00edch nacionalist\u016f v \u010cR na pozad\u00ed n\u011bmeck\u00fdch zku\u0161enost\u00ed \u010cl\u00e1nek se pokou\u0161\u00ed nejprve nast\u00ednit integr\u00e1ln\u00ed nacionalismus jako z\u00e1kladn\u00ed my\u0161lenku sou\u010dasn\u00e9 extr\u00e9mn\u00ed pravice a d\u00e1le p\u0159edstavit nezbytn\u00fd v\u00fdvoj extr\u00e9mn\u011b pravicov\u00fdch hnut\u00ed sm\u011brem k Autonomn\u00edmu nacionalismu, ke kter\u00e9mu doch\u00e1z\u00ed po vzoru N\u011bmecka i v \u010cesk\u00e9 republice. Na z\u00e1klad\u011b tohoto v\u00fdvoje p\u0159edstavuje \u010desk\u00e1 [&hellip;]<\/p>\n","protected":false},"author":2,"featured_media":0,"parent":0,"menu_order":8,"comment_status":"closed","ping_status":"closed","template":"","meta":{"footnotes":""},"class_list":["post-1494","page","type-page","status-publish","hentry"],"_links":{"self":[{"href":"https:\/\/veda.polac.cz\/index.php?rest_route=\/wp\/v2\/pages\/1494","targetHints":{"allow":["GET"]}}],"collection":[{"href":"https:\/\/veda.polac.cz\/index.php?rest_route=\/wp\/v2\/pages"}],"about":[{"href":"https:\/\/veda.polac.cz\/index.php?rest_route=\/wp\/v2\/types\/page"}],"author":[{"embeddable":true,"href":"https:\/\/veda.polac.cz\/index.php?rest_route=\/wp\/v2\/users\/2"}],"replies":[{"embeddable":true,"href":"https:\/\/veda.polac.cz\/index.php?rest_route=%2Fwp%2Fv2%2Fcomments&post=1494"}],"version-history":[{"count":2,"href":"https:\/\/veda.polac.cz\/index.php?rest_route=\/wp\/v2\/pages\/1494\/revisions"}],"predecessor-version":[{"id":1509,"href":"https:\/\/veda.polac.cz\/index.php?rest_route=\/wp\/v2\/pages\/1494\/revisions\/1509"}],"wp:attachment":[{"href":"https:\/\/veda.polac.cz\/index.php?rest_route=%2Fwp%2Fv2%2Fmedia&parent=1494"}],"curies":[{"name":"wp","href":"https:\/\/api.w.org\/{rel}","templated":true}]}}