{"id":1491,"date":"2018-09-16T00:58:21","date_gmt":"2018-09-16T00:58:21","guid":{"rendered":"http:\/\/veda.polac.cz\/?page_id=1491"},"modified":"2018-10-27T19:00:08","modified_gmt":"2018-10-27T19:00:08","slug":"7-2-9","status":"publish","type":"page","link":"https:\/\/veda.polac.cz\/?page_id=1491","title":{"rendered":""},"content":{"rendered":"<p style=\"text-align: center;\">Resum\u00e9 \u010dl\u00e1nku<\/p>\n<p align=\"justify\"><em>PhDr. Josef Smol\u00edk, Ph.D.<\/em><br \/>\n<strong>Psychologick\u00e9 aspekty terorismu: vybran\u00e1 t\u00e9mata<\/strong><\/p>\n<p>P\u0159\u00edsp\u011bvek se zab\u00fdv\u00e1 sou\u010dasnou podobou terorismu, p\u0159edstavuje vybran\u00e1 t\u00e9mata a diskutuje psychologii terorismu. Rovn\u011b\u017e jsou p\u0159edstaveny rozli\u010dn\u00e9 formy a typologie soudob\u00e9ho terorismu, kter\u00fd se vyskytuje v rozd\u00edln\u00fdch geografick\u00fdch a kulturn\u00edch oblastech a u\u017e\u00edv\u00e1 \u0161irokou \u0161k\u00e1lu metod i taktick\u00fdch a strategick\u00fdch p\u0159\u00edstup\u016f. Z\u00e1kladn\u00edm c\u00edlem tohoto p\u0159\u00edsp\u011bvku je popsat p\u0159edev\u0161\u00edm psychologick\u00e9 aspekty terorismu s d\u016frazem na motivaci, skupinovou dynamiku teroristick\u00fdch organizac\u00ed a fenom\u00e9n s\u00edt\u00ed v t\u00e9to oblasti. P\u0159edstavena je i metafora schodi\u0161t\u011b, kter\u00e1 umo\u017e\u0148uje p\u0159em\u00fd\u0161let o procesu rekrutace terorist\u016f. Text vych\u00e1z\u00ed p\u0159edev\u0161\u00edm z teore-tick\u00fdch soci\u00e1ln\u011bpsychologick\u00fdch a politologick\u00fdch poznatk\u016f.<br \/>\n<strong>Kl\u00ed\u010dov\u00e1 slova:<\/strong>\u00a0psychologie, n\u00e1sil\u00ed, motivace, terorismus, teroristick\u00e9 \u010diny, metafora<\/p>\n<p><a href=\"https:\/\/veda.polac.cz\/?page_id=1460\">03\/2010<\/a><\/p>\n","protected":false},"excerpt":{"rendered":"<p>Resum\u00e9 \u010dl\u00e1nku PhDr. Josef Smol\u00edk, Ph.D. Psychologick\u00e9 aspekty terorismu: vybran\u00e1 t\u00e9mata P\u0159\u00edsp\u011bvek se zab\u00fdv\u00e1 sou\u010dasnou podobou terorismu, p\u0159edstavuje vybran\u00e1 t\u00e9mata a diskutuje psychologii terorismu. Rovn\u011b\u017e jsou p\u0159edstaveny rozli\u010dn\u00e9 formy a typologie soudob\u00e9ho terorismu, kter\u00fd se vyskytuje v rozd\u00edln\u00fdch geografick\u00fdch a kulturn\u00edch oblastech a u\u017e\u00edv\u00e1 \u0161irokou \u0161k\u00e1lu metod i taktick\u00fdch a strategick\u00fdch p\u0159\u00edstup\u016f. Z\u00e1kladn\u00edm c\u00edlem tohoto [&hellip;]<\/p>\n","protected":false},"author":2,"featured_media":0,"parent":0,"menu_order":7,"comment_status":"closed","ping_status":"closed","template":"","meta":{"footnotes":""},"class_list":["post-1491","page","type-page","status-publish","hentry"],"_links":{"self":[{"href":"https:\/\/veda.polac.cz\/index.php?rest_route=\/wp\/v2\/pages\/1491","targetHints":{"allow":["GET"]}}],"collection":[{"href":"https:\/\/veda.polac.cz\/index.php?rest_route=\/wp\/v2\/pages"}],"about":[{"href":"https:\/\/veda.polac.cz\/index.php?rest_route=\/wp\/v2\/types\/page"}],"author":[{"embeddable":true,"href":"https:\/\/veda.polac.cz\/index.php?rest_route=\/wp\/v2\/users\/2"}],"replies":[{"embeddable":true,"href":"https:\/\/veda.polac.cz\/index.php?rest_route=%2Fwp%2Fv2%2Fcomments&post=1491"}],"version-history":[{"count":2,"href":"https:\/\/veda.polac.cz\/index.php?rest_route=\/wp\/v2\/pages\/1491\/revisions"}],"predecessor-version":[{"id":1508,"href":"https:\/\/veda.polac.cz\/index.php?rest_route=\/wp\/v2\/pages\/1491\/revisions\/1508"}],"wp:attachment":[{"href":"https:\/\/veda.polac.cz\/index.php?rest_route=%2Fwp%2Fv2%2Fmedia&parent=1491"}],"curies":[{"name":"wp","href":"https:\/\/api.w.org\/{rel}","templated":true}]}}