{"id":1460,"date":"2018-09-16T00:45:56","date_gmt":"2018-09-16T00:45:56","guid":{"rendered":"http:\/\/veda.polac.cz\/?page_id=1460"},"modified":"2019-04-18T10:38:42","modified_gmt":"2019-04-18T10:38:42","slug":"03-2010","status":"publish","type":"page","link":"https:\/\/veda.polac.cz\/?page_id=1460","title":{"rendered":"03\/2010"},"content":{"rendered":"<p><a href=\"https:\/\/veda.polac.cz\/?page_id=1473\"><strong>Vstupn\u00e1 anal\u00fdza medzin\u00e1rodnej v\u00fdskumnej \u00falohy &#8222;Aktu\u00e1lne probl\u00e9my vy\u0161etrovania vybran\u00fdch druhov trestn\u00fdch \u010dinov&#8220;\u00a0<\/strong><\/a><br \/>\ndoc. JUDr. Mgr. Jana Viktoryov\u00e1, PhD., prof. PhDr. Ji\u0159\u00ed Straus, DrSc.,JUDr. \u0160tefan Ko\u010dan, PhD., JUDr. Jaroslav Blatnick\u00fd, PhD., JUDr. Ladislav Vajzer, JUDr. Klaudia Marczyov\u00e1, PhD.<\/p>\n<hr \/>\n<p><a href=\"https:\/\/veda.polac.cz\/?page_id=1475\"><strong>Kriminologie jako studijn\u00ed p\u0159edm\u011bt a v\u011bdn\u00ed obor\u00a0<\/strong><\/a><br \/>\ndoc. JUDr. Ivana Zoubkov\u00e1, CSc.<\/p>\n<hr \/>\n<p><a href=\"https:\/\/veda.polac.cz\/?page_id=1479\"><strong>Moudrost pozn\u00e1n\u00ed. \u0158\u00edzen\u00ed znalost\u00ed ke criminal intelligence<\/strong><\/a><br \/>\nJUDr. Jan Anderle, Ing. Milan Kn\u00fd, CSc.<\/p>\n<hr \/>\n<p><a href=\"https:\/\/veda.polac.cz\/?page_id=1482\"><strong>Rizika vypl\u00fdvaj\u00edc\u00ed z jednotn\u00e9 evropsk\u00e9 m\u011bny v kontextu historick\u00fdch zku\u0161enost\u00ed s m\u011bnov\u00fdmi krizemi\u00a0<\/strong><\/a><br \/>\nIng. Stanislav Burian, Ing. Pavel Svoboda, Mgr. Franti\u0161ek H\u0159eb\u00edk, doc. Ing. Josef Br\u010d\u00e1k, CSc.<\/p>\n<hr \/>\n<p><a href=\"https:\/\/veda.polac.cz\/?page_id=1485\"><strong>Vymezen\u00ed celo\u017eivotn\u00edho u\u010den\u00ed v dokumentech sv\u011btov\u00e9 a evropsk\u00e9 vzd\u011bl\u00e1vac\u00ed politiky\u00a0<\/strong><\/a><br \/>\nMgr. Anton\u00edn Slab\u00fd<\/p>\n<hr \/>\n<p><a href=\"https:\/\/veda.polac.cz\/?page_id=1488\"><strong>Zp\u016fsobilosti TOP mana\u017eer\u016f Policie \u010cesk\u00e9 republiky.\u00a0<\/strong><\/a><br \/>\n<strong>D\u00edl\u010d\u00ed zpr\u00e1va prvn\u00ed etapy proveden\u00e9ho v\u00fdzkumu\u00a0<\/strong><br \/>\nMgr. Anton\u00edn Slab\u00fd<\/p>\n<hr \/>\n<p><a href=\"https:\/\/veda.polac.cz\/?page_id=1491\"><strong>Psychologick\u00e9 aspekty terorismu: vybran\u00e1 t\u00e9mata\u00a0<\/strong><\/a><br \/>\nPhDr. Josef Smol\u00edk, Ph.D.<\/p>\n<hr \/>\n<p><a href=\"https:\/\/veda.polac.cz\/?page_id=1494\"><strong>P\u016fsoben\u00ed Autonomn\u00edch nacionalist\u016f v \u010cR na pozad\u00ed n\u011bmeck\u00fdch zku\u0161enost\u00ed<\/strong><\/a><br \/>\nMgr. Ta\u0165\u00e1na Bartov\u00e1<\/p>\n<hr \/>\n<p><a href=\"https:\/\/veda.polac.cz\/?page_id=1497\"><strong>Airport Security: Are Airports Secure? The U.S.A. Approach\u00a0<\/strong><\/a><br \/>\nLaurence Armand French, Ph.D. s, Michael J. Palmiotto, Ph.D.<\/p>\n<hr \/>\n<p><a href=\"https:\/\/veda.polac.cz\/?page_id=1500\"><strong>Pro\u010d se mluv\u00ed o korupci v souvislosti s Polici\u00ed \u010cR\u00a0<\/strong><\/a><br \/>\nMgr. et. Bc. Jan Daleck\u00fd, Mgr. Zden\u011bk Chmela<\/p>\n<hr \/>\n<p><a href=\"https:\/\/veda.polac.cz\/?page_id=1503\"><strong>Island: mal\u00fd, ale efektivn\u00ed policejn\u00ed sbor\u00a0<\/strong><\/a><br \/>\nBc. Barbora Loudov\u00e1, Mgr. Old\u0159ich Krul\u00edk, Ph.D.<\/p>\n<hr \/>\n<p><strong>Informace o pr\u016fzkumu student\u016f PA \u010cR k projektu\u00a0<\/strong><br \/>\n<strong>Syst\u00e9m v\u010dasn\u00e9 intervence<\/strong><br \/>\ndoc. JUDr. Ivana Zoubkov\u00e1, CSc.<\/p>\n<hr \/>\n<p><strong>Recenze monografie &#8222;Probace a mediace: Mo\u017enosti \u0159e\u0161en\u00ed trestn\u00fdch \u010din\u016f&#8220;<\/strong><br \/>\ndoc. JUDr. Ivana Zoubkov\u00e1, CSc.<\/p>\n<hr \/>\n<p><strong>Informace o kon\u00e1n\u00ed mezin\u00e1rodn\u00ed konference &#8222;Jak d\u00e1l po krizi&#8220;\u00a0<\/strong><br \/>\nPhDr. Petr Jedin\u00e1k, Ph.D.<\/p>\n<hr \/>\n<p><a href=\"https:\/\/veda.polac.cz\/?page_id=235\">Zp\u011bt<\/a><\/p>\n","protected":false},"excerpt":{"rendered":"<p>Vstupn\u00e1 anal\u00fdza medzin\u00e1rodnej v\u00fdskumnej \u00falohy &#8222;Aktu\u00e1lne probl\u00e9my vy\u0161etrovania vybran\u00fdch druhov trestn\u00fdch \u010dinov&#8220;\u00a0 doc. JUDr. Mgr. Jana Viktoryov\u00e1, PhD., prof. PhDr. Ji\u0159\u00ed Straus, DrSc.,JUDr. \u0160tefan Ko\u010dan, PhD., JUDr. Jaroslav Blatnick\u00fd, PhD., JUDr. Ladislav Vajzer, JUDr. Klaudia Marczyov\u00e1, PhD. Kriminologie jako studijn\u00ed p\u0159edm\u011bt a v\u011bdn\u00ed obor\u00a0 doc. JUDr. Ivana Zoubkov\u00e1, CSc. Moudrost pozn\u00e1n\u00ed. \u0158\u00edzen\u00ed znalost\u00ed ke criminal [&hellip;]<\/p>\n","protected":false},"author":2,"featured_media":0,"parent":235,"menu_order":27,"comment_status":"closed","ping_status":"closed","template":"","meta":{"footnotes":""},"class_list":["post-1460","page","type-page","status-publish","hentry"],"_links":{"self":[{"href":"https:\/\/veda.polac.cz\/index.php?rest_route=\/wp\/v2\/pages\/1460","targetHints":{"allow":["GET"]}}],"collection":[{"href":"https:\/\/veda.polac.cz\/index.php?rest_route=\/wp\/v2\/pages"}],"about":[{"href":"https:\/\/veda.polac.cz\/index.php?rest_route=\/wp\/v2\/types\/page"}],"author":[{"embeddable":true,"href":"https:\/\/veda.polac.cz\/index.php?rest_route=\/wp\/v2\/users\/2"}],"replies":[{"embeddable":true,"href":"https:\/\/veda.polac.cz\/index.php?rest_route=%2Fwp%2Fv2%2Fcomments&post=1460"}],"version-history":[{"count":13,"href":"https:\/\/veda.polac.cz\/index.php?rest_route=\/wp\/v2\/pages\/1460\/revisions"}],"predecessor-version":[{"id":2611,"href":"https:\/\/veda.polac.cz\/index.php?rest_route=\/wp\/v2\/pages\/1460\/revisions\/2611"}],"up":[{"embeddable":true,"href":"https:\/\/veda.polac.cz\/index.php?rest_route=\/wp\/v2\/pages\/235"}],"wp:attachment":[{"href":"https:\/\/veda.polac.cz\/index.php?rest_route=%2Fwp%2Fv2%2Fmedia&parent=1460"}],"curies":[{"name":"wp","href":"https:\/\/api.w.org\/{rel}","templated":true}]}}