{"id":1436,"date":"2018-09-16T00:23:43","date_gmt":"2018-09-16T00:23:43","guid":{"rendered":"http:\/\/veda.polac.cz\/?page_id=1436"},"modified":"2018-10-27T18:59:55","modified_gmt":"2018-10-27T18:59:55","slug":"4-2-9","status":"publish","type":"page","link":"https:\/\/veda.polac.cz\/?page_id=1436","title":{"rendered":""},"content":{"rendered":"<p style=\"text-align: center;\">Resum\u00e9 \u010dl\u00e1nku<\/p>\n<p align=\"justify\"><b><br \/>\nZp\u016fsobilosti mana\u017eer\u016f Policie \u010cesk\u00e9 republiky. D\u00edl\u010d\u00ed zpr\u00e1va druh\u00e9 etapy proveden\u00e9ho v\u00fdzkumu.<br \/>\n<\/b><em>Mgr. Anton\u00edn Slab\u00fd<\/em><b><br \/>\n<\/b><\/p>\n<p>Kl\u00ed\u010dov\u00e9 zp\u016fsobilosti slou\u017e\u00ed k popisu projev\u016f chov\u00e1n\u00ed, kter\u00e9 jsou pro v\u0161echny zam\u011bstnance d\u016fle\u017eit\u00e9. P\u0159isp\u00edvaj\u00ed k budov\u00e1n\u00ed firemn\u00ed kultury a o\u010dek\u00e1van\u00fdm v\u00fdkon\u016fm zam\u011bstnanc\u016f a mana\u017eer\u016f. P\u0159edstavuj\u00ed tak\u00e9 z\u00e1kladnu pro stanoven\u00ed kriteri\u00ed, pot\u0159ebn\u00fdch nejen p\u0159i v\u00fdb\u011bru pracovn\u00edk\u016f, ale i pro ur\u010den\u00ed sm\u011bru a rozsahu syst\u00e9mu celo\u017eivotn\u00edho u\u010den\u00ed organizace. Proto je d\u016fle\u017eit\u00e9 zn\u00e1t \u00farove\u0148 sv\u00fdch kl\u00ed\u010dov\u00fdch zp\u016fsobilost\u00ed.<br \/>\n<strong>Kl\u00ed\u010dov\u00e1 slova:<\/strong>\u00a0celo\u017eivotn\u00ed u\u010den\u00ed, kl\u00ed\u010dov\u00e9 zp\u016fsobilosti.<\/p>\n<p><a href=\"https:\/\/veda.polac.cz\/?page_id=1428\">04\/2010<\/a><\/p>\n","protected":false},"excerpt":{"rendered":"<p>Resum\u00e9 \u010dl\u00e1nku Zp\u016fsobilosti mana\u017eer\u016f Policie \u010cesk\u00e9 republiky. D\u00edl\u010d\u00ed zpr\u00e1va druh\u00e9 etapy proveden\u00e9ho v\u00fdzkumu. Mgr. Anton\u00edn Slab\u00fd Kl\u00ed\u010dov\u00e9 zp\u016fsobilosti slou\u017e\u00ed k popisu projev\u016f chov\u00e1n\u00ed, kter\u00e9 jsou pro v\u0161echny zam\u011bstnance d\u016fle\u017eit\u00e9. P\u0159isp\u00edvaj\u00ed k budov\u00e1n\u00ed firemn\u00ed kultury a o\u010dek\u00e1van\u00fdm v\u00fdkon\u016fm zam\u011bstnanc\u016f a mana\u017eer\u016f. P\u0159edstavuj\u00ed tak\u00e9 z\u00e1kladnu pro stanoven\u00ed kriteri\u00ed, pot\u0159ebn\u00fdch nejen p\u0159i v\u00fdb\u011bru pracovn\u00edk\u016f, ale i pro ur\u010den\u00ed [&hellip;]<\/p>\n","protected":false},"author":2,"featured_media":0,"parent":0,"menu_order":4,"comment_status":"closed","ping_status":"closed","template":"","meta":{"footnotes":""},"class_list":["post-1436","page","type-page","status-publish","hentry"],"_links":{"self":[{"href":"https:\/\/veda.polac.cz\/index.php?rest_route=\/wp\/v2\/pages\/1436","targetHints":{"allow":["GET"]}}],"collection":[{"href":"https:\/\/veda.polac.cz\/index.php?rest_route=\/wp\/v2\/pages"}],"about":[{"href":"https:\/\/veda.polac.cz\/index.php?rest_route=\/wp\/v2\/types\/page"}],"author":[{"embeddable":true,"href":"https:\/\/veda.polac.cz\/index.php?rest_route=\/wp\/v2\/users\/2"}],"replies":[{"embeddable":true,"href":"https:\/\/veda.polac.cz\/index.php?rest_route=%2Fwp%2Fv2%2Fcomments&post=1436"}],"version-history":[{"count":2,"href":"https:\/\/veda.polac.cz\/index.php?rest_route=\/wp\/v2\/pages\/1436\/revisions"}],"predecessor-version":[{"id":1465,"href":"https:\/\/veda.polac.cz\/index.php?rest_route=\/wp\/v2\/pages\/1436\/revisions\/1465"}],"wp:attachment":[{"href":"https:\/\/veda.polac.cz\/index.php?rest_route=%2Fwp%2Fv2%2Fmedia&parent=1436"}],"curies":[{"name":"wp","href":"https:\/\/api.w.org\/{rel}","templated":true}]}}