{"id":1430,"date":"2018-09-16T00:19:22","date_gmt":"2018-09-16T00:19:22","guid":{"rendered":"http:\/\/veda.polac.cz\/?page_id=1430"},"modified":"2018-11-02T20:45:40","modified_gmt":"2018-11-02T20:45:40","slug":"1-2-10","status":"publish","type":"page","link":"https:\/\/veda.polac.cz\/?page_id=1430","title":{"rendered":""},"content":{"rendered":"<p style=\"text-align: center;\">Resum\u00e9 \u010dl\u00e1nku<\/p>\n<p align=\"justify\"><b>Vstupn\u00e1 anal\u00fdza medzin\u00e1rodnej v\u00fdskumnej \u00falohy &#8222;Aktu\u00e1lne probl\u00e9my vy\u0161etrovania vybran\u00fdch druhov trestn\u00fdch \u010dinov&#8220; &#8211; II. \u010das\u0165<br \/>\n<\/b><em>doc. JUDr. Mgr. Jana Viktoryov\u00e1, PhD., prof. PhDr. Ji\u0159\u00ed Straus, DrSc., JUDr. Jaroslav Blatnick\u00fd, PhD., PhDr. Martin Gronsk\u00fd, PhD., Klaudia Marczyov\u00e1, PhD.<\/em><\/p>\n<p align=\"justify\"><b><\/b>Rie\u0161itelia medzin\u00e1rodnej vedecko-v\u00fdskumnej \u00falohy &#8222;Aktu\u00e1lne probl\u00e9my vy\u0161etrovania vybran\u00fdch druhov trestn\u00fdch \u010dinov&#8220; z PA \u010cR v Prahe a A PZ v Bratislave pon\u00fakaj\u00fa \u0161irokej odbornej verejnosti prv\u00fd \u010diastkov\u00fd v\u00fdstup a to vstupn\u00fa anal\u00fdzu sk\u00faman\u00fdch probl\u00e9mov. Ide o problematiku trestnej \u010dinnosti spojenej s prejavmi extr\u00e9mizmu a o psychologick\u00e9 profilovanie p\u00e1chate\u013eov. V\u00fdskumn\u00e1 \u00faloha reaguje na konkr\u00e9tne po\u017eiadavky bezpe\u010dnostnej a trestno-pr\u00e1vnej praxe. V predmetnej etape sk\u00famania mapuje stav, \u0161trukt\u00faru, dynamiku a v\u00fdvoj uvedenej kriminality a analyzuje mieru jej spracovania v odbornej literat\u00fare a z\u00e1ujem o \u0148u na vedeck\u00fdch konferenci\u00e1ch a semin\u00e1roch.<br \/>\n<strong>K\u013e\u00fa\u010dov\u00e9 slov\u00e1:<\/strong>\u00a0metodika vy\u0161etrovania, extr\u00e9mizmus, psychologick\u00e9 profilovanie p\u00e1chate\u013eov.<\/p>\n<p align=\"justify\"><a href=\"https:\/\/veda.polac.cz\/?page_id=1428\">04\/2010<\/a><\/p>\n","protected":false},"excerpt":{"rendered":"<p>Resum\u00e9 \u010dl\u00e1nku Vstupn\u00e1 anal\u00fdza medzin\u00e1rodnej v\u00fdskumnej \u00falohy &#8222;Aktu\u00e1lne probl\u00e9my vy\u0161etrovania vybran\u00fdch druhov trestn\u00fdch \u010dinov&#8220; &#8211; II. \u010das\u0165 doc. JUDr. Mgr. Jana Viktoryov\u00e1, PhD., prof. PhDr. Ji\u0159\u00ed Straus, DrSc., JUDr. Jaroslav Blatnick\u00fd, PhD., PhDr. Martin Gronsk\u00fd, PhD., Klaudia Marczyov\u00e1, PhD. Rie\u0161itelia medzin\u00e1rodnej vedecko-v\u00fdskumnej \u00falohy &#8222;Aktu\u00e1lne probl\u00e9my vy\u0161etrovania vybran\u00fdch druhov trestn\u00fdch \u010dinov&#8220; z PA \u010cR v Prahe [&hellip;]<\/p>\n","protected":false},"author":2,"featured_media":0,"parent":1428,"menu_order":1,"comment_status":"closed","ping_status":"closed","template":"","meta":{"footnotes":""},"class_list":["post-1430","page","type-page","status-publish","hentry"],"_links":{"self":[{"href":"https:\/\/veda.polac.cz\/index.php?rest_route=\/wp\/v2\/pages\/1430","targetHints":{"allow":["GET"]}}],"collection":[{"href":"https:\/\/veda.polac.cz\/index.php?rest_route=\/wp\/v2\/pages"}],"about":[{"href":"https:\/\/veda.polac.cz\/index.php?rest_route=\/wp\/v2\/types\/page"}],"author":[{"embeddable":true,"href":"https:\/\/veda.polac.cz\/index.php?rest_route=\/wp\/v2\/users\/2"}],"replies":[{"embeddable":true,"href":"https:\/\/veda.polac.cz\/index.php?rest_route=%2Fwp%2Fv2%2Fcomments&post=1430"}],"version-history":[{"count":3,"href":"https:\/\/veda.polac.cz\/index.php?rest_route=\/wp\/v2\/pages\/1430\/revisions"}],"predecessor-version":[{"id":2142,"href":"https:\/\/veda.polac.cz\/index.php?rest_route=\/wp\/v2\/pages\/1430\/revisions\/2142"}],"up":[{"embeddable":true,"href":"https:\/\/veda.polac.cz\/index.php?rest_route=\/wp\/v2\/pages\/1428"}],"wp:attachment":[{"href":"https:\/\/veda.polac.cz\/index.php?rest_route=%2Fwp%2Fv2%2Fmedia&parent=1430"}],"curies":[{"name":"wp","href":"https:\/\/api.w.org\/{rel}","templated":true}]}}