{"id":1428,"date":"2018-09-16T00:14:38","date_gmt":"2018-09-16T00:14:38","guid":{"rendered":"http:\/\/veda.polac.cz\/?page_id=1428"},"modified":"2019-04-18T10:39:12","modified_gmt":"2019-04-18T10:39:12","slug":"04-2010","status":"publish","type":"page","link":"https:\/\/veda.polac.cz\/?page_id=1428","title":{"rendered":"04\/2010"},"content":{"rendered":"<p><a href=\"https:\/\/veda.polac.cz\/?page_id=1430\"><strong>Vstupn\u00e1 anal\u00fdza medzin\u00e1rodnej v\u00fdskumnej \u00falohy &#8222;Aktu\u00e1lne probl\u00e9my vy\u0161etrovania vybran\u00fdch druhov trestn\u00fdch \u010dinov&#8220; \u010c\u00e1st 2.\u00a0<\/strong><\/a><br \/>\ndoc. JUDr. Mgr. Jana Viktoryov\u00e1, PhD., prof. PhDr. Ji\u0159\u00ed Straus, DrSc., JUDr. Jaroslav Blatnick\u00fd, PhD., PhDr. Martin Gronsk\u00fd, PhD., JUDr. Klaudia Marczyov\u00e1, PhD.<\/p>\n<hr \/>\n<p><a href=\"https:\/\/veda.polac.cz\/?page_id=1432\"><strong>Slu\u017eebn\u00ed pom\u011br p\u0159\u00edslu\u0161n\u00edk\u016f bezpe\u010dnostn\u00edch sbor\u016f z pohledu judikatury\u00a0<\/strong><\/a><br \/>\nJUDr. Jind\u0159ich \u0160koda<\/p>\n<hr \/>\n<p><a href=\"https:\/\/veda.polac.cz\/?page_id=1434\"><strong>Podnikatelsk\u00e1 strategie organizac\u00ed v podm\u00ednk\u00e1ch neur\u010ditosti na prahu druh\u00e9 dek\u00e1dy 21. stolet\u00ed<\/strong><\/a><br \/>\nprof. ing. Zbyn\u011bk Pitra, DrSc., doc. PhDr. Stanislav Ne\u010das, CSc.<\/p>\n<hr \/>\n<p><a href=\"https:\/\/veda.polac.cz\/?page_id=1436\"><strong>Zp\u016fsobilosti TOP mana\u017eer\u016f Policie \u010cesk\u00e9 republiky.\u00a0<\/strong><strong>D\u00edl\u010d\u00ed zpr\u00e1va druh\u00e9 etapy proveden\u00e9ho v\u00fdzkumu\u00a0<\/strong><\/a><br \/>\nMgr. Anton\u00edn Slab\u00fd<\/p>\n<hr \/>\n<p><a href=\"https:\/\/veda.polac.cz\/?page_id=1441\"><strong>Anal\u00fdza z\u00e1konn\u00e9 skutkov\u00e9 podstaty trestn\u00e9ho \u010dinu\u00a0<\/strong><\/a><br \/>\nJUDr. Milan \u0160ubrt, Ph.D.<\/p>\n<hr \/>\n<p><a href=\"https:\/\/veda.polac.cz\/?page_id=1443\"><strong>N\u011bkter\u00e9 mo\u017enosti od\u010derp\u00e1v\u00e1n\u00ed v\u00fdnos\u016f z trestn\u00e9 \u010dinnosti nen\u00e1le\u017e\u00ed-li pachateli\u00a0<\/strong><\/a><br \/>\nDr. Bc. J\u00e1n \u0160ug\u00e1r, CSc<\/p>\n<hr \/>\n<p><a href=\"https:\/\/veda.polac.cz\/?page_id=1446\"><strong>Od\u010derp\u00e1v\u00e1n\u00ed v\u00fdnos\u016f &#8211; integrovan\u00fd postup Krimin\u00e1lpolizaiinspektion mit Zentralafgaben Obervaly I.\u00a0<\/strong><\/a><br \/>\npplk. JUDr. David Z\u00e1mek, JUDr. Jan Kur\u017eeja, Ph.D., Ing. Vratislav Dvo\u0159\u00e1k, Ph.D.<\/p>\n<hr \/>\n<p><a href=\"https:\/\/veda.polac.cz\/?page_id=1450\"><strong>Maskovat nebo nemaskovat?<\/strong><\/a><br \/>\nplk. doc. JUDr. Miroslav N\u011bmec, Ph.D., pplk. JUDr. Du\u0161an Fousek<\/p>\n<hr \/>\n<p><strong>Hlavn\u00ed formy organizovan\u00e9ho zlo\u010dinu v \u010cesk\u00e9 republice po\u010d\u00e1tkem t\u0159et\u00edho tis\u00edcilet\u00ed\u00a0<\/strong><br \/>\nJUDr. Ing. Olga Vojt\u011bchovsk\u00e1<\/p>\n<hr \/>\n<p><a href=\"https:\/\/veda.polac.cz\/?page_id=1452\"><strong>Zamy\u0161len\u00ed nad jedn\u00edm rozhodnut\u00edm o propu\u0161t\u011bn\u00ed<\/strong><\/a><br \/>\nJUDr. Petr Tomek, Mgr. Irena Holzhauserov\u00e1<\/p>\n<hr \/>\n<p><a href=\"https:\/\/veda.polac.cz\/?page_id=1454\"><strong>Hospod\u00e1\u0159sk\u00e1 opat\u0159en\u00ed pro \u0159e\u0161en\u00ed krizov\u00fdch situac\u00ed\u00a0<\/strong><\/a><br \/>\nMgr. Luk\u00e1\u0161 Harazin, Mgr. Old\u0159ich Lu\u017ea<\/p>\n<hr \/>\n<p><a href=\"https:\/\/veda.polac.cz\/?page_id=1456\"><strong>Zm\u011bny v prov\u00e1d\u011bn\u00ed klasifikace, ozna\u010dov\u00e1n\u00ed a balen\u00ed nebezpe\u010dn\u00fdch l\u00e1tek a sm\u011bs\u00ed na z\u00e1klad\u011b nov\u011b vydan\u00fdch norem Evropsk\u00e9 unie\u00a0<\/strong><\/a><br \/>\nIng. Lubom\u00edr Pol\u00edvka, Ing. J\u00e1n Hrivn\u00e1k, CSc.<\/p>\n<hr \/>\n<p><strong>Recenze monografie &#8222;Profesn\u00ed motivace pracovn\u00edk\u016f Policie \u010cesk\u00e9 republiky&#8220;\u00a0<\/strong><br \/>\nPhDr. Petr Jedin\u00e1k, Ph.D.<\/p>\n<hr \/>\n<p><a href=\"https:\/\/veda.polac.cz\/?page_id=235\">Zp\u011bt<\/a><\/p>\n","protected":false},"excerpt":{"rendered":"<p>Vstupn\u00e1 anal\u00fdza medzin\u00e1rodnej v\u00fdskumnej \u00falohy &#8222;Aktu\u00e1lne probl\u00e9my vy\u0161etrovania vybran\u00fdch druhov trestn\u00fdch \u010dinov&#8220; \u010c\u00e1st 2.\u00a0 doc. JUDr. Mgr. Jana Viktoryov\u00e1, PhD., prof. PhDr. Ji\u0159\u00ed Straus, DrSc., JUDr. Jaroslav Blatnick\u00fd, PhD., PhDr. Martin Gronsk\u00fd, PhD., JUDr. Klaudia Marczyov\u00e1, PhD. Slu\u017eebn\u00ed pom\u011br p\u0159\u00edslu\u0161n\u00edk\u016f bezpe\u010dnostn\u00edch sbor\u016f z pohledu judikatury\u00a0 JUDr. Jind\u0159ich \u0160koda Podnikatelsk\u00e1 strategie organizac\u00ed v podm\u00ednk\u00e1ch neur\u010ditosti na [&hellip;]<\/p>\n","protected":false},"author":2,"featured_media":0,"parent":235,"menu_order":26,"comment_status":"closed","ping_status":"closed","template":"","meta":{"footnotes":""},"class_list":["post-1428","page","type-page","status-publish","hentry"],"_links":{"self":[{"href":"https:\/\/veda.polac.cz\/index.php?rest_route=\/wp\/v2\/pages\/1428","targetHints":{"allow":["GET"]}}],"collection":[{"href":"https:\/\/veda.polac.cz\/index.php?rest_route=\/wp\/v2\/pages"}],"about":[{"href":"https:\/\/veda.polac.cz\/index.php?rest_route=\/wp\/v2\/types\/page"}],"author":[{"embeddable":true,"href":"https:\/\/veda.polac.cz\/index.php?rest_route=\/wp\/v2\/users\/2"}],"replies":[{"embeddable":true,"href":"https:\/\/veda.polac.cz\/index.php?rest_route=%2Fwp%2Fv2%2Fcomments&post=1428"}],"version-history":[{"count":9,"href":"https:\/\/veda.polac.cz\/index.php?rest_route=\/wp\/v2\/pages\/1428\/revisions"}],"predecessor-version":[{"id":2613,"href":"https:\/\/veda.polac.cz\/index.php?rest_route=\/wp\/v2\/pages\/1428\/revisions\/2613"}],"up":[{"embeddable":true,"href":"https:\/\/veda.polac.cz\/index.php?rest_route=\/wp\/v2\/pages\/235"}],"wp:attachment":[{"href":"https:\/\/veda.polac.cz\/index.php?rest_route=%2Fwp%2Fv2%2Fmedia&parent=1428"}],"curies":[{"name":"wp","href":"https:\/\/api.w.org\/{rel}","templated":true}]}}