{"id":1406,"date":"2018-09-15T23:50:58","date_gmt":"2018-09-15T23:50:58","guid":{"rendered":"http:\/\/veda.polac.cz\/?page_id=1406"},"modified":"2019-04-18T10:40:01","modified_gmt":"2019-04-18T10:40:01","slug":"zvlastni-cislo-2011","status":"publish","type":"page","link":"https:\/\/veda.polac.cz\/?page_id=1406","title":{"rendered":"Zvl\u00e1\u0161tn\u00ed \u010d\u00edslo 2011"},"content":{"rendered":"<p><em><strong>1. d\u00edl<\/strong><\/em><br \/>\nP\u0159edmluva<\/p>\n<p><strong>Integrovan\u00fd \u00fakol 1<\/strong><br \/>\n<strong>Kriminalistika a forenzn\u00ed v\u011bdy<\/strong><br \/>\nodpov\u011bdn\u00fd \u0159e\u0161itel: prof. PhDr. Ji\u0159\u00ed Straus, DrSc.<\/p>\n<p><strong>Biomechanick\u00fd aspekt st\u0159etn\u00e9ho boje<\/strong><br \/>\nprof. PhDr. Ji\u0159\u00ed Straus, DrSc.<\/p>\n<p><strong>Biomechanick\u00e9 aspekty p\u0159\u00edm\u00e9ho \u00faderu a statistick\u00e9 testov\u00e1n\u00ed relevantnosti vytvo\u0159en\u00fdch v\u00fdkonnostn\u00edch skupin<\/strong><br \/>\nprof. PhDr. Ji\u0159\u00ed Straus, DrSc., Dr. Zden\u011bk Kova\u0159\u00edk, CSc.<\/p>\n<p><strong>Experiment\u00e1ln\u00ed poznatky k zji\u0161\u0165ov\u00e1n\u00ed n\u00edzk\u00fdch hodnot alkoholu ve vydechovan\u00e9m vzduchu<\/strong><br \/>\ndoc. Ing. Jaroslav Such\u00e1nek, CSc.<\/p>\n<p><strong>Nov\u00e9 trendy ve viktimologii<\/strong><br \/>\ndoc. PhDr. Ludmila \u010c\u00edrtkov\u00e1, CSc.<\/p>\n<p><strong>K \u010desk\u00e9 konceptualizaci anti-cik\u00e1nismu<\/strong><br \/>\nMgr. Tom\u00e1\u0161 Kam\u00edn<\/p>\n<p><strong>Informace o d\u00edl\u010d\u00edm v\u00fdzkumn\u00e9m \u00fakolu \u010d. 1\/6 &#8222;Rozhodov\u00e1n\u00ed pachatel\u016f trestn\u00e9 \u010dinnosti vzhledem k parametr\u016fm situa\u010dn\u00ed prevence&#8220;<\/strong><br \/>\nPhDr. Marcela Moulisov\u00e1, Ph.D., doc. JUDr. Ivana Zoubkov\u00e1, CSc.<\/p>\n<hr \/>\n<p><strong>Integrovan\u00fd \u00fakol 2<\/strong><br \/>\n<strong>Bezpe\u010dnostn\u00ed management a krizov\u00e9 \u0159\u00edzen\u00ed<\/strong><br \/>\nodpov\u011bdn\u00fd \u0159e\u0161itel: prof. Ing. Bed\u0159ich \u0160est\u00e1k, DrSc.<\/p>\n<p><strong>Mo\u017enosti a limity novelizace z\u00e1kona o pr\u00e1vu shroma\u017e\u010fovac\u00edm v\u010detn\u011b n\u00e1vrhu konkr\u00e9tn\u00edch zm\u011bn a anal\u00fdzy jejich dopad\u016f v praxi<\/strong><br \/>\nMgr. Lenka Burdov\u00e1<\/p>\n<p><strong>Identifikace a charakteristika vybran\u00fdch sociogenn\u00edch mimo\u0159\u00e1dn\u00fdch ud\u00e1lost\u00ed<\/strong><br \/>\nDr. Bc. J\u00e1n \u0160ug\u00e1r, CSc., Mgr. Lenka Burdov\u00e1<\/p>\n<p><strong>Sou\u010dasn\u00e9 mezin\u00e1rodn\u00ed po\u017eadavky na bezpe\u010dnou p\u0159epravu radioaktivn\u00edch materi\u00e1l\u016f<\/strong><br \/>\ndoc. Ing. Jozef Sabol, DrSc., prof. Ing. Bed\u0159ich \u0160est\u00e1k, DrSc.<\/p>\n<p><strong>Jak \u010delit radiologick\u00fdm teroristick\u00fdm hrozb\u00e1m?<\/strong><br \/>\nprof. Ing. Bed\u0159ich \u0160est\u00e1k, DrSc., doc. Ing. Jozef Sabol, DrSc.<\/p>\n<p><strong>Kointegrace v jednorovnicov\u00fdch modelech \u010dtvrtletn\u00edch \u010dasov\u00fdch \u0159ad vybran\u00fdch ukazatel\u016f kr\u00e1de\u017e\u00ed vloup\u00e1n\u00edm a m\u00edry nezam\u011bstnanosti v \u010cR<\/strong><br \/>\nDr. Zden\u011bk Kova\u0159\u00edk, CSc.<\/p>\n<p><strong>Ov\u011b\u0159ov\u00e1n\u00ed v\u00fdzkumn\u00fdch p\u0159edpoklad\u016f cestou v\u011bcn\u00e9 v\u00fdznamnosti<\/strong><br \/>\nDr. Zden\u011bk Kova\u0159\u00edk, CSc.<\/p>\n<p><strong>Zvl\u00e1\u0161tnosti pro\u017e\u00edv\u00e1n\u00ed a chov\u00e1n\u00ed jedinc\u016f a soci\u00e1ln\u00edch soubor\u016f v situac\u00edch ohro\u017een\u00ed<\/strong><br \/>\nJUDr. Mgr. Jo\u017ea Spurn\u00fd, Ph.D.<\/p>\n<p><strong>Krize z\u00e1padn\u00edho libertanistick\u00e9ho kapitalismu a mo\u017enosti pr\u00e1vov\u011bdy a st\u00e1tov\u011bdy &#8211; jak ji exaktn\u011b vz\u00edt na v\u011bdom\u00ed<\/strong><br \/>\ndoc. JUDr. Vladim\u00edr Zoubek, CSc.<\/p>\n<hr \/>\n<p><em><strong>2 d\u00edl<\/strong><\/em><\/p>\n<p><strong>Integrovan\u00fd \u00fakol 3<\/strong><br \/>\n<strong>Anal\u00fdza a predikce vybran\u00e9 aktu\u00e1ln\u00ed policejn\u011b bezpe\u010dnostn\u00ed problematiky<\/strong><br \/>\nodpov\u011bdn\u00e1 \u0159e\u0161itelka: doc. JUDr. Ivana Zoubkov\u00e1, CSc.<\/p>\n<p><strong>Vybran\u00e9 aktu\u00e1ln\u00ed probl\u00e9my policejn\u011b bezpe\u010dnostn\u00ed \u010dinnosti<\/strong><br \/>\npplk. Mgr. Josef T\u00f3th, doc. PhDr. Kamil Pavl\u00ed\u010dek, CSc., Mgr. Jind\u0159ich Kom\u00e1rek<\/p>\n<p><strong>M\u00e1me v \u010cesk\u00e9 republice dostate\u010dn\u00e9 prost\u0159edky pro zach\u00e1zen\u00ed s delikventn\u00edmi d\u011btmi?<\/strong><br \/>\npplk. PhDr. JUDr. Jana Firstov\u00e1<\/p>\n<p><strong>Syst\u00e9mov\u00e1 anal\u00fdza rizik soci\u00e1ln\u00ed reintegrace osob po opu\u0161t\u011bn\u00ed v\u00fdkonu trestu odn\u011bt\u00ed svobody (ochrann\u00e9 v\u00fdchovy, ochrann\u00e9ho l\u00e9\u010den\u00ed)<\/strong><br \/>\npplk. PhDr. JUDr. Jana Firstov\u00e1<\/p>\n<p><strong>Pou\u017eit\u00ed nelet\u00e1ln\u00edho donucovac\u00edho prost\u0159edku p\u0159i policejn\u00edm z\u00e1kroku<\/strong><br \/>\nJUDr. Martin Kloubek, Ph.D.<\/p>\n<p><strong>Farmakologick\u00e9 ovlivn\u011bn\u00ed lidsk\u00e9ho chov\u00e1n\u00ed.\u00a0<\/strong><br \/>\n<strong>M\u016f\u017ee b\u00fdt vyu\u017eito p\u0159i policejn\u00edm z\u00e1kroku?<\/strong><br \/>\ndoc. MUDr. Ladislav Hess, DrSc., JUDr. Martin Kloubek, Ph.D.<\/p>\n<p><strong>Nelet\u00e1ln\u00ed zbra\u0148ov\u00e9 syst\u00e9my &#8211; technick\u00e9 a taktick\u00e9 aspekty<\/strong><br \/>\nIng. Bohumil Planka, CSc., JUDr. Libor Kov\u00e1rn\u00edk, Ph.D.<\/p>\n<p><strong>\u00davaha jak zvl\u00e1dnout rychle, efektivn\u011b a hum\u00e1nn\u011b neklidn\u00e9ho, agresivn\u00edho du\u0161evn\u011b nemocn\u00e9ho \u010dlov\u011bka, kter\u00fd je nebezpe\u010dn\u00fd sob\u011b \u010di okol\u00ed.<\/strong><br \/>\nMUDr. Jan Hubert<\/p>\n<p><strong>Informace o v\u00fdzkumn\u00e9m projektu &#8222;N\u00e1vrh optim\u00e1ln\u00edho pl\u00e1nu, modelu komplexn\u00ed slu\u017eebn\u00ed p\u0159\u00edpravy Policie \u010cR<\/strong><br \/>\npplk. Mgr. Robert First<\/p>\n<p><strong>Zkou\u0161ka spolehlivosti dle n\u00e1vrhu z\u00e1kona o Gener\u00e1ln\u00ed inspekci bezpe\u010dnostn\u00edch sbor\u016f<\/strong><br \/>\npplk. JUDr. Josef Hrudka, JUDr. Benedikt Vangeli<\/p>\n<p><strong>Zkou\u0161ka spolehlivosti &#8211; explikace, aplikace, efektivita<\/strong><br \/>\npplk. JUDr. Josef Hrudka, JUDr. Benedikt Vangeli<\/p>\n<p><strong>T\u00fdr\u00e1n\u00ed osoby \u017eij\u00edc\u00ed ve spole\u010dn\u00e9m obydl\u00ed a postup p\u0159\u00edslu\u0161n\u00edk\u016f P\u010cR<\/strong><br \/>\nJUDr. Milan \u0160ubrt, Ph.D.<\/p>\n<p><strong>Phishing a card skimming z pohledu \u010desk\u00e9ho trestn\u00edho pr\u00e1va<\/strong><br \/>\nJUDr. Petr Voleveck\u00fd, Ph.D.<\/p>\n<hr \/>\n<p><strong>Integrovan\u00fd \u00fakol 4<\/strong><br \/>\n<strong>Anal\u00fdza a predikce vybran\u00e9 aktu\u00e1ln\u00ed policejn\u011b bezpe\u010dnostn\u00ed problematiky<\/strong><br \/>\nodpov\u011bdn\u00e1 \u0159e\u0161itelka: doc. PhDr. Ludmila \u010c\u00edrtkov\u00e1, CSc.<\/p>\n<p><strong>Zpr\u00e1va o pr\u016fb\u011bhu Integrovan\u00e9ho v\u00fdzkumn\u00e9ho \u00fakolu 4\/3<\/strong><br \/>\n<strong>Syst\u00e9m \u0159\u00edzen\u00ed st\u00e1tn\u00edch organizac\u00ed, jeho charakter a z\u00e1kladn\u00ed probl\u00e9my za rok 2011<\/strong><br \/>\ndoc. Ing. Ludmila Ml\u00e1dkov\u00e1, Ph.D.<\/p>\n<p><strong>V\u016fdcovsk\u00e9 dovednosti mana\u017eer\u016f p\u0159\u00edslu\u0161n\u00edk\u016f Policie \u010cesk\u00e9 republiky<\/strong><br \/>\ndoc. Ing. Ludmila Ml\u00e1dkov\u00e1, Ph.D.<\/p>\n<p><strong>Syst\u00e9my hodnocen\u00ed pracovn\u00edk\u016f uplat\u0148ovan\u00e9 ve st\u00e1tn\u00edch organizac\u00edch &#8211; v\u00fdstupy z proveden\u00e9ho v\u00fdzkumu<\/strong><br \/>\nPhDr. Petr Jedin\u00e1k, Ph.D., Bc. Ing. Marek \u010cand\u00edk, PhD., Dr. Zden\u011bk Kova\u0159\u00edk, CSc.<\/p>\n<p><strong>Hodnocen\u00ed p\u0159\u00edslu\u0161n\u00edk\u016f v Policii \u010cesk\u00e9 republiky &#8211; v\u00fdznam procesu hodnocen\u00ed a jeho metodika, anal\u00fdza dat v\u00fdstup\u016f z proveden\u00fdch v\u00fdzkum\u016f<\/strong><br \/>\nDr. Zden\u011bk Kova\u0159\u00edk, CSc., PhDr. Petr Jedin\u00e1k, Ph.D.<\/p>\n<p><strong>Management kybernetick\u00e9 bezpe\u010dnosti<\/strong><br \/>\ndoc. RNDr. Josef Po\u017e\u00e1r, CSc., Ing. Milan Kn\u00fd, CSc.<\/p>\n<p><strong>Pr\u00e1vn\u00ed aspekty hrozeb kybernetick\u00e9 kriminality<\/strong><br \/>\ndoc. RNDr. Josef Po\u017e\u00e1r, CSc., JUDr. \u0160t\u011bp\u00e1n Kalam\u00e1r, Ph.D.<\/p>\n<p><strong>Efektivnost ve\u0159ejn\u00e9ho sektoru<\/strong><br \/>\nIng. Milan Kn\u00fd, CSc., Mgr. Franti\u0161ek H\u0159eb\u00edk, Ph.D.<\/p>\n<p><strong>Testov\u00e1n\u00ed jako forma hodnocen\u00ed cizojazy\u010dn\u00e9 kompetence<\/strong><br \/>\ndoc. PhDr. V\u011bra Pol\u00e1\u010dkov\u00e1, CSc., doc. PhDr. Michaela P\u00ed\u0161ov\u00e1, CSc.<\/p>\n<p><strong>Konstruov\u00e1n\u00ed didaktick\u00fdch test\u016f vyhodnocovan\u00fdch pomoc\u00ed ICT<\/strong><br \/>\nMgr. Alena Luk\u00e1\u010dov\u00e1, Ph.D.<\/p>\n<hr \/>\n<p><a href=\"https:\/\/veda.polac.cz\/?page_id=1407\">Resum\u00e9 zvl\u00e1\u0161tn\u00edho \u010d\u00edsla 2011<\/a><\/p>\n<p><a href=\"https:\/\/veda.polac.cz\/?page_id=235\">Zp\u011bt<\/a><\/p>\n","protected":false},"excerpt":{"rendered":"<p>1. d\u00edl P\u0159edmluva Integrovan\u00fd \u00fakol 1 Kriminalistika a forenzn\u00ed v\u011bdy odpov\u011bdn\u00fd \u0159e\u0161itel: prof. PhDr. Ji\u0159\u00ed Straus, DrSc. Biomechanick\u00fd aspekt st\u0159etn\u00e9ho boje prof. PhDr. Ji\u0159\u00ed Straus, DrSc. Biomechanick\u00e9 aspekty p\u0159\u00edm\u00e9ho \u00faderu a statistick\u00e9 testov\u00e1n\u00ed relevantnosti vytvo\u0159en\u00fdch v\u00fdkonnostn\u00edch skupin prof. PhDr. Ji\u0159\u00ed Straus, DrSc., Dr. Zden\u011bk Kova\u0159\u00edk, CSc. Experiment\u00e1ln\u00ed poznatky k zji\u0161\u0165ov\u00e1n\u00ed n\u00edzk\u00fdch hodnot alkoholu ve vydechovan\u00e9m [&hellip;]<\/p>\n","protected":false},"author":2,"featured_media":0,"parent":235,"menu_order":26,"comment_status":"closed","ping_status":"closed","template":"","meta":{"footnotes":""},"class_list":["post-1406","page","type-page","status-publish","hentry"],"_links":{"self":[{"href":"https:\/\/veda.polac.cz\/index.php?rest_route=\/wp\/v2\/pages\/1406","targetHints":{"allow":["GET"]}}],"collection":[{"href":"https:\/\/veda.polac.cz\/index.php?rest_route=\/wp\/v2\/pages"}],"about":[{"href":"https:\/\/veda.polac.cz\/index.php?rest_route=\/wp\/v2\/types\/page"}],"author":[{"embeddable":true,"href":"https:\/\/veda.polac.cz\/index.php?rest_route=\/wp\/v2\/users\/2"}],"replies":[{"embeddable":true,"href":"https:\/\/veda.polac.cz\/index.php?rest_route=%2Fwp%2Fv2%2Fcomments&post=1406"}],"version-history":[{"count":4,"href":"https:\/\/veda.polac.cz\/index.php?rest_route=\/wp\/v2\/pages\/1406\/revisions"}],"predecessor-version":[{"id":2615,"href":"https:\/\/veda.polac.cz\/index.php?rest_route=\/wp\/v2\/pages\/1406\/revisions\/2615"}],"up":[{"embeddable":true,"href":"https:\/\/veda.polac.cz\/index.php?rest_route=\/wp\/v2\/pages\/235"}],"wp:attachment":[{"href":"https:\/\/veda.polac.cz\/index.php?rest_route=%2Fwp%2Fv2%2Fmedia&parent=1406"}],"curies":[{"name":"wp","href":"https:\/\/api.w.org\/{rel}","templated":true}]}}