{"id":1384,"date":"2018-09-15T23:24:05","date_gmt":"2018-09-15T23:24:05","guid":{"rendered":"http:\/\/veda.polac.cz\/?page_id=1384"},"modified":"2018-10-27T18:59:55","modified_gmt":"2018-10-27T18:59:55","slug":"4-2-8","status":"publish","type":"page","link":"https:\/\/veda.polac.cz\/?page_id=1384","title":{"rendered":""},"content":{"rendered":"<p style=\"text-align: center;\">Resum\u00e9 \u010dl\u00e1nku<\/p>\n<p align=\"justify\"><strong>Pojmov\u00e9 vymezen\u00ed organizovan\u00e9ho zlo\u010dinu ve sv\u011bt\u011b a v \u010cesk\u00e9 republice<\/strong><br \/>\n<em>JUDr. Ing. Olga Vojt\u011bchovsk\u00e1<\/em><\/p>\n<p>\u010cl\u00e1nek je stru\u010dn\u00fdm shrnut\u00edm pojmov\u00e9ho vymezen\u00ed organizovan\u00e9ho zlo\u010dinu ve sv\u011bt\u011b a v \u010cesk\u00e9 republice. Akcentuje pojmov\u00e9 vymezen\u00ed organizovan\u00e9ho zlo\u010dinu v N\u011bmecku a v Polsku, zmi\u0148uje USA, Anglii a rovn\u011b\u017e pohled EU a OSN, v\u010detn\u011b pojmov\u00e9ho vymezen\u00ed pou\u017e\u00edvan\u00e9ho v \u010cesk\u00e9 republice. Vypo\u010d\u00edt\u00e1v\u00e1 zvl\u00e1\u0161\u0165 z\u00e1va\u017en\u00e9 formy mezin\u00e1rodn\u00ed kriminality podle EU a upozor\u0148uje na skute\u010dnost, \u017ee z pohledu EU mezi n\u011b nepat\u0159\u00ed terorismus. V z\u00e1v\u011bru \u010dl\u00e1nku jsou uvedeny dva p\u0159\u00edklady organizovan\u00e9ho zlo\u010dinu, t\u00fdkaj\u00edc\u00ed se obchodu s lidmi a po\u010d\u00edta\u010dov\u00e9ho organizovan\u00e9ho zlo\u010dinu.<br \/>\n<strong>Kl\u00ed\u010dov\u00e1 slova:\u00a0<\/strong>Finan\u010dn\u00ed kriminalita, obchod s lidmi, organizovan\u00fd zlo\u010din, organizovan\u00e1 kriminalita, organizovan\u00e1 hospod\u00e1\u0159sk\u00e1 kriminalita, organizovan\u00e1 obecn\u00e1 kriminalita, po\u010d\u00edta\u010dov\u00e1 kriminalita, pojmov\u00e9 vymezen\u00ed organizovan\u00e9ho zlo\u010dinu, terorismus, znaky organizovan\u00e9ho zlo\u010dinu, zvl\u00e1\u0161\u0165 z\u00e1va\u017en\u00e9 formy mezin\u00e1rodn\u00edho zlo\u010dinu.<i><br \/>\n<\/i><\/p>\n<p><a href=\"https:\/\/veda.polac.cz\/?page_id=1362\">01\/2011<\/a><\/p>\n","protected":false},"excerpt":{"rendered":"<p>Resum\u00e9 \u010dl\u00e1nku Pojmov\u00e9 vymezen\u00ed organizovan\u00e9ho zlo\u010dinu ve sv\u011bt\u011b a v \u010cesk\u00e9 republice JUDr. Ing. Olga Vojt\u011bchovsk\u00e1 \u010cl\u00e1nek je stru\u010dn\u00fdm shrnut\u00edm pojmov\u00e9ho vymezen\u00ed organizovan\u00e9ho zlo\u010dinu ve sv\u011bt\u011b a v \u010cesk\u00e9 republice. Akcentuje pojmov\u00e9 vymezen\u00ed organizovan\u00e9ho zlo\u010dinu v N\u011bmecku a v Polsku, zmi\u0148uje USA, Anglii a rovn\u011b\u017e pohled EU a OSN, v\u010detn\u011b pojmov\u00e9ho vymezen\u00ed pou\u017e\u00edvan\u00e9ho v \u010cesk\u00e9 [&hellip;]<\/p>\n","protected":false},"author":2,"featured_media":0,"parent":0,"menu_order":4,"comment_status":"closed","ping_status":"closed","template":"","meta":{"footnotes":""},"class_list":["post-1384","page","type-page","status-publish","hentry"],"_links":{"self":[{"href":"https:\/\/veda.polac.cz\/index.php?rest_route=\/wp\/v2\/pages\/1384","targetHints":{"allow":["GET"]}}],"collection":[{"href":"https:\/\/veda.polac.cz\/index.php?rest_route=\/wp\/v2\/pages"}],"about":[{"href":"https:\/\/veda.polac.cz\/index.php?rest_route=\/wp\/v2\/types\/page"}],"author":[{"embeddable":true,"href":"https:\/\/veda.polac.cz\/index.php?rest_route=\/wp\/v2\/users\/2"}],"replies":[{"embeddable":true,"href":"https:\/\/veda.polac.cz\/index.php?rest_route=%2Fwp%2Fv2%2Fcomments&post=1384"}],"version-history":[{"count":2,"href":"https:\/\/veda.polac.cz\/index.php?rest_route=\/wp\/v2\/pages\/1384\/revisions"}],"predecessor-version":[{"id":1417,"href":"https:\/\/veda.polac.cz\/index.php?rest_route=\/wp\/v2\/pages\/1384\/revisions\/1417"}],"wp:attachment":[{"href":"https:\/\/veda.polac.cz\/index.php?rest_route=%2Fwp%2Fv2%2Fmedia&parent=1384"}],"curies":[{"name":"wp","href":"https:\/\/api.w.org\/{rel}","templated":true}]}}