{"id":1363,"date":"2018-09-15T23:15:50","date_gmt":"2018-09-15T23:15:50","guid":{"rendered":"http:\/\/veda.polac.cz\/?page_id=1363"},"modified":"2018-11-02T20:44:44","modified_gmt":"2018-11-02T20:44:44","slug":"1-2-9","status":"publish","type":"page","link":"https:\/\/veda.polac.cz\/?page_id=1363","title":{"rendered":""},"content":{"rendered":"<p style=\"text-align: center;\">Resum\u00e9 \u010dl\u00e1nku<\/p>\n<p align=\"justify\"><strong>Hodnocen\u00ed p\u0159\u00edslu\u0161n\u00edk\u016f Policie \u010cesk\u00e9 republiky &#8211; v\u00fdstupy z v\u00fdzkumu realizovan\u00e9ho u studuj\u00edc\u00edch policist\u016f na PA \u010cR v Praze &#8211; 1. \u010d\u00e1st.<\/strong><br \/>\n<em>PhDr. Petr Jedin\u00e1k, Ph.D., Dr. Bc. J\u00e1n \u0160ug\u00e1r, CSc.<\/em><\/p>\n<p>P\u0159\u00edsp\u011bvek se zab\u00fdv\u00e1 lidsk\u00fdmi zdroji v sou\u010dasn\u00e9 Policii \u010cesk\u00e9 republiky. Ty by m\u011bly pat\u0159it mezi ty nejcenn\u011bj\u0161\u00ed zdroje, kter\u00e9 m\u00e1 policie k dispozici k zabezpe\u010den\u00ed stanoven\u00fdch \u00fakol\u016f. Jedn\u00e1 se o policisty, kte\u0159\u00ed p\u0159i v\u00fdkonu slu\u017eby odv\u00e1d\u00ed pracovn\u00ed v\u00fdkon, a to v rozd\u00edln\u00e9 kvalit\u011b. Z tohoto d\u016fvodu mus\u00ed b\u00fdt n\u00e1sledn\u011b za odveden\u00fd pracovn\u00ed v\u00fdkon jednotliv\u00ed policist\u00e9 hodnoceni. Toto hodnocen\u00ed mus\u00ed b\u00fdt prov\u00e1d\u011bno na z\u00e1klad\u011b stanoven\u00fdch metod. Od roku 2002 je v Policii \u010cR zaveden nov\u00fd syst\u00e9m hodnocen\u00ed policist\u016f, kter\u00fd se neust\u00e1le zdokonaluje a p\u0159izp\u016fsobuje nov\u00fdm podm\u00ednk\u00e1m tak, aby byl pro ka\u017ed\u00e9ho policistu srozumiteln\u00fd a p\u0159edev\u0161\u00edm vysoce motivuj\u00edc\u00ed v r\u00e1mci jeho profesn\u00ed kari\u00e9ry. V \u010dl\u00e1nku jsou uvedeny v\u00fdstupy z v\u00fdzkumu k hodnocen\u00ed policist\u016f, kter\u00fd prob\u011bhl na Policejn\u00ed akademii \u010cesk\u00e9 republiky v Praze.<br \/>\n<strong>Kl\u00ed\u010dov\u00e1 slova:<\/strong>\u00a0p\u0159\u00edslu\u0161n\u00edk Policie \u010cR, hodnocen\u00ed pracovn\u00edho v\u00fdkonu, slu\u017eebn\u00ed hodnocen\u00ed, metodika hodnocen\u00ed.<br \/>\n<i><br \/>\n<\/i><\/p>\n<p><a href=\"https:\/\/veda.polac.cz\/?page_id=1362\">01\/2011<\/a><\/p>\n","protected":false},"excerpt":{"rendered":"<p>Resum\u00e9 \u010dl\u00e1nku Hodnocen\u00ed p\u0159\u00edslu\u0161n\u00edk\u016f Policie \u010cesk\u00e9 republiky &#8211; v\u00fdstupy z v\u00fdzkumu realizovan\u00e9ho u studuj\u00edc\u00edch policist\u016f na PA \u010cR v Praze &#8211; 1. \u010d\u00e1st. PhDr. Petr Jedin\u00e1k, Ph.D., Dr. Bc. J\u00e1n \u0160ug\u00e1r, CSc. P\u0159\u00edsp\u011bvek se zab\u00fdv\u00e1 lidsk\u00fdmi zdroji v sou\u010dasn\u00e9 Policii \u010cesk\u00e9 republiky. Ty by m\u011bly pat\u0159it mezi ty nejcenn\u011bj\u0161\u00ed zdroje, kter\u00e9 m\u00e1 policie k dispozici [&hellip;]<\/p>\n","protected":false},"author":2,"featured_media":0,"parent":1362,"menu_order":1,"comment_status":"closed","ping_status":"closed","template":"","meta":{"footnotes":""},"class_list":["post-1363","page","type-page","status-publish","hentry"],"_links":{"self":[{"href":"https:\/\/veda.polac.cz\/index.php?rest_route=\/wp\/v2\/pages\/1363","targetHints":{"allow":["GET"]}}],"collection":[{"href":"https:\/\/veda.polac.cz\/index.php?rest_route=\/wp\/v2\/pages"}],"about":[{"href":"https:\/\/veda.polac.cz\/index.php?rest_route=\/wp\/v2\/types\/page"}],"author":[{"embeddable":true,"href":"https:\/\/veda.polac.cz\/index.php?rest_route=\/wp\/v2\/users\/2"}],"replies":[{"embeddable":true,"href":"https:\/\/veda.polac.cz\/index.php?rest_route=%2Fwp%2Fv2%2Fcomments&post=1363"}],"version-history":[{"count":3,"href":"https:\/\/veda.polac.cz\/index.php?rest_route=\/wp\/v2\/pages\/1363\/revisions"}],"predecessor-version":[{"id":1414,"href":"https:\/\/veda.polac.cz\/index.php?rest_route=\/wp\/v2\/pages\/1363\/revisions\/1414"}],"up":[{"embeddable":true,"href":"https:\/\/veda.polac.cz\/index.php?rest_route=\/wp\/v2\/pages\/1362"}],"wp:attachment":[{"href":"https:\/\/veda.polac.cz\/index.php?rest_route=%2Fwp%2Fv2%2Fmedia&parent=1363"}],"curies":[{"name":"wp","href":"https:\/\/api.w.org\/{rel}","templated":true}]}}