{"id":1354,"date":"2018-09-15T23:00:21","date_gmt":"2018-09-15T23:00:21","guid":{"rendered":"http:\/\/veda.polac.cz\/?page_id=1354"},"modified":"2018-10-27T19:01:54","modified_gmt":"2018-10-27T19:01:54","slug":"11-2","status":"publish","type":"page","link":"https:\/\/veda.polac.cz\/?page_id=1354","title":{"rendered":""},"content":{"rendered":"<p style=\"text-align: center;\">Resum\u00e9 \u010dl\u00e1nku<\/p>\n<p><strong>Rekruta\u010dn\u00ed praktiky sekt a kult\u016f: uveden\u00ed do problematiky<\/strong><br \/>\n<i>PhDr. Josef Smol\u00edk, Ph.D.<\/p>\n<p><\/i>Tento teoretick\u00fd p\u0159\u00edsp\u011bvek p\u0159edstavil z\u00e1kladn\u00ed terminologii (sekta, kult, fundamentalismus) a popsal obecn\u00e9 charakteristiky sekt a kult\u016f. D\u00e1le byly pops\u00e1ny vybran\u00e9 motivy pro vstup do sekt a kult\u016f. Rovn\u011b\u017e byly p\u0159edstaveny typick\u00e9 znaky a rysy sekt podle vybran\u00fdch autor\u016f. Nejpodstatn\u011bj\u0161\u00ed \u010d\u00e1st se v\u0161ak zam\u011b\u0159ila na konkr\u00e9tn\u00ed rekruta\u010dn\u00ed praktiky sekt, p\u0159i\u010dem\u017e se zam\u011b\u0159ila na konkr\u00e9tn\u00ed postupy a strategie z\u00edsk\u00e1v\u00e1n\u00ed nov\u00fdch stoupenc\u016f. Z\u00e1v\u011bre\u010dn\u00e1 \u010d\u00e1st textu se zam\u011b\u0159ila na popis aktivit Policie \u010cR v t\u00e9to oblasti, tak aby do\u0161lo k eliminaci p\u0159\u00edpadn\u00e9ho vlivu sekt a kult\u016f na \u00fazem\u00ed \u010cR.<br \/>\n<strong>Kl\u00ed\u010dov\u00e1 slova:<\/strong>\u00a0sekty, n\u00e1bo\u017eenstv\u00ed, n\u00e1sil\u00ed, rekrutace, fanatismus, p\u0159esv\u011bd\u010dov\u00e1n\u00ed.<\/p>\n<p><a href=\"https:\/\/veda.polac.cz\/?page_id=1332\">02\/2011<\/a><\/p>\n","protected":false},"excerpt":{"rendered":"<p>Resum\u00e9 \u010dl\u00e1nku Rekruta\u010dn\u00ed praktiky sekt a kult\u016f: uveden\u00ed do problematiky PhDr. Josef Smol\u00edk, Ph.D. Tento teoretick\u00fd p\u0159\u00edsp\u011bvek p\u0159edstavil z\u00e1kladn\u00ed terminologii (sekta, kult, fundamentalismus) a popsal obecn\u00e9 charakteristiky sekt a kult\u016f. D\u00e1le byly pops\u00e1ny vybran\u00e9 motivy pro vstup do sekt a kult\u016f. Rovn\u011b\u017e byly p\u0159edstaveny typick\u00e9 znaky a rysy sekt podle vybran\u00fdch autor\u016f. Nejpodstatn\u011bj\u0161\u00ed \u010d\u00e1st se [&hellip;]<\/p>\n","protected":false},"author":2,"featured_media":0,"parent":1332,"menu_order":11,"comment_status":"closed","ping_status":"closed","template":"","meta":{"footnotes":""},"class_list":["post-1354","page","type-page","status-publish","hentry"],"_links":{"self":[{"href":"https:\/\/veda.polac.cz\/index.php?rest_route=\/wp\/v2\/pages\/1354","targetHints":{"allow":["GET"]}}],"collection":[{"href":"https:\/\/veda.polac.cz\/index.php?rest_route=\/wp\/v2\/pages"}],"about":[{"href":"https:\/\/veda.polac.cz\/index.php?rest_route=\/wp\/v2\/types\/page"}],"author":[{"embeddable":true,"href":"https:\/\/veda.polac.cz\/index.php?rest_route=\/wp\/v2\/users\/2"}],"replies":[{"embeddable":true,"href":"https:\/\/veda.polac.cz\/index.php?rest_route=%2Fwp%2Fv2%2Fcomments&post=1354"}],"version-history":[{"count":2,"href":"https:\/\/veda.polac.cz\/index.php?rest_route=\/wp\/v2\/pages\/1354\/revisions"}],"predecessor-version":[{"id":1369,"href":"https:\/\/veda.polac.cz\/index.php?rest_route=\/wp\/v2\/pages\/1354\/revisions\/1369"}],"up":[{"embeddable":true,"href":"https:\/\/veda.polac.cz\/index.php?rest_route=\/wp\/v2\/pages\/1332"}],"wp:attachment":[{"href":"https:\/\/veda.polac.cz\/index.php?rest_route=%2Fwp%2Fv2%2Fmedia&parent=1354"}],"curies":[{"name":"wp","href":"https:\/\/api.w.org\/{rel}","templated":true}]}}