{"id":1340,"date":"2018-09-15T22:54:01","date_gmt":"2018-09-15T22:54:01","guid":{"rendered":"http:\/\/veda.polac.cz\/?page_id=1340"},"modified":"2018-10-27T18:59:42","modified_gmt":"2018-10-27T18:59:42","slug":"4-2-7","status":"publish","type":"page","link":"https:\/\/veda.polac.cz\/?page_id=1340","title":{"rendered":""},"content":{"rendered":"<p style=\"text-align: center;\">Resum\u00e9 \u010dl\u00e1nku<\/p>\n<p><strong>Forenzn\u00ed posuzov\u00e1n\u00ed expartner stalkingu<\/strong><br \/>\n<i>doc. PhDr. Ludmila \u010c\u00edrtkov\u00e1, CSc.<\/p>\n<p><\/i>\u010cl\u00e1nek pojedn\u00e1v\u00e1 o specifick\u00e9 variant\u011b nebezpe\u010dn\u00e9ho pron\u00e1sledov\u00e1n\u00ed, kter\u00e9 je reakc\u00ed na kolaps intimn\u00edho partnersk\u00e9ho vztahu. Autorka rozli\u0161uje mezi komplikovan\u00fdmi rozchody a expartner stalkingem. Diskutuje mo\u017enosti predikce z\u00e1va\u017en\u00fdch p\u0159\u00edpad\u016f spojen\u00fdch s hrozbou excesivn\u00edho n\u00e1sil\u00ed v\u016f\u010di odch\u00e1zej\u00edc\u00ed partnerce.<br \/>\n<strong>Kl\u00ed\u010dov\u00e1 slova:<\/strong>\u00a0expartner stalking, predikce n\u00e1sil\u00ed, rizikov\u00e9 faktory, principy intervence.<\/p>\n<p><a href=\"https:\/\/veda.polac.cz\/?page_id=1332\">02\/2011<\/a><\/p>\n","protected":false},"excerpt":{"rendered":"<p>Resum\u00e9 \u010dl\u00e1nku Forenzn\u00ed posuzov\u00e1n\u00ed expartner stalkingu doc. PhDr. Ludmila \u010c\u00edrtkov\u00e1, CSc. \u010cl\u00e1nek pojedn\u00e1v\u00e1 o specifick\u00e9 variant\u011b nebezpe\u010dn\u00e9ho pron\u00e1sledov\u00e1n\u00ed, kter\u00e9 je reakc\u00ed na kolaps intimn\u00edho partnersk\u00e9ho vztahu. Autorka rozli\u0161uje mezi komplikovan\u00fdmi rozchody a expartner stalkingem. Diskutuje mo\u017enosti predikce z\u00e1va\u017en\u00fdch p\u0159\u00edpad\u016f spojen\u00fdch s hrozbou excesivn\u00edho n\u00e1sil\u00ed v\u016f\u010di odch\u00e1zej\u00edc\u00ed partnerce. Kl\u00ed\u010dov\u00e1 slova:\u00a0expartner stalking, predikce n\u00e1sil\u00ed, rizikov\u00e9 faktory, principy [&hellip;]<\/p>\n","protected":false},"author":2,"featured_media":0,"parent":0,"menu_order":4,"comment_status":"closed","ping_status":"closed","template":"","meta":{"footnotes":""},"class_list":["post-1340","page","type-page","status-publish","hentry"],"_links":{"self":[{"href":"https:\/\/veda.polac.cz\/index.php?rest_route=\/wp\/v2\/pages\/1340","targetHints":{"allow":["GET"]}}],"collection":[{"href":"https:\/\/veda.polac.cz\/index.php?rest_route=\/wp\/v2\/pages"}],"about":[{"href":"https:\/\/veda.polac.cz\/index.php?rest_route=\/wp\/v2\/types\/page"}],"author":[{"embeddable":true,"href":"https:\/\/veda.polac.cz\/index.php?rest_route=\/wp\/v2\/users\/2"}],"replies":[{"embeddable":true,"href":"https:\/\/veda.polac.cz\/index.php?rest_route=%2Fwp%2Fv2%2Fcomments&post=1340"}],"version-history":[{"count":2,"href":"https:\/\/veda.polac.cz\/index.php?rest_route=\/wp\/v2\/pages\/1340\/revisions"}],"predecessor-version":[{"id":1375,"href":"https:\/\/veda.polac.cz\/index.php?rest_route=\/wp\/v2\/pages\/1340\/revisions\/1375"}],"wp:attachment":[{"href":"https:\/\/veda.polac.cz\/index.php?rest_route=%2Fwp%2Fv2%2Fmedia&parent=1340"}],"curies":[{"name":"wp","href":"https:\/\/api.w.org\/{rel}","templated":true}]}}