{"id":1330,"date":"2018-09-15T22:51:18","date_gmt":"2018-09-15T22:51:18","guid":{"rendered":"http:\/\/veda.polac.cz\/?page_id=1330"},"modified":"2018-11-02T20:44:14","modified_gmt":"2018-11-02T20:44:14","slug":"1-2-8","status":"publish","type":"page","link":"https:\/\/veda.polac.cz\/?page_id=1330","title":{"rendered":""},"content":{"rendered":"<p style=\"text-align: center;\">Resum\u00e9 \u010dl\u00e1nku<\/p>\n<p><strong>N\u011bkter\u00e9 ot\u00e1zky po\u0159izov\u00e1n\u00ed podobizen nebo obrazov\u00fdch z\u00e1znam\u016f policist\u016f p\u0159i v\u00fdkonu slu\u017eby<\/strong><br \/>\n<i>prof. JUDr. Vladim\u00edr Plecit\u00fd, CSc.<\/i><\/p>\n<p>Autor se v \u010dl\u00e1nku zab\u00fdv\u00e1 problematikou ochrany osobnosti v souvislosti se zve\u0159ejn\u011bn\u00edm podobizny nebo obrazov\u00e9ho z\u00e1znamu. S rozvojem internetu a dal\u0161\u00edch soci\u00e1ln\u00edch s\u00edti se mo\u017enost a nebezpe\u010d\u00ed zve\u0159ej\u0148ov\u00e1n\u00ed obrazov\u00fdch z\u00e1znam\u016f zv\u011bt\u0161uje. \u010cl\u00e1nek se zam\u011b\u0159uje zejm\u00e9na na problematiku z\u00e1znamu z\u00e1sahu policist\u016f \u010di jedn\u00e1n\u00ed policist\u016f p\u0159i v\u00fdkonu slu\u017eby. Autor hodnot\u00ed tuto problematiku z hlediska sou\u010dasn\u00e9 pr\u00e1vn\u00ed \u00fapravy ochrany osobnosti v ob\u010dansk\u00e9m z\u00e1kon\u00edku. Tak jako o u ka\u017ed\u00e9ho jednotlivce i v p\u0159\u00edpad\u011b policisty, se specifick\u00fdm postaven\u00edm ve\u0159ejn\u00e9 osoby, jde o neopr\u00e1vn\u011bn\u00fd z\u00e1sah do v\u0161eobecn\u00e9ho osobnostn\u00edho pr\u00e1va zpodoben\u00fdch osob.<br \/>\n<strong>Kl\u00ed\u010dov\u00e1 slova:<\/strong>\u00a0ochrana osobnosti, ob\u010dansk\u00fd z\u00e1kon\u00edk, obrazov\u00e9 z\u00e1znamy, videa, Policie \u010cR.<br \/>\n<i><br \/>\n<\/i><\/p>\n<p><a href=\"https:\/\/veda.polac.cz\/?page_id=1332\">02\/2011<\/a><\/p>\n","protected":false},"excerpt":{"rendered":"<p>Resum\u00e9 \u010dl\u00e1nku N\u011bkter\u00e9 ot\u00e1zky po\u0159izov\u00e1n\u00ed podobizen nebo obrazov\u00fdch z\u00e1znam\u016f policist\u016f p\u0159i v\u00fdkonu slu\u017eby prof. JUDr. Vladim\u00edr Plecit\u00fd, CSc. Autor se v \u010dl\u00e1nku zab\u00fdv\u00e1 problematikou ochrany osobnosti v souvislosti se zve\u0159ejn\u011bn\u00edm podobizny nebo obrazov\u00e9ho z\u00e1znamu. S rozvojem internetu a dal\u0161\u00edch soci\u00e1ln\u00edch s\u00edti se mo\u017enost a nebezpe\u010d\u00ed zve\u0159ej\u0148ov\u00e1n\u00ed obrazov\u00fdch z\u00e1znam\u016f zv\u011bt\u0161uje. \u010cl\u00e1nek se zam\u011b\u0159uje zejm\u00e9na na problematiku [&hellip;]<\/p>\n","protected":false},"author":2,"featured_media":0,"parent":1332,"menu_order":1,"comment_status":"closed","ping_status":"closed","template":"","meta":{"footnotes":""},"class_list":["post-1330","page","type-page","status-publish","hentry"],"_links":{"self":[{"href":"https:\/\/veda.polac.cz\/index.php?rest_route=\/wp\/v2\/pages\/1330","targetHints":{"allow":["GET"]}}],"collection":[{"href":"https:\/\/veda.polac.cz\/index.php?rest_route=\/wp\/v2\/pages"}],"about":[{"href":"https:\/\/veda.polac.cz\/index.php?rest_route=\/wp\/v2\/types\/page"}],"author":[{"embeddable":true,"href":"https:\/\/veda.polac.cz\/index.php?rest_route=\/wp\/v2\/users\/2"}],"replies":[{"embeddable":true,"href":"https:\/\/veda.polac.cz\/index.php?rest_route=%2Fwp%2Fv2%2Fcomments&post=1330"}],"version-history":[{"count":3,"href":"https:\/\/veda.polac.cz\/index.php?rest_route=\/wp\/v2\/pages\/1330\/revisions"}],"predecessor-version":[{"id":1372,"href":"https:\/\/veda.polac.cz\/index.php?rest_route=\/wp\/v2\/pages\/1330\/revisions\/1372"}],"up":[{"embeddable":true,"href":"https:\/\/veda.polac.cz\/index.php?rest_route=\/wp\/v2\/pages\/1332"}],"wp:attachment":[{"href":"https:\/\/veda.polac.cz\/index.php?rest_route=%2Fwp%2Fv2%2Fmedia&parent=1330"}],"curies":[{"name":"wp","href":"https:\/\/api.w.org\/{rel}","templated":true}]}}