{"id":1304,"date":"2018-09-15T22:33:35","date_gmt":"2018-09-15T22:33:35","guid":{"rendered":"http:\/\/veda.polac.cz\/?page_id=1304"},"modified":"2018-10-27T18:59:42","modified_gmt":"2018-10-27T18:59:42","slug":"9-2-5","status":"publish","type":"page","link":"https:\/\/veda.polac.cz\/?page_id=1304","title":{"rendered":""},"content":{"rendered":"<p style=\"text-align: center;\">Resum\u00e9 \u010dl\u00e1nku<\/p>\n<p><strong>Fotbalov\u00e9 chulig\u00e1nstv\u00ed v zem\u00edch Visegradsk\u00e9 \u010dty\u0159ky\u00a0<\/strong><br \/>\n<i>PhDr. Josef Smol\u00edk, Ph.D.<\/p>\n<p><\/i>Tento \u010dl\u00e1nek se zab\u00fdv\u00e1 popisem fotbalov\u00e9ho chulig\u00e1nstv\u00ed v zem\u00edch Visegr\u00e1dsk\u00e9 skupiny (\u010cR, Slovensko, Polsko, Ma\u010farsko). Text popisuje historii tohoto fenom\u00e9nu ve st\u0159edn\u00ed Evrop\u011b v kontextu nast\u00e1vaj\u00edc\u00edho Mistrovstv\u00ed Evropy v roce 2012. Ve stru\u010dnosti jsou pops\u00e1ny jednotliv\u00e9 chulig\u00e1nsk\u00e9 skupiny, z\u00e1kladn\u00ed charakteristiky, vztahy a projevy t\u011bchto skupin. V z\u00e1v\u011bre\u010dn\u00e9 \u010d\u00e1sti p\u0159\u00edsp\u011bvku jsou pops\u00e1ni jednotliv\u00ed akt\u00e9\u0159i participuj\u00edc\u00ed na potla\u010dov\u00e1n\u00ed fotbalov\u00e9ho chulig\u00e1nstv\u00ed, v\u010detn\u011b legislativn\u00edch postup\u016f vych\u00e1zej\u00edc\u00edch z Evropsk\u00e9 \u00famluvy. V samotn\u00e9m z\u00e1v\u011bru je diskutov\u00e1na i policejn\u00ed spolupr\u00e1ce p\u0159i kon\u00e1n\u00ed velk\u00fdch fotbalov\u00fdch \u0161ampion\u00e1t\u016f.<br \/>\n<strong>Kl\u00ed\u010dov\u00e1 slova:<\/strong>\u00a0fotbalov\u00e9 chulig\u00e1nstv\u00ed, n\u00e1sil\u00ed, mistrovstv\u00ed Evropy, bezpe\u010dnost, spolupr\u00e1ce.<\/p>\n<p><a href=\"https:\/\/veda.polac.cz\/?page_id=1271\">03\/2011<\/a><\/p>\n","protected":false},"excerpt":{"rendered":"<p>Resum\u00e9 \u010dl\u00e1nku Fotbalov\u00e9 chulig\u00e1nstv\u00ed v zem\u00edch Visegradsk\u00e9 \u010dty\u0159ky\u00a0 PhDr. Josef Smol\u00edk, Ph.D. Tento \u010dl\u00e1nek se zab\u00fdv\u00e1 popisem fotbalov\u00e9ho chulig\u00e1nstv\u00ed v zem\u00edch Visegr\u00e1dsk\u00e9 skupiny (\u010cR, Slovensko, Polsko, Ma\u010farsko). Text popisuje historii tohoto fenom\u00e9nu ve st\u0159edn\u00ed Evrop\u011b v kontextu nast\u00e1vaj\u00edc\u00edho Mistrovstv\u00ed Evropy v roce 2012. Ve stru\u010dnosti jsou pops\u00e1ny jednotliv\u00e9 chulig\u00e1nsk\u00e9 skupiny, z\u00e1kladn\u00ed charakteristiky, vztahy a projevy [&hellip;]<\/p>\n","protected":false},"author":2,"featured_media":0,"parent":0,"menu_order":9,"comment_status":"closed","ping_status":"closed","template":"","meta":{"footnotes":""},"class_list":["post-1304","page","type-page","status-publish","hentry"],"_links":{"self":[{"href":"https:\/\/veda.polac.cz\/index.php?rest_route=\/wp\/v2\/pages\/1304","targetHints":{"allow":["GET"]}}],"collection":[{"href":"https:\/\/veda.polac.cz\/index.php?rest_route=\/wp\/v2\/pages"}],"about":[{"href":"https:\/\/veda.polac.cz\/index.php?rest_route=\/wp\/v2\/types\/page"}],"author":[{"embeddable":true,"href":"https:\/\/veda.polac.cz\/index.php?rest_route=\/wp\/v2\/users\/2"}],"replies":[{"embeddable":true,"href":"https:\/\/veda.polac.cz\/index.php?rest_route=%2Fwp%2Fv2%2Fcomments&post=1304"}],"version-history":[{"count":2,"href":"https:\/\/veda.polac.cz\/index.php?rest_route=\/wp\/v2\/pages\/1304\/revisions"}],"predecessor-version":[{"id":1322,"href":"https:\/\/veda.polac.cz\/index.php?rest_route=\/wp\/v2\/pages\/1304\/revisions\/1322"}],"wp:attachment":[{"href":"https:\/\/veda.polac.cz\/index.php?rest_route=%2Fwp%2Fv2%2Fmedia&parent=1304"}],"curies":[{"name":"wp","href":"https:\/\/api.w.org\/{rel}","templated":true}]}}