{"id":1293,"date":"2018-09-15T22:24:51","date_gmt":"2018-09-15T22:24:51","guid":{"rendered":"http:\/\/veda.polac.cz\/?page_id=1293"},"modified":"2018-10-27T18:59:42","modified_gmt":"2018-10-27T18:59:42","slug":"4-2-6","status":"publish","type":"page","link":"https:\/\/veda.polac.cz\/?page_id=1293","title":{"rendered":""},"content":{"rendered":"<p style=\"text-align: center;\">Resum\u00e9 \u010dl\u00e1nku<\/p>\n<p><strong>Otazn\u00edky na cest\u011b soudob\u00e9ho etick\u00e9ho my\u0161len\u00ed<\/strong><br \/>\n<i>PhDr. Petr Nesvadba, CSc.<\/i><\/p>\n<p>Autor klade ot\u00e1zky, t\u00fdkaj\u00edc\u00ed se dal\u0161\u00edho sm\u011b\u0159ov\u00e1n\u00ed soudob\u00e9ho z\u00e1padn\u00edho etick\u00e9ho my\u0161len\u00ed. Soud\u00ed, \u017ee v epo\u0161e rozpadu velk\u00fdch legitimuj\u00edc\u00edch p\u0159\u00edb\u011bh\u016f nen\u00ed t\u0159eba propadat pesimismu; jednak dosavadn\u00ed &#8222;klasick\u00e9&#8220; etick\u00e1 paradigmata z\u016fst\u00e1vaj\u00ed v platnosti (i kdy\u017e padly jejich univerzalizuj\u00edc\u00ed n\u00e1roky), jednak se objevuje \u0159ada mo\u017en\u00fdch p\u0159\u00edstup\u016f nov\u00fdch. Podle jeho n\u00e1zoru je t\u0159eba v\u011bnovat pozornost zejm\u00e9na perspektiv\u00e1m situa\u010dn\u00ed etiky, ale navrhuje propojit jej\u00ed \u00fast\u0159edn\u00ed my\u0161lenku s n\u00e1roky, kter\u00e9 vzn\u00e1\u0161\u00ed komunikativn\u00ed etika Habermasova, a s principem &#8222;odpov\u011bdnosti za druh\u00e9ho&#8220;, kter\u00fd zformuloval p\u0159edev\u0161\u00edm Emmanuel L\u00e9vinas.<br \/>\n<strong>Kl\u00ed\u010dov\u00e1 slova:<\/strong>\u00a0Etika, filosofie, komunikace, kontexty, legitimita, odpov\u011bdnost, porozum\u011bn\u00ed, situa\u010dn\u00ed etika.<\/p>\n<p><a href=\"https:\/\/veda.polac.cz\/?page_id=1271\">03\/2011<\/a><\/p>\n","protected":false},"excerpt":{"rendered":"<p>Resum\u00e9 \u010dl\u00e1nku Otazn\u00edky na cest\u011b soudob\u00e9ho etick\u00e9ho my\u0161len\u00ed PhDr. Petr Nesvadba, CSc. Autor klade ot\u00e1zky, t\u00fdkaj\u00edc\u00ed se dal\u0161\u00edho sm\u011b\u0159ov\u00e1n\u00ed soudob\u00e9ho z\u00e1padn\u00edho etick\u00e9ho my\u0161len\u00ed. Soud\u00ed, \u017ee v epo\u0161e rozpadu velk\u00fdch legitimuj\u00edc\u00edch p\u0159\u00edb\u011bh\u016f nen\u00ed t\u0159eba propadat pesimismu; jednak dosavadn\u00ed &#8222;klasick\u00e9&#8220; etick\u00e1 paradigmata z\u016fst\u00e1vaj\u00ed v platnosti (i kdy\u017e padly jejich univerzalizuj\u00edc\u00ed n\u00e1roky), jednak se objevuje \u0159ada mo\u017en\u00fdch p\u0159\u00edstup\u016f [&hellip;]<\/p>\n","protected":false},"author":2,"featured_media":0,"parent":0,"menu_order":4,"comment_status":"closed","ping_status":"closed","template":"","meta":{"footnotes":""},"class_list":["post-1293","page","type-page","status-publish","hentry"],"_links":{"self":[{"href":"https:\/\/veda.polac.cz\/index.php?rest_route=\/wp\/v2\/pages\/1293","targetHints":{"allow":["GET"]}}],"collection":[{"href":"https:\/\/veda.polac.cz\/index.php?rest_route=\/wp\/v2\/pages"}],"about":[{"href":"https:\/\/veda.polac.cz\/index.php?rest_route=\/wp\/v2\/types\/page"}],"author":[{"embeddable":true,"href":"https:\/\/veda.polac.cz\/index.php?rest_route=\/wp\/v2\/users\/2"}],"replies":[{"embeddable":true,"href":"https:\/\/veda.polac.cz\/index.php?rest_route=%2Fwp%2Fv2%2Fcomments&post=1293"}],"version-history":[{"count":3,"href":"https:\/\/veda.polac.cz\/index.php?rest_route=\/wp\/v2\/pages\/1293\/revisions"}],"predecessor-version":[{"id":1317,"href":"https:\/\/veda.polac.cz\/index.php?rest_route=\/wp\/v2\/pages\/1293\/revisions\/1317"}],"wp:attachment":[{"href":"https:\/\/veda.polac.cz\/index.php?rest_route=%2Fwp%2Fv2%2Fmedia&parent=1293"}],"curies":[{"name":"wp","href":"https:\/\/api.w.org\/{rel}","templated":true}]}}